000
CXUS56 KMTR 011000
CF6SFO
PRELIMINARY LOCAL CLIMATOLOGICAL DATA (WS FORM: F-6)
STATION: SAN FRANCISCO AIRPORT
MONTH: FEBRUARY
YEAR: 2020
LATITUDE: 37 37 N
LONGITUDE: 122 23 W
TEMPERATURE IN F: :PCPN: SNOW: WIND :SUNSHINE: SKY :PK WND
================================================================================
1 2 3 4 5 6A 6B 7 8 9 10 11 12 13 14 15 16 17 18
12Z AVG MX 2MIN
DY MAX MIN AVG DEP HDD CDD WTR SNW DPTH SPD SPD DIR MIN PSBL S-S WX SPD DR
================================================================================
1 65 47 56 4 9 0 0.00 0.0 0 8.4 23 280 M M 4 128 26 280
2 56 44 50 -2 15 0 0.00 0.0 0 21.8 36 290 M M 5 18 45 290
3 56 38 47 -5 18 0 0.00 0.0 0 11.7 23 350 M M 1 28 330
4 56 44 50 -2 15 0 0.00 0.0 0 10.9 29 350 M M 3 33 350
5 62 39 51 -1 14 0 0.00 0.0 0 5.6 22 280 M M 3 18 25 280
6 65 44 55 3 10 0 0.00 0.0 0 4.6 16 280 M M 1 18 21 290
7 64 44 54 2 11 0 0.00 0.0 0 8.4 24 280 M M 4 128 27 280
8 60 45 53 1 12 0 0.00 0.0 0 10.5 23 270 M M 2 18 26 280
9 61 45 53 1 12 0 0.00 0.0 0 22.4 39 20 M M 1 8 46 10
10 72 48 60 8 5 0 0.00 0.0 0 5.3 22 350 M M 0 8 24 350
11 74 48 61 8 4 0 0.00 0.0 0 4.1 14 280 M M 1 8 17 280
12 66 47 57 4 8 0 0.00 0.0 0 6.9 21 280 M M 2 18 25 280
13 56 44 50 -3 15 0 0.00 0.0 0 7.1 21 270 M M 6 18 25 270
14 61 47 54 1 11 0 0.00 0.0 0 6.7 21 280 M M 5 8 23 280
15 61 44 53 0 12 0 0.00 0.0 0 8.6 20 270 M M 4 8 23 280
16 60 50 55 2 10 0 0.00 0.0 0 15.5 25 270 M M 6 8 31 270
17 71 44 58 5 7 0 0.00 0.0 0 5.4 20 280 M M 5 18 23 280
18 67 49 58 5 7 0 0.00 0.0 0 8.1 20 270 M M 4 18 23 280
19 65 44 55 2 10 0 0.00 0.0 0 6.9 16 280 M M 2 18 19 290
20 66 45 56 2 9 0 0.00 0.0 0 4.1 13 280 M M 5 8 14 280
21 70 49 60 6 5 0 0.00 0.0 0 5.0 15 280 M M 6 8 18 300
22 61 51 56 2 9 0 0.00 0.0 0 13.0 24 270 M M 6 8 28 270
23 59 50 55 1 10 0 0.00 0.0 0 16.6 25 260 M M 7 8 32 270
24 69 44 57 3 8 0 0.00 0.0 0 7.2 24 270 M M 3 18 26 280
25 76 47 62 8 3 0 0.00 0.0 0 4.4 16 290 M M 1 8 17 290
26 73 49 61 7 4 0 0.00 0.0 0 4.9 14 280 M M 2 8 15 290
27 76 49 63 9 2 0 0.00 0.0 0 3.1 15 280 M M 5 8 17 290
28 67 50 59 5 6 0 0.00 0.0 0 8.4 26 280 M M 7 18 30 280
29 57 49 53 -1 12 0 0.00 0.0 0 25.3 40 270 M M 5 8 48 270
================================================================================
SM 1872 1338 273 0 0.00 0.0 270.9 M 106
================================================================================
AV 64.6 46.1 9.3 FASTST M M 4 MAX(MPH)
MISC ----> # 40 270 # 48 270
================================================================================
NOTES:
# LAST OF SEVERAL OCCURRENCES
COLUMN 17 PEAK WIND IN M.P.H.
PRELIMINARY LOCAL CLIMATOLOGICAL DATA (WS FORM: F-6) , PAGE 2
STATION: SAN FRANCISCO AIRPORT
MONTH: FEBRUARY
YEAR: 2020
LATITUDE: 37 37 N
LONGITUDE: 122 23 W
[TEMPERATURE DATA] [PRECIPITATION DATA] SYMBOLS USED IN COLUMN 16
AVERAGE MONTHLY: 55.3 TOTAL FOR MONTH: 0.00 1 = FOG OR MIST
DPTR FM NORMAL: 2.4 DPTR FM NORMAL: -4.06 2 = FOG REDUCING VISIBILITY
HIGHEST: 76 ON 27,25 GRTST 24HR 0.00 ON 29-29 TO 1/4 MILE OR LESS
LOWEST: 38 ON 3 3 = THUNDER
SNOW, ICE PELLETS, HAIL 4 = ICE PELLETS
TOTAL MONTH: 0.0 INCH 5 = HAIL
GRTST 24HR 0.0 6 = FREEZING RAIN OR DRIZZLE
GRTST DEPTH: 0 7 = DUSTSTORM OR SANDSTORM:
VSBY 1/2 MILE OR LESS
8 = SMOKE OR HAZE
[NO. OF DAYS WITH] [WEATHER - DAYS WITH] 9 = BLOWING SNOW
X = TORNADO
MAX 32 OR BELOW: 0 0.01 INCH OR MORE: 0
MAX 90 OR ABOVE: 0 0.10 INCH OR MORE: 0
MIN 32 OR BELOW: 0 0.50 INCH OR MORE: 0
MIN 0 OR BELOW: 0 1.00 INCH OR MORE: 0
[HDD (BASE 65) ]
TOTAL THIS MO. 273 CLEAR (SCALE 0-3) 12
DPTR FM NORMAL -66 PTCLDY (SCALE 4-7) 17
TOTAL FM JUL 1 1381 CLOUDY (SCALE 8-10) 0
DPTR FM NORMAL -436
[CDD (BASE 65) ]
TOTAL THIS MO. 0
DPTR FM NORMAL 0 [PRESSURE DATA]
TOTAL FM JAN 1 0 HIGHEST SLP M ON M
DPTR FM NORMAL 0 LOWEST SLP 29.93 ON 22
[REMARKS]
#FINAL-02-20#