000
CXUS53 KSGF 010710
CF6SGF
PRELIMINARY LOCAL CLIMATOLOGICAL DATA (WS FORM: F-6)
STATION: SPRINGFIELD MO
MONTH: MAY
YEAR: 2022
LATITUDE: 37 13 N
LONGITUDE: 93 23 W
TEMPERATURE IN F: :PCPN: SNOW: WIND :SUNSHINE: SKY :PK WND
================================================================================
1 2 3 4 5 6A 6B 7 8 9 10 11 12 13 14 15 16 17 18
12Z AVG MX 2MIN
DY MAX MIN AVG DEP HDD CDD WTR SNW DPTH SPD SPD DIR MIN PSBL S-S WX SPD DR
================================================================================
1 70 50 60 -1 5 0 0.00 0.0 0 7.0 17 290 M M 0 25 280
2 64 49 57 -5 8 0 0.75 0.0 0 15.1 32 150 M M 6 13 44 160
3 62 47 55 -7 10 0 T 0.0 0 10.2 20 280 M M 10 1 28 290
4 55 49 52 -10 13 0 1.92 0.0 0 10.2 23 130 M M 10 13 28 130
5 68 54 61 -2 4 0 2.18 0.0 0 8.2 24 90 M M 7 13 29 100
6 66 51 59 -4 6 0 0.20 0.0 0 9.7 20 350 M M 7 1 25 360
7 75 49 62 -1 3 0 0.00 0.0 0 8.4 21 150 M M 0 30 150
8 78 58 68 4 0 3 0.00 0.0 0 20.1 36 140 M M 2 46 150
9 87 67 77 13 0 12 0.00 0.0 0 18.0 29 190 M M 1 38 180
10 86 71 79 15 0 14 0.00 0.0 0 11.5 22 190 M M 3 30 200
11 89 68 79 15 0 14 0.00 0.0 0 9.4 20 150 M M 0 27 160
12 90 64 77 12 0 12 0.00 0.0 0 7.8 16 180 M M 0 20 180
13 87 64 76 11 0 11 0.00 0.0 0 6.7 16 350 M M 1 21 80
14 87 63 75 10 0 10 0.00 0.0 0 6.5 21 140 M M 1 27 150
15 79 60 70 4 0 5 0.05 0.0 0 6.7 22 360 M M 3 13 29 360
16 78 51 65 -1 0 0 0.00 0.0 0 3.4 10 40 M M 0 1 15 50
17 80 55 68 2 0 3 T 0.0 0 12.0 25 180 M M 1 32 160
18 85 62 74 8 0 9 0.28 0.0 0 6.2 23 300 M M 2 13 37 290
19 82 65 74 7 0 9 0.97 0.0 0 8.0 22 310 M M 4 13 32 320
20 86 65 76 9 0 11 0.02 0.0 0 14.3 26 190 M M 3 3 37 170
21 65 52 59 -9 6 0 1.63 0.0 0 11.5 35 320 M M 9 13 50 310
22 61 46 54 -14 11 0 0.00 0.0 0 9.2 17 50 M M 4 22 40
23 62 48 55 -13 10 0 T 0.0 0 7.5 17 90 M M 9 26 80
24 65 57 61 -7 4 0 0.69 0.0 0 11.9 20 140 M M 9 1 27 120
25 73 55 64 -5 1 0 0.32 0.0 0 12.4 31 210 M M 9 1 43 200
26 60 53 57 -12 8 0 0.48 0.0 0 9.5 18 280 M M 9 1 28 260
27 75 50 63 -6 2 0 0.00 0.0 0 8.3 20 320 M M 3 28 320
28 79 55 67 -3 0 2 0.00 0.0 0 13.9 22 150 M M 0 30 150
29 88 65 77 7 0 12 0.00 0.0 0 21.6 29 150 M M 0 45 150
30 85 68 77 7 0 12 0.00 0.0 0 18.0 28 180 M M 3 38 170
31 83 71 77 6 0 12 0.00 0.0 0 12.1 22 190 M M 4 32 170
================================================================================
SM 2350 1782 91 151 9.49 0.0 335.3 M 120
================================================================================
AV 75.8 57.5 10.8 FASTST M M 4 MAX(MPH)
MISC ----> 36 140 50 310
================================================================================
NOTES:
# LAST OF SEVERAL OCCURRENCES
COLUMN 17 PEAK WIND IN M.P.H.
PRELIMINARY LOCAL CLIMATOLOGICAL DATA (WS FORM: F-6) , PAGE 2
STATION: SPRINGFIELD MO
MONTH: MAY
YEAR: 2022
LATITUDE: 37 13 N
LONGITUDE: 93 23 W
[TEMPERATURE DATA] [PRECIPITATION DATA] SYMBOLS USED IN COLUMN 16
AVERAGE MONTHLY: 66.6 TOTAL FOR MONTH: 9.49 1 = FOG OR MIST
DPTR FM NORMAL: 0.6 DPTR FM NORMAL: 3.93 2 = FOG REDUCING VISIBILITY
HIGHEST: 90 ON 12 GRTST 24HR 3.86 ON 4- 5 TO 1/4 MILE OR LESS
LOWEST: 46 ON 22 3 = THUNDER
SNOW, ICE PELLETS, HAIL 4 = ICE PELLETS
TOTAL MONTH: 0.0 INCH 5 = HAIL
GRTST 24HR 0.0 6 = FREEZING RAIN OR DRIZZLE
GRTST DEPTH: 0 7 = DUSTSTORM OR SANDSTORM:
VSBY 1/2 MILE OR LESS
8 = SMOKE OR HAZE
[NO. OF DAYS WITH] [WEATHER - DAYS WITH] 9 = BLOWING SNOW
X = TORNADO
MAX 32 OR BELOW: 0 0.01 INCH OR MORE: 12
MAX 90 OR ABOVE: 1 0.10 INCH OR MORE: 10
MIN 32 OR BELOW: 0 0.50 INCH OR MORE: 6
MIN 0 OR BELOW: 0 1.00 INCH OR MORE: 3
[HDD (BASE 65) ]
TOTAL THIS MO. 91 CLEAR (SCALE 0-3) 14
DPTR FM NORMAL 5 PTCLDY (SCALE 4-7) 10
TOTAL FM JUL 1 4023 CLOUDY (SCALE 8-10) 7
DPTR FM NORMAL -249
[CDD (BASE 65) ]
TOTAL THIS MO. 151
DPTR FM NORMAL 35 [PRESSURE DATA]
TOTAL FM JAN 1 175 HIGHEST SLP M ON M
DPTR FM NORMAL 26 LOWEST SLP 29.40 ON 20
[REMARKS]
#FINAL-05-22#