000
CXUS54 KHGX 011410
CF6SGR
PRELIMINARY LOCAL CLIMATOLOGICAL DATA (WS FORM: F-6)
STATION: SUGAR LAND/HULL FLD
MONTH: OCTOBER
YEAR: 2022
LATITUDE: 29 37 N
LONGITUDE: 95 39 W
TEMPERATURE IN F: :PCPN: SNOW: WIND :SUNSHINE: SKY :PK WND
================================================================================
1 2 3 4 5 6A 6B 7 8 9 10 11 12 13 14 15 16 17 18
12Z AVG MX 2MIN
DY MAX MIN AVG DEP HDD CDD WTR SNW DPTH SPD SPD DIR MIN PSBL S-S WX SPD DR
================================================================================
1 87 52 70 -7 0 5 0.00 0.0 0 5.1 12 60 M M 0 15 70
2 88 54 71 -6 0 6 0.00 0.0 0 3.3 13 30 M M 0 18 30
3 90 55 73 -4 0 8 0.00 0.0 0 2.8 9 40 M M 0 13 30
4 89 59 74 -2 0 9 0.00 0.0 0 3.2 13 10 M M 0 15 10
5 89 56 73 -3 0 8 0.00 0.0 0 3.7 12 40 M M 0 22 50
6 91 60 76 0 0 11 0.00 0.0 0 3.7 12 30 M M 0 1 15 50
7 89 61 75 -1 0 10 0.00 0.0 0 2.6 12 350 M M 0 15 350
8 90 63 77 2 0 12 0.00 0.0 0 6.9 13 120 M M 0 20 130
9 89 62 76 1 0 11 0.00 0.0 0 5.7 14 160 M M 0 17 160
10 88 60 74 -1 0 9 0.00 0.0 0 6.8 17 60 M M 0 27 120
11 88 61 75 1 0 10 T 0.0 0 6.2 16 140 M M 1 24 150
12 97 71 84 10 0 19 0.00 0.0 0 6.2 16 180 M M 2 1 20 220
13 92 68 80 6 0 15 0.30 0.0 0 5.6 23 160 M M 5 138 31 160
14 88 66 77 4 0 12 0.00 0.0 0 6.8 17 160 M M 1 20 160
15 92 67 80 7 0 15 0.00 0.0 0 6.9 16 150 M M 0 1 20 140
16 94 70 82 9 0 17 0.00 0.0 0 5.6 16 140 M M 2 20 140
17 75 61 68 -4 0 3 0.01 0.0 0 11.3 26 30 M M 5 34 30
18 71 51 61 -11 4 0 0.00 0.0 0 12.0 21 10 M M 0 30 10
19 71 42 57 -15 8 0 0.00 0.0 0 4.8 14 10 M M 0 21 20
20 85 44 65 -6 0 0 0.00 0.0 0 8.3 16 220 M M 0 22 230
21 87 52 70 -1 0 5 0.00 0.0 0 7.6 18 190 M M 1 28 220
22 87 57 72 1 0 7 0.00 0.0 0 10.9 25 170 M M 2 33 170
23 89 67 78 8 0 13 0.00 0.0 0 11.6 24 150 M M 3 34 140
24 82 58 70 0 0 5 0.18 0.0 0 14.3 36 290 M M 6 1 49 300
25 76 48 62 -8 3 0 T 0.0 0 10.5 26 340 M M 2 1 38 320
26 77 44 61 -8 4 0 0.00 0.0 0 3.6 14 60 M M 0 18 90
27 80 48 64 -5 1 0 0.22 0.0 0 6.5 16 140 M M 3 13 22 160
28 78 59 69 0 0 4 1.56 0.0 0 10.0 25 140 M M 8 1238 34 130
29 68 54 61 -7 4 0 0.00 0.0 0 8.1 18 310 M M 8 28 290
30 78 51 65 -3 0 0 0.00 0.0 0 4.3 14 280 M M 1 1 19 300
31 80 53 67 -1 0 2 0.00 0.0 0 1.9 10 170 M M 1 1 18 160
================================================================================
SM 2625 1774 24 216 2.27 0.0 206.8 M 51
================================================================================
AV 84.7 57.2 6.7 FASTST M M 2 MAX(MPH)
MISC ----> 36 290 49 300
================================================================================
NOTES:
# LAST OF SEVERAL OCCURRENCES
COLUMN 17 PEAK WIND IN M.P.H.
PRELIMINARY LOCAL CLIMATOLOGICAL DATA (WS FORM: F-6) , PAGE 2
STATION: SUGAR LAND/HULL FLD
MONTH: OCTOBER
YEAR: 2022
LATITUDE: 29 37 N
LONGITUDE: 95 39 W
[TEMPERATURE DATA] [PRECIPITATION DATA] SYMBOLS USED IN COLUMN 16
AVERAGE MONTHLY: 71.0 TOTAL FOR MONTH: 2.27 1 = FOG OR MIST
DPTR FM NORMAL: -1.7 DPTR FM NORMAL: -2.38 2 = FOG REDUCING VISIBILITY
HIGHEST: 97 ON 12 GRTST 24HR 1.78 ON 27-28 TO 1/4 MILE OR LESS
LOWEST: 42 ON 19 3 = THUNDER
SNOW, ICE PELLETS, HAIL 4 = ICE PELLETS
TOTAL MONTH: 0.0 INCH 5 = HAIL
GRTST 24HR 0.0 6 = FREEZING RAIN OR DRIZZLE
GRTST DEPTH: 0 7 = DUSTSTORM OR SANDSTORM:
VSBY 1/2 MILE OR LESS
8 = SMOKE OR HAZE
[NO. OF DAYS WITH] [WEATHER - DAYS WITH] 9 = BLOWING SNOW
X = TORNADO
MAX 32 OR BELOW: 0 0.01 INCH OR MORE: 5
MAX 90 OR ABOVE: 7 0.10 INCH OR MORE: 4
MIN 32 OR BELOW: 0 0.50 INCH OR MORE: 1
MIN 0 OR BELOW: 0 1.00 INCH OR MORE: 1
[HDD (BASE 65) ]
TOTAL THIS MO. 24 CLEAR (SCALE 0-3) 25
DPTR FM NORMAL 4 PTCLDY (SCALE 4-7) 4
TOTAL FM JUL 1 24 CLOUDY (SCALE 8-10) 2
DPTR FM NORMAL 6
[CDD (BASE 65) ]
TOTAL THIS MO. 216
DPTR FM NORMAL -41 [PRESSURE DATA]
TOTAL FM JAN 1 3655 HIGHEST SLP 30.38 ON 19
DPTR FM NORMAL 390 LOWEST SLP 29.74 ON 24
[REMARKS]
#FINAL-10-22#