000
CXUS54 KLZK 011130
CF6SGT
PRELIMINARY LOCAL CLIMATOLOGICAL DATA (WS FORM: F-6)
STATION: Stuttgart Airport
MONTH: MAY
YEAR: 2020
LATITUDE: 34 35 N
LONGITUDE: 91 34 W
TEMPERATURE IN F: :PCPN: SNOW: WIND :SUNSHINE: SKY :PK WND
================================================================================
1 2 3 4 5 6A 6B 7 8 9 10 11 12 13 14 15 16 17 18
12Z AVG MX 2MIN
DY MAX MIN AVG DEP HDD CDD WTR SNW DPTH SPD SPD DIR MIN PSBL S-S WX SPD DR
================================================================================
1 83 55 69 3 0 4 0.00 M M 7.0 14 190 M M 0 1 M M
2 86 61 74 7 0 9 0.00 M M 12.6 20 200 M M 0 24 200
3 82 66 74 7 0 9 0.00 M M 9.8 21 210 M M 6 8 M M
4 86 66 76 9 0 11 T M M 7.2 18 160 M M 6 8 23 160
5 75 59 67 -1 0 2 0.16 M M 11.1 21 340 M M 1 3 21 320
6 73 55 64 -4 1 0 0.00 M M 12.0 22 350 M M 0 31 350
7 75 51 63 -5 2 0 T M M 5.9 14 190 M M 1 3 M M
8 67 54 61 -8 4 0 0.76 M M 12.7 24 360 M M 7 13 35 350
9 66 47 57 -12 8 0 0.00 M M 6.8 14 70 M M 0 8 16 40
10 76 49 63 -6 2 0 0.00 M M 6.5 13 350 M M 2 M M
11 67 50 59 -10 6 0 T M M 8.9 12 40 M M 5 16 30
12 61 51 56 -14 9 0 0.16 M M 11.0 16 50 M M 9 M M
13 84 55 70 0 0 5 0.00 M M 8.7 15 160 M M 4 30 160
14 84 66 75 5 0 10 T M M 13.6 20 170 M M 4 1 28 170
15 84 69 77 6 0 12 M M M 9.3 18 170 M M 6 8 M M
16 84 71 78 7 0 13 0.19 M M 11.8 21 140 M M 7 1 25 140
17 79 64 72 1 0 7 0.22 M M 11.8 20 160 M M 9 1 M M
18 80 58 69 -2 0 4 0.00 M M 11.0 16 290 M M 2 M M
19 73 58 66 -6 0 1 0.00 M M 7.3 13 350 M M 7 8 M M
20 77 58 68 -4 0 3 0.00 M M 7.5 14 60 M M 4 M M
21 83 60 72 0 0 7 0.19 M M 5.6 10 60 M M 4 3 M M
22 86 66 76 3 0 11 0.60 M M 8.9 14 160 M M 5 13 32 330
23 85 64 75 2 0 10 0.24 M M 10.5 18 210 M M 1 3 24 210
24 90 69 80 7 0 15 0.04 M M 9.3 20 160 M M 4 3 M M
25 91 70 81 8 0 16 0.02 M M 10.5 17 110 M M 2 3 23 150
26 82 69 76 2 0 11 0.01 M M 9.1 18 160 M M 7 1 25 180
27 82 66 74 0 0 9 0.87 M M 6.8 12 170 M M 2 13 M M
28 77 65 71 -3 0 6 0.13 M M 6.6 14 230 M M 4 3 M M
29 82 64 73 -2 0 8 0.00 M M 7.4 17 340 M M 2 M M
30 82 64 73 -2 0 8 0.00 M M 8.8 13 50 M M 2 M M
31 82 62 72 -3 0 7 0.00 M M 9.0 15 50 M M 0 20 50
================================================================================
SM 2464 1882 32 198 3.59 M 285.0 M 113
================================================================================
AV 79.5 60.7 9.2 FASTST M M 4 MAX(MPH)
MISC ----> # 24 360 # 35 350
================================================================================
NOTES:
# LAST OF SEVERAL OCCURRENCES
COLUMN 17 PEAK WIND IN M.P.H.
PRELIMINARY LOCAL CLIMATOLOGICAL DATA (WS FORM: F-6) , PAGE 2
STATION: Stuttgart Airport
MONTH: MAY
YEAR: 2020
LATITUDE: 34 35 N
LONGITUDE: 91 34 W
[TEMPERATURE DATA] [PRECIPITATION DATA] SYMBOLS USED IN COLUMN 16
AVERAGE MONTHLY: 70.1 TOTAL FOR MONTH: 3.59 1 = FOG OR MIST
DPTR FM NORMAL: -0.7 DPTR FM NORMAL: -1.12 2 = FOG REDUCING VISIBILITY
HIGHEST: 91 ON 25 GRTST 24HR 0.87 ON 27-27 TO 1/4 MILE OR LESS
LOWEST: 47 ON 9 3 = THUNDER
SNOW, ICE PELLETS, HAIL 4 = ICE PELLETS
TOTAL MONTH: M 5 = HAIL
GRTST 24HR M ON M 6 = FREEZING RAIN OR DRIZZLE
GRTST DEPTH: M ON M 7 = DUSTSTORM OR SANDSTORM:
VSBY 1/2 MILE OR LESS
8 = SMOKE OR HAZE
[NO. OF DAYS WITH] [WEATHER - DAYS WITH] 9 = BLOWING SNOW
X = TORNADO
MAX 32 OR BELOW: 0 0.01 INCH OR MORE: 13
MAX 90 OR ABOVE: 2 0.10 INCH OR MORE: 10
MIN 32 OR BELOW: 0 0.50 INCH OR MORE: 3
MIN 0 OR BELOW: 0 1.00 INCH OR MORE: 0
[HDD (BASE 65) ]
TOTAL THIS MO. 32 CLEAR (SCALE 0-3) 14
DPTR FM NORMAL 8 PTCLDY (SCALE 4-7) 15
TOTAL FM JUL 1 2666 CLOUDY (SCALE 8-10) 2
DPTR FM NORMAL -521
[CDD (BASE 65) ]
TOTAL THIS MO. 198
DPTR FM NORMAL -6 [PRESSURE DATA]
TOTAL FM JAN 1 245 HIGHEST SLP 30.18 ON 30
DPTR FM NORMAL -22 LOWEST SLP 29.76 ON 25
[REMARKS]
#FINAL-05-20#