000
CXUS54 KSHV 011500
CF6SHV
PRELIMINARY LOCAL CLIMATOLOGICAL DATA (WS FORM: F-6)
STATION: SHREVEPORT
MONTH: MARCH
YEAR: 2020
LATITUDE: 32 28 N
LONGITUDE: 93 49 W
TEMPERATURE IN F: :PCPN: SNOW: WIND :SUNSHINE: SKY :PK WND
================================================================================
1 2 3 4 5 6A 6B 7 8 9 10 11 12 13 14 15 16 17 18
12Z AVG MX 2MIN
DY MAX MIN AVG DEP HDD CDD WTR SNW DPTH SPD SPD DIR MIN PSBL S-S WX SPD DR
================================================================================
1 71 55 63 9 2 0 0.01 0.0 0 15.1 28 170 M M 8 37 180
2 74 63 69 15 0 4 0.00 0.0 0 9.5 17 200 M M 9 25 220
3 73 63 68 13 0 3 T 0.0 0 5.7 13 30 M M 9 1 15 270
4 63 53 58 3 7 0 1.59 0.0 0 12.1 22 70 M M 10 13 30 40
5 72 51 62 7 3 0 0.34 0.0 0 9.2 18 360 M M 4 1 24 10
6 68 41 55 0 10 0 0.00 0.0 0 7.3 17 360 M M 2 22 350
7 63 37 50 -6 15 0 0.00 0.0 0 4.9 16 100 M M 5 19 130
8 73 38 56 0 9 0 0.00 0.0 0 8.4 18 180 M M 6 25 150
9 67 58 63 7 2 0 0.03 0.0 0 9.2 17 180 M M 9 1 23 180
10 82 61 72 16 0 7 T 0.0 0 5.3 14 330 M M 6 1 17 220
11 83 61 72 15 0 7 0.00 0.0 0 10.0 24 240 M M 7 1 35 230
12 84 67 76 19 0 11 0.00 0.0 0 11.4 21 220 M M 8 25 190
13 73 58 66 9 0 1 0.06 0.0 0 8.6 20 70 M M 10 1 24 60
14 80 58 69 11 0 4 T 0.0 0 7.7 18 170 M M 10 1 24 190
15 69 50 60 2 5 0 T 0.0 0 9.1 17 10 M M 10 21 10
16 61 50 56 -2 9 0 0.03 0.0 0 4.4 13 90 M M 10 128 16 70
17 78 51 65 7 0 0 0.29 0.0 0 5.9 17 120 M M 9 1238 25 120
18 81 66 74 16 0 9 0.00 0.0 0 8.5 17 190 M M 8 1 22 190
19 85 70 78 19 0 13 0.04 0.0 0 11.5 22 180 M M 8 1 28 180
20 74 51 63 4 2 0 0.96 0.0 0 9.1 29 290 M M 9 13 38 300
21 56 49 53 -6 12 0 0.25 0.0 0 9.0 15 50 M M 9 13 18 60
22 61 50 56 -3 9 0 1.09 0.0 0 3.2 24 140 M M 10 123 30 130
23 67 58 63 3 2 0 0.65 0.0 0 5.2 12 310 M M 9 13 14 350
24 84 60 72 12 0 7 0.00 0.0 0 8.6 21 240 M M 7 1 29 230
25 84 55 70 10 0 5 0.00 0.0 0 4.5 12 190 M M 3 12 14 190
26 89 64 77 17 0 12 0.00 0.0 0 10.6 21 180 M M 4 18 27 170
27 90 65 78 18 0 13 0.00 0.0 0 10.5 22 170 M M 8 18 31 180
28 81 53 67 6 0 2 0.01 0.0 0 8.9 28 300 M M 9 1 36 300
29 77 46 62 1 3 0 T 0.0 0 3.7 13 340 M M 7 14 350
30 70 57 64 3 1 0 0.54 0.0 0 9.4 21 300 M M 9 13 26 90
31 68 49 59 -3 6 0 0.01 0.0 0 7.3 22 320 M M 7 1 27 320
================================================================================
SM 2301 1708 97 98 5.90 0.0 253.8 M 239
================================================================================
AV 74.2 55.1 8.2 FASTST M M 8 MAX(MPH)
MISC ----> # 29 290 # 38 300
================================================================================
NOTES:
# LAST OF SEVERAL OCCURRENCES
COLUMN 17 PEAK WIND IN M.P.H.
PRELIMINARY LOCAL CLIMATOLOGICAL DATA (WS FORM: F-6) , PAGE 2
STATION: SHREVEPORT
MONTH: MARCH
YEAR: 2020
LATITUDE: 32 28 N
LONGITUDE: 93 49 W
[TEMPERATURE DATA] [PRECIPITATION DATA] SYMBOLS USED IN COLUMN 16
AVERAGE MONTHLY: 64.7 TOTAL FOR MONTH: 5.90 1 = FOG OR MIST
DPTR FM NORMAL: 6.8 DPTR FM NORMAL: 1.76 2 = FOG REDUCING VISIBILITY
HIGHEST: 90 ON 27 GRTST 24HR 1.59 ON 4- 4 TO 1/4 MILE OR LESS
LOWEST: 37 ON 7 3 = THUNDER
SNOW, ICE PELLETS, HAIL 4 = ICE PELLETS
TOTAL MONTH: 0.0 INCH 5 = HAIL
GRTST 24HR 0.0 6 = FREEZING RAIN OR DRIZZLE
GRTST DEPTH: 0 7 = DUSTSTORM OR SANDSTORM:
VSBY 1/2 MILE OR LESS
8 = SMOKE OR HAZE
[NO. OF DAYS WITH] [WEATHER - DAYS WITH] 9 = BLOWING SNOW
X = TORNADO
MAX 32 OR BELOW: 0 0.01 INCH OR MORE: 15
MAX 90 OR ABOVE: 1 0.10 INCH OR MORE: 8
MIN 32 OR BELOW: 0 0.50 INCH OR MORE: 5
MIN 0 OR BELOW: 0 1.00 INCH OR MORE: 2
[HDD (BASE 65) ]
TOTAL THIS MO. 97 CLEAR (SCALE 0-3) 1
DPTR FM NORMAL -154 PTCLDY (SCALE 4-7) 13
TOTAL FM JUL 1 1790 CLOUDY (SCALE 8-10) 17
DPTR FM NORMAL -343
[CDD (BASE 65) ]
TOTAL THIS MO. 98
DPTR FM NORMAL 67 [PRESSURE DATA]
TOTAL FM JAN 1 106 HIGHEST SLP 30.52 ON 6
DPTR FM NORMAL 65 LOWEST SLP 29.71 ON 27
[REMARKS]
#FINAL-03-20#