000
CXUS54 KSJT 011100
CF6SJT
PRELIMINARY LOCAL CLIMATOLOGICAL DATA (WS FORM: F-6)
STATION: SAN ANGELO
MONTH: JANUARY
YEAR: 2022
LATITUDE: 31 21 N
LONGITUDE: 100 30 W
TEMPERATURE IN F: :PCPN: SNOW: WIND :SUNSHINE: SKY :PK WND
================================================================================
1 2 3 4 5 6A 6B 7 8 9 10 11 12 13 14 15 16 17 18
12Z AVG MX 2MIN
DY MAX MIN AVG DEP HDD CDD WTR SNW DPTH SPD SPD DIR MIN PSBL S-S WX SPD DR
================================================================================
1 75 27 51 4 14 0 0.01 0.0 0 10.0 23 10 M M 2 33 40
2 47 21 34 -13 31 0 0.00 0.0 0 9.0 24 340 M M 1 31 340
3 59 19 39 -8 26 0 0.00 0.0 0 7.1 16 230 M M 0 23 210
4 73 38 56 9 9 0 0.00 0.0 0 13.6 24 230 M M 0 33 220
5 62 34 48 1 17 0 0.00 0.0 0 7.4 17 20 M M 0 22 20
6 41 24 33 -14 32 0 0.00 0.0 0 9.7 22 20 M M 0 29 10
7 64 16 40 -7 25 0 0.00 0.0 0 6.1 20 180 M M 1 29 180
8 73 46 60 13 5 0 0.00 0.0 0 10.9 21 210 M M 5 28 180
9 55 35 45 -2 20 0 0.00 0.0 0 11.2 21 10 M M 1 30 360
10 51 34 43 -4 22 0 0.00 0.0 0 6.9 17 30 M M 1 22 30
11 48 30 39 -8 26 0 0.05 0.0 0 4.5 15 180 M M 5 1 22 180
12 69 29 49 2 16 0 0.00 0.0 0 4.5 14 210 M M 0 18 210
13 74 28 51 4 14 0 0.00 0.0 0 4.6 10 220 M M 0 12 220
14 81 29 55 8 10 0 0.00 0.0 0 13.0 35 360 M M 0 49 10
15 52 32 42 -5 23 0 0.00 0.0 0 19.6 38 360 M M 1 49 10
16 73 20 47 0 18 0 0.00 0.0 0 7.3 15 250 M M 0 21 240
17 74 23 49 2 16 0 0.00 0.0 0 6.2 18 210 M M 0 26 200
18 79 50 65 18 0 0 0.00 0.0 0 14.9 26 270 M M 0 37 270
19 76 36 56 9 9 0 0.00 0.0 0 14.2 26 20 M M 2 35 20
20 37 23 30 -18 35 0 0.00 0.0 0 13.0 24 20 M M 10 30 10
21 51 14 33 -15 32 0 0.00 0.0 0 4.1 10 110 M M 0 16 130
22 47 19 33 -15 32 0 0.00 0.0 0 3.9 9 40 M M 6 12 60
23 54 41 48 0 17 0 0.00 0.0 0 4.7 12 230 M M 9 18 190
24 67 35 51 3 14 0 T 0.0 0 7.4 16 290 M M 3 22 260
25 64 27 46 -2 19 0 0.00 0.0 0 8.4 21 70 M M 0 27 70
26 45 34 40 -8 25 0 0.00 0.0 0 8.3 17 40 M M 10 23 60
27 56 37 47 -1 18 0 0.00 0.0 0 4.1 20 40 M M 7 18 28 30
28 57 27 42 -6 23 0 0.00 0.0 0 6.9 16 10 M M 2 22 20
29 65 24 45 -3 20 0 0.00 0.0 0 6.7 17 220 M M 0 27 210
30 70 29 50 1 15 0 0.00 0.0 0 6.7 15 180 M M 1 20 170
31 68 42 55 6 10 0 0.05 0.0 0 7.0 15 220 M M 3 1 22 210
================================================================================
SM 1907 923 593 0 0.11 0.0 261.9 M 70
================================================================================
AV 61.5 29.8 8.4 FASTST M M 2 MAX(MPH)
MISC ----> 38 360 # 49 10
================================================================================
NOTES:
# LAST OF SEVERAL OCCURRENCES
COLUMN 17 PEAK WIND IN M.P.H.
PRELIMINARY LOCAL CLIMATOLOGICAL DATA (WS FORM: F-6) , PAGE 2
STATION: SAN ANGELO
MONTH: JANUARY
YEAR: 2022
LATITUDE: 31 21 N
LONGITUDE: 100 30 W
[TEMPERATURE DATA] [PRECIPITATION DATA] SYMBOLS USED IN COLUMN 16
AVERAGE MONTHLY: 45.6 TOTAL FOR MONTH: 0.11 1 = FOG OR MIST
DPTR FM NORMAL: -1.8 DPTR FM NORMAL: -0.81 2 = FOG REDUCING VISIBILITY
HIGHEST: 81 ON 14 GRTST 24HR 0.17 ON 11-11 TO 1/4 MILE OR LESS
LOWEST: 14 ON 21 3 = THUNDER
SNOW, ICE PELLETS, HAIL 4 = ICE PELLETS
TOTAL MONTH: 0.0 INCH 5 = HAIL
GRTST 24HR 0.0 6 = FREEZING RAIN OR DRIZZLE
GRTST DEPTH: 0 7 = DUSTSTORM OR SANDSTORM:
VSBY 1/2 MILE OR LESS
8 = SMOKE OR HAZE
[NO. OF DAYS WITH] [WEATHER - DAYS WITH] 9 = BLOWING SNOW
X = TORNADO
MAX 32 OR BELOW: 0 0.01 INCH OR MORE: 3
MAX 90 OR ABOVE: 0 0.10 INCH OR MORE: 0
MIN 32 OR BELOW: 19 0.50 INCH OR MORE: 0
MIN 0 OR BELOW: 0 1.00 INCH OR MORE: 0
[HDD (BASE 65) ]
TOTAL THIS MO. 593 CLEAR (SCALE 0-3) 24
DPTR FM NORMAL 46 PTCLDY (SCALE 4-7) 4
TOTAL FM JUL 1 1045 CLOUDY (SCALE 8-10) 3
DPTR FM NORMAL -390
[CDD (BASE 65) ]
TOTAL THIS MO. 0
DPTR FM NORMAL -1 [PRESSURE DATA]
TOTAL FM JAN 1 0 HIGHEST SLP 30.75 ON 10
DPTR FM NORMAL -1 LOWEST SLP 29.60 ON 1
[REMARKS]
#FINAL-01-22#