000
CXUS56 KSLC 011244
CF6SLC
PRELIMINARY LOCAL CLIMATOLOGICAL DATA (WS FORM: F-6)
STATION: SALT LAKE CITY UT
MONTH: JULY
YEAR: 2020
LATITUDE: 40 46 N
LONGITUDE: 111 58 W
TEMPERATURE IN F: :PCPN: SNOW: WIND :SUNSHINE: SKY :PK WND
================================================================================
1 2 3 4 5 6A 6B 7 8 9 10 11 12 13 14 15 16 17 18
12Z AVG MX 2MIN
DY MAX MIN AVG DEP HDD CDD WTR SNW DPTH SPD SPD DIR MIN PSBL S-S WX SPD DR
================================================================================
1 88 53 71 -4 0 6 0.00 0.0 0 5.5 17 160 M M 1 22 180
2 90 59 75 -1 0 10 0.00 0.0 0 6.8 24 160 M M 1 29 150
3 95 68 82 6 0 17 0.00 0.0 0 12.8 23 160 M M 0 33 150
4 97 73 85 9 0 20 0.00 0.0 0 10.2 20 140 M M 0 24 240
5 94 66 80 3 0 15 0.00 0.0 0 6.4 14 350 M M 0 21 10
6 97 65 81 4 0 16 0.00 0.0 0 6.4 16 360 M M 0 21 350
7 91 70 81 4 0 16 0.00 0.0 0 13.0 23 160 M M 0 29 160
8 88 56 72 -6 0 7 0.00 0.0 0 6.5 16 320 M M 0 8 21 340
9 94 63 79 1 0 14 0.00 0.0 0 6.6 15 10 M M 0 19 10
10 94 72 83 5 0 18 0.00 0.0 0 8.5 16 180 M M 0 22 160
11 98 64 81 3 0 16 0.00 0.0 0 6.1 17 330 M M 0 22 340
12 98 73 86 8 0 21 0.00 0.0 0 7.2 16 10 M M 0 20 280
13 92 70 81 2 0 16 T 0.0 0 8.4 17 320 M M 1 8 34 360
14 89 64 77 -2 0 12 0.00 0.0 0 6.8 16 320 M M 1 8 21 310
15 91 64 78 -1 0 13 0.00 0.0 0 5.4 13 350 M M 1 8 19 320
16 97 64 81 2 0 16 0.00 0.0 0 7.2 20 160 M M 0 25 160
17 102 75 89 10 0 24 0.00 0.0 0 10.0 21 170 M M 1 8 27 150
18 96 75 86 6 0 21 0.00 0.0 0 6.7 17 340 M M 0 23 200
19 96 70 83 3 0 18 0.00 0.0 0 6.6 15 320 M M 0 21 340
20 95 70 83 3 0 18 0.00 0.0 0 6.5 17 350 M M 1 21 350
21 97 69 83 3 0 18 0.00 0.0 0 6.8 14 350 M M 0 18 340
22 85 67 76 -4 0 11 0.03 0.0 0 10.6 26 170 M M 5 36 160
23 93 68 81 1 0 16 T 0.0 0 13.7 36 170 M M 2 3 49 170
24 92 69 81 1 0 16 0.00 0.0 0 9.2 22 190 M M 0 27 150
25 96 73 85 5 0 20 0.00 0.0 0 8.6 16 180 M M 0 20 170
26 97 71 84 4 0 19 T 0.0 0 6.5 20 280 M M 0 3 23 280
27 100 70 85 5 0 20 T 0.0 0 7.5 25 200 M M 2 3 32 190
28 93 65 79 -1 0 14 0.23 0.0 0 8.8 32 360 M M 3 3 38 350
29 94 65 80 0 0 15 0.00 0.0 0 4.7 14 330 M M 0 20 360
30 101 68 85 5 0 20 0.00 0.0 0 7.0 13 120 M M 0 19 360
31 104 74 89 9 0 24 0.00 0.0 0 9.5 18 330 M M 0 22 150
================================================================================
SM 2934 2093 0 507 0.26 0.0 246.5 M 19
================================================================================
AV 94.7 67.5 8.0 FASTST M M 1 MAX(MPH)
MISC ----> # 36 170 # 49 170
================================================================================
NOTES:
# LAST OF SEVERAL OCCURRENCES
COLUMN 17 PEAK WIND IN M.P.H.
PRELIMINARY LOCAL CLIMATOLOGICAL DATA (WS FORM: F-6) , PAGE 2
STATION: SALT LAKE CITY UT
MONTH: JULY
YEAR: 2020
LATITUDE: 40 46 N
LONGITUDE: 111 58 W
[TEMPERATURE DATA] [PRECIPITATION DATA] SYMBOLS USED IN COLUMN 16
AVERAGE MONTHLY: 81.1 TOTAL FOR MONTH: 0.26 1 = FOG OR MIST
DPTR FM NORMAL: 2.4 DPTR FM NORMAL: -0.35 2 = FOG REDUCING VISIBILITY
HIGHEST: 104 ON 31 GRTST 24HR 0.23 ON 28-28 TO 1/4 MILE OR LESS
LOWEST: 53 ON 1 3 = THUNDER
SNOW, ICE PELLETS, HAIL 4 = ICE PELLETS
TOTAL MONTH: 0.0 INCH 5 = HAIL
GRTST 24HR 0.0 6 = FREEZING RAIN OR DRIZZLE
GRTST DEPTH: 0 7 = DUSTSTORM OR SANDSTORM:
VSBY 1/2 MILE OR LESS
8 = SMOKE OR HAZE
[NO. OF DAYS WITH] [WEATHER - DAYS WITH] 9 = BLOWING SNOW
X = TORNADO
MAX 32 OR BELOW: 0 0.01 INCH OR MORE: 2
MAX 90 OR ABOVE: 27 0.10 INCH OR MORE: 1
MIN 32 OR BELOW: 0 0.50 INCH OR MORE: 0
MIN 0 OR BELOW: 0 1.00 INCH OR MORE: 0
[HDD (BASE 65) ]
TOTAL THIS MO. 0 CLEAR (SCALE 0-3) 30
DPTR FM NORMAL -2 PTCLDY (SCALE 4-7) 1
TOTAL FM JUL 1 0 CLOUDY (SCALE 8-10) 0
DPTR FM NORMAL -2
[CDD (BASE 65) ]
TOTAL THIS MO. 507
DPTR FM NORMAL 82 [PRESSURE DATA]
TOTAL FM JAN 1 870 HIGHEST SLP 30.00 ON 11
DPTR FM NORMAL 208 LOWEST SLP 29.60 ON 7
[REMARKS]
#FINAL-07-20#