000
CXUS56 KLOX 011155
CF6SMO
PRELIMINARY LOCAL CLIMATOLOGICAL DATA (WS FORM: F-6)
STATION: SANTA MONICA AIRPORT CA
MONTH: OCTOBER
YEAR: 2023
LATITUDE: 34 0 N
LONGITUDE: 118 27 W
TEMPERATURE IN F: :PCPN: SNOW: WIND :SUNSHINE: SKY :PK WND
================================================================================
1 2 3 4 5 6A 6B 7 8 9 10 11 12 13 14 15 16 17 18
12Z AVG MX 2MIN
DY MAX MIN AVG DEP HDD CDD WTR SNW DPTH SPD SPD DIR MIN PSBL S-S WX SPD DR
================================================================================
1 68 56 62 -6 3 0 T M M 3.7 12 200 M M 5 17 200
2 69 53 61 -7 4 0 0.00 M M 4.5 14 210 M M 0 22 220
3 75 56 66 -2 0 1 0.00 M M 3.4 12 210 M M 0 18 240
4 80 58 69 1 0 4 0.00 M M 4.4 10 190 M M 0 15 260
5 89 61 75 8 0 10 0.00 M M 4.0 12 230 M M 0 16 230
6 83 61 72 5 0 7 0.00 M M 3.4 12 220 M M 1 12 17 200
7 81 61 71 4 0 6 0.00 M M 3.2 10 200 M M 2 1 14 190
8 71 60 66 -1 0 1 0.00 M M 4.6 10 220 M M 6 128 15 230
9 69 60 65 -2 0 0 0.00 M M 4.0 13 220 M M 5 128 19 220
10 71 59 65 -2 0 0 0.00 M M 3.5 12 200 M M 4 18 250
11 75 60 68 1 0 3 0.00 M M 4.5 14 240 M M 2 23 240
12 74 58 66 -1 0 1 0.00 M M 4.2 13 230 M M 0 18 220
13 74 58 66 0 0 1 0.00 M M 3.1 13 240 M M 0 19 230
14 73 58 66 0 0 1 0.00 M M 2.9 10 210 M M 1 1 16 220
15 77 57 67 1 0 2 0.00 M M 4.0 12 230 M M 0 17 230
16 75 58 67 1 0 2 0.00 M M 4.1 10 230 M M 0 15 200
17 71 58 65 -1 0 0 0.00 M M 3.0 10 210 M M 4 128 15 210
18 69 60 65 -1 0 0 0.00 M M 3.1 12 200 M M 6 128 16 200
19 73 58 66 0 0 1 0.00 M M 3.2 10 200 M M 4 128 15 180
20 78 62 70 4 0 5 0.00 M M 2.8 10 210 M M 0 18 15 200
21 77 59 68 2 0 3 0.00 M M 4.2 16 230 M M 0 23 230
22 71 56 64 -1 1 0 0.00 M M 5.0 14 200 M M 3 22 230
23 75 60 68 3 0 3 0.00 M M 3.5 12 200 M M 4 17 90
24 73 56 65 0 0 0 0.00 M M 3.7 13 200 M M 5 18 200
25 71 62 67 2 0 2 0.00 M M 5.0 12 210 M M 8 17 220
26 69 58 64 -1 1 0 0.00 M M 4.0 14 230 M M 2 21 210
27 70 55 63 -2 2 0 0.00 M M 3.7 13 230 M M 2 20 220
28 70 53 62 -2 3 0 0.00 M M 4.7 12 200 M M 1 18 240
29 81 50 66 2 0 1 0.00 M M 6.3 20 360 M M 0 31 360
30 81 48 65 1 0 0 0.00 M M 4.4 14 200 M M 0 18 200
31 81 53 67 3 0 2 0.00 M M 4.1 9 200 M M 0 13 200
================================================================================
SM 2314 1782 14 56 T M 122.2 M 65
================================================================================
AV 74.6 57.5 3.9 FASTST M M 2 MAX(MPH)
MISC ----> 20 360 31 360
================================================================================
NOTES:
# LAST OF SEVERAL OCCURRENCES
COLUMN 17 PEAK WIND IN M.P.H.
PRELIMINARY LOCAL CLIMATOLOGICAL DATA (WS FORM: F-6) , PAGE 2
STATION: SANTA MONICA AIRPORT CA
MONTH: OCTOBER
YEAR: 2023
LATITUDE: 34 0 N
LONGITUDE: 118 27 W
[TEMPERATURE DATA] [PRECIPITATION DATA] SYMBOLS USED IN COLUMN 16
AVERAGE MONTHLY: 66.1 TOTAL FOR MONTH: T 1 = FOG OR MIST
DPTR FM NORMAL: 0.0 DPTR FM NORMAL: -0.55 2 = FOG REDUCING VISIBILITY
HIGHEST: 89 ON 5 GRTST 24HR T ON 1- 1 TO 1/4 MILE OR LESS
LOWEST: 48 ON 30 3 = THUNDER
SNOW, ICE PELLETS, HAIL 4 = ICE PELLETS
TOTAL MONTH: M 5 = HAIL
GRTST 24HR M ON M 6 = FREEZING RAIN OR DRIZZLE
GRTST DEPTH: M ON M 7 = DUSTSTORM OR SANDSTORM:
VSBY 1/2 MILE OR LESS
8 = SMOKE OR HAZE
[NO. OF DAYS WITH] [WEATHER - DAYS WITH] 9 = BLOWING SNOW
X = TORNADO
MAX 32 OR BELOW: 0 0.01 INCH OR MORE: 0
MAX 90 OR ABOVE: 0 0.10 INCH OR MORE: 0
MIN 32 OR BELOW: 0 0.50 INCH OR MORE: 0
MIN 0 OR BELOW: 0 1.00 INCH OR MORE: 0
[HDD (BASE 65) ]
TOTAL THIS MO. 14 CLEAR (SCALE 0-3) 20
DPTR FM NORMAL -31 PTCLDY (SCALE 4-7) 11
TOTAL FM JUL 1 21 CLOUDY (SCALE 8-10) 0
DPTR FM NORMAL -41
[CDD (BASE 65) ]
TOTAL THIS MO. 56
DPTR FM NORMAL -22 [PRESSURE DATA]
TOTAL FM JAN 1 475 HIGHEST SLP 30.12 ON 30
DPTR FM NORMAL -111 LOWEST SLP 29.62 ON 11
[REMARKS]
#FINAL-10-23#