000
CXUS56 KLOX 011255
CF6SMX
PRELIMINARY LOCAL CLIMATOLOGICAL DATA (WS FORM: F-6)
STATION: SANTA MARIA AIRPORT CA
MONTH: JANUARY
YEAR: 2022
LATITUDE: 34 54 N
LONGITUDE: 120 27 W
TEMPERATURE IN F: :PCPN: SNOW: WIND :SUNSHINE: SKY :PK WND
================================================================================
1 2 3 4 5 6A 6B 7 8 9 10 11 12 13 14 15 16 17 18
12Z AVG MX 2MIN
DY MAX MIN AVG DEP HDD CDD WTR SNW DPTH SPD SPD DIR MIN PSBL S-S WX SPD DR
================================================================================
1 60 39 50 -2 15 0 0.00 M M 7.0 17 10 M M 0 22 10
2 63 33 48 -4 17 0 0.00 M M 3.1 10 290 M M 0 13 300
3 56 32 44 -8 21 0 0.00 M M 4.0 15 310 M M 1 17 290
4 62 37 50 -2 15 0 0.00 M M 8.1 21 290 M M 0 1 24 300
5 68 48 58 6 7 0 0.00 M M 12.7 23 360 M M 0 27 20
6 68 46 57 5 8 0 0.00 M M 4.6 15 300 M M 3 12 19 360
7 57 47 52 0 13 0 0.01 M M 5.2 14 310 M M 9 12 16 310
8 67 42 55 3 10 0 0.00 M M 4.9 16 20 M M 3 128 19 360
9 65 38 52 -1 13 0 0.00 M M 2.8 10 270 M M 2 128 11 260
10 72 42 57 4 8 0 0.00 M M 2.8 13 360 M M 2 1 15 350
11 74 35 55 2 10 0 0.00 M M 3.1 9 290 M M 0 11 290
12 70 39 55 2 10 0 0.00 M M 2.9 10 160 M M 1 11 170
13 67 44 56 3 9 0 0.00 M M 3.0 10 310 M M 3 12 310
14 70 37 54 1 11 0 0.00 M M 3.1 15 330 M M 0 17 330
15 64 46 55 2 10 0 T M M 3.4 12 180 M M 6 15 190
16 68 51 60 7 5 0 0.00 M M 2.2 8 310 M M 9 9 310
17 63 47 55 2 10 0 0.16 M M 1.3 12 230 M M 7 1 14 230
18 62 45 54 1 11 0 0.00 M M 4.9 20 310 M M 5 18 24 290
19 65 45 55 2 10 0 0.00 M M 4.9 17 300 M M 4 128 20 300
20 71 40 56 3 9 0 0.00 M M 3.2 13 320 M M 0 18 14 310
21 69 39 54 1 11 0 0.00 M M 9.4 22 30 M M 0 8 29 40
22 67 37 52 -1 13 0 0.00 M M 3.1 13 310 M M 0 14 310
23 70 35 53 0 12 0 0.00 M M 4.8 17 300 M M 0 20 300
24 62 34 48 -5 17 0 0.00 M M 5.7 18 300 M M 1 18 21 290
25 66 35 51 -2 14 0 0.00 M M 3.6 13 260 M M 3 128 16 280
26 65 37 51 -2 14 0 0.00 M M 3.7 10 280 M M 1 12 13 280
27 67 35 51 -2 14 0 0.00 M M 3.7 12 320 M M 0 14 290
28 74 37 56 3 9 0 0.00 M M 4.2 14 290 M M 0 17 290
29 68 38 53 0 12 0 0.00 M M 2.3 9 60 M M 2 10 290
30 67 32 50 -3 15 0 0.00 M M 6.5 25 300 M M 0 18 32 300
31 62 36 49 -4 16 0 0.00 M M 4.8 15 310 M M 5 12 20 300
================================================================================
SM 2049 1228 369 0 0.17 M 139.0 M 67
================================================================================
AV 66.1 39.6 4.5 FASTST M M 2 MAX(MPH)
MISC ----> 25 300 32 300
================================================================================
NOTES:
# LAST OF SEVERAL OCCURRENCES
COLUMN 17 PEAK WIND IN M.P.H.
PRELIMINARY LOCAL CLIMATOLOGICAL DATA (WS FORM: F-6) , PAGE 2
STATION: SANTA MARIA AIRPORT CA
MONTH: JANUARY
YEAR: 2022
LATITUDE: 34 54 N
LONGITUDE: 120 27 W
[TEMPERATURE DATA] [PRECIPITATION DATA] SYMBOLS USED IN COLUMN 16
AVERAGE MONTHLY: 52.9 TOTAL FOR MONTH: 0.17 1 = FOG OR MIST
DPTR FM NORMAL: 0.1 DPTR FM NORMAL: -2.57 2 = FOG REDUCING VISIBILITY
HIGHEST: 74 ON 28,11 GRTST 24HR 0.16 ON 17-17 TO 1/4 MILE OR LESS
LOWEST: 32 ON 30, 3 3 = THUNDER
SNOW, ICE PELLETS, HAIL 4 = ICE PELLETS
TOTAL MONTH: M 5 = HAIL
GRTST 24HR M ON M 6 = FREEZING RAIN OR DRIZZLE
GRTST DEPTH: M ON M 7 = DUSTSTORM OR SANDSTORM:
VSBY 1/2 MILE OR LESS
8 = SMOKE OR HAZE
[NO. OF DAYS WITH] [WEATHER - DAYS WITH] 9 = BLOWING SNOW
X = TORNADO
MAX 32 OR BELOW: 0 0.01 INCH OR MORE: 2
MAX 90 OR ABOVE: 0 0.10 INCH OR MORE: 1
MIN 32 OR BELOW: 2 0.50 INCH OR MORE: 0
MIN 0 OR BELOW: 0 1.00 INCH OR MORE: 0
[HDD (BASE 65) ]
TOTAL THIS MO. 369 CLEAR (SCALE 0-3) 22
DPTR FM NORMAL -8 PTCLDY (SCALE 4-7) 7
TOTAL FM JUL 1 1239 CLOUDY (SCALE 8-10) 2
DPTR FM NORMAL -62
[CDD (BASE 65) ]
TOTAL THIS MO. 0
DPTR FM NORMAL 0 [PRESSURE DATA]
TOTAL FM JAN 1 0 HIGHEST SLP 30.39 ON 10
DPTR FM NORMAL 0 LOWEST SLP 29.92 ON 6
[REMARKS]
#FINAL-01-22#