000
CXUS56 KLOX 011655
CF6SMX
PRELIMINARY LOCAL CLIMATOLOGICAL DATA (WS FORM: F-6)
STATION: SANTA MARIA AIRPORT CA
MONTH: NOVEMBER
YEAR: 2020
LATITUDE: 34 54 N
LONGITUDE: 120 27 W
TEMPERATURE IN F: :PCPN: SNOW: WIND :SUNSHINE: SKY :PK WND
================================================================================
1 2 3 4 5 6A 6B 7 8 9 10 11 12 13 14 15 16 17 18
12Z AVG MX 2MIN
DY MAX MIN AVG DEP HDD CDD WTR SNW DPTH SPD SPD DIR MIN PSBL S-S WX SPD DR
================================================================================
1 83 51 67 8 0 2 0.00 0.0 0 2.4 12 330 M M 2 15 310
2 77 50 64 6 1 0 0.00 0.0 0 4.6 14 320 M M 2 18 19 40
3 70 49 60 2 5 0 0.00 0.0 0 4.0 15 290 M M 5 128 18 290
4 80 45 63 5 2 0 0.00 0.0 0 4.4 18 300 M M 1 128 M M
5 92 50 71 13 0 6 0.00 0.0 0 2.6 9 310 M M 3 8 11 300
6 65 51 58 0 7 0 T 0.0 0 13.7 37 300 M M 6 178 43 300
7 60 49 55 -3 10 0 0.23 M 0 9.7 25 290 M M 6 1 32 300
8 59 40 50 -7 15 0 0.01 M 0 13.3 33 300 M M 7 1 40 300
9 62 33 48 -9 17 0 0.00 0.0 0 6.6 21 300 M M 1 25 300
10 68 33 51 -6 14 0 0.00 0.0 0 5.3 21 300 M M 0 26 310
11 65 36 51 -6 14 0 0.00 0.0 0 5.2 20 310 M M 0 24 310
12 68 39 54 -2 11 0 0.00 0.0 0 5.1 14 300 M M 1 12 16 310
13 64 39 52 -4 13 0 0.00 0.0 0 4.3 17 290 M M 2 12 21 310
14 71 43 57 1 8 0 0.00 0.0 0 6.3 22 310 M M 2 12 26 310
15 85 41 63 7 2 0 0.00 0.0 0 6.7 18 300 M M 0 22 300
16 86 43 65 9 0 0 0.00 0.0 0 4.1 13 310 M M 0 16 330
17 68 47 58 3 7 0 0.00 0.0 0 5.3 15 260 M M 1 18 20 260
18 69 48 59 4 6 0 0.01 M 0 4.4 13 290 M M 8 128 15 290
19 72 46 59 4 6 0 0.00 0.0 0 9.3 24 20 M M 3 12 31 10
20 72 48 60 5 5 0 0.00 0.0 0 3.5 10 300 M M 3 13 310
21 75 41 58 3 7 0 0.00 0.0 0 3.4 10 320 M M 1 14 290
22 67 40 54 0 11 0 0.00 0.0 0 5.1 20 310 M M 1 12 23 300
23 63 42 53 -1 12 0 0.00 0.0 0 8.8 26 300 M M 3 12 31 310
24 69 40 55 1 10 0 0.00 0.0 0 4.7 14 320 M M 0 16 320
25 66 39 53 -1 12 0 0.00 0.0 0 9.1 23 300 M M 0 27 300
26 69 38 54 0 11 0 0.00 0.0 0 10.6 25 30 M M 0 32 40
27 69 35 52 -1 13 0 0.00 0.0 0 3.9 13 260 M M 0 16 260
28 73 35 54 1 11 0 0.00 0.0 0 3.4 13 300 M M 0 14 300
29 74 34 54 1 11 0 0.00 0.0 0 4.0 13 300 M M 0 67 210
30 72 36 54 1 11 0 0.00 0.0 0 6.1 20 310 M M 0 24 300
================================================================================
SM 2133 1261 252 8 0.25 0.0 179.9 M 58
================================================================================
AV 71.1 42.0 6.0 FASTST M M 2 MAX(MPH)
MISC ----> # 37 300 # 67 210
================================================================================
NOTES:
# LAST OF SEVERAL OCCURRENCES
COLUMN 17 PEAK WIND IN M.P.H.
PRELIMINARY LOCAL CLIMATOLOGICAL DATA (WS FORM: F-6) , PAGE 2
STATION: SANTA MARIA AIRPORT CA
MONTH: NOVEMBER
YEAR: 2020
LATITUDE: 34 54 N
LONGITUDE: 120 27 W
[TEMPERATURE DATA] [PRECIPITATION DATA] SYMBOLS USED IN COLUMN 16
AVERAGE MONTHLY: 56.6 TOTAL FOR MONTH: 0.25 1 = FOG OR MIST
DPTR FM NORMAL: 0.8 DPTR FM NORMAL: -1.08 2 = FOG REDUCING VISIBILITY
HIGHEST: 92 ON 5 GRTST 24HR 0.23 ON 7- 7 TO 1/4 MILE OR LESS
LOWEST: 33 ON 10, 9 3 = THUNDER
SNOW, ICE PELLETS, HAIL 4 = ICE PELLETS
TOTAL MONTH: 0.0 INCH 5 = HAIL
GRTST 24HR 0.0 6 = FREEZING RAIN OR DRIZZLE
GRTST DEPTH: 0 7 = DUSTSTORM OR SANDSTORM:
VSBY 1/2 MILE OR LESS
8 = SMOKE OR HAZE
[NO. OF DAYS WITH] [WEATHER - DAYS WITH] 9 = BLOWING SNOW
X = TORNADO
MAX 32 OR BELOW: 0 0.01 INCH OR MORE: 3
MAX 90 OR ABOVE: 1 0.10 INCH OR MORE: 1
MIN 32 OR BELOW: 0 0.50 INCH OR MORE: 0
MIN 0 OR BELOW: 0 1.00 INCH OR MORE: 0
[HDD (BASE 65) ]
TOTAL THIS MO. 252 CLEAR (SCALE 0-3) 24
DPTR FM NORMAL -30 PTCLDY (SCALE 4-7) 5
TOTAL FM JUL 1 402 CLOUDY (SCALE 8-10) 1
DPTR FM NORMAL -244
[CDD (BASE 65) ]
TOTAL THIS MO. 8
DPTR FM NORMAL 4 [PRESSURE DATA]
TOTAL FM JAN 1 340 HIGHEST SLP 30.25 ON 28
DPTR FM NORMAL 236 LOWEST SLP 29.66 ON 7
[REMARKS]
#FINAL-11-20#