000
CXUS55 KPIH 191100
CF6SNT
PRELIMINARY LOCAL CLIMATOLOGICAL DATA (WS FORM: F-6)
STATION: STANLEY
MONTH: APRIL
YEAR: 2024
LATITUDE: 44 10 N
LONGITUDE: 114 56 W
TEMPERATURE IN F: :PCPN: SNOW: WIND :SUNSHINE: SKY :PK WND
================================================================================
1 2 3 4 5 6A 6B 7 8 9 10 11 12 13 14 15 16 17 18
12Z AVG MX 2MIN
DY MAX MIN AVG DEP HDD CDD WTR SNW DPTH SPD SPD DIR MIN PSBL S-S WX SPD DR
================================================================================
1 48 12 30 -1 35 0 0.00 M M 3.1 13 320 M M 0 21 330
2 59 17 38 7 27 0 0.00 M M 2.3 7 80 M M 0 10 360
3 54 25 40 9 25 0 0.16 M M 4.3 16 140 M M 0 31 160
4 43 34 39 7 26 0 M M M 3.9 14 130 M M 0 26 140
5 37 27 32 0 33 0 0.16 M M 4.2 13 140 M M 0 22 150
6 35 22 29 -3 36 0 0.07 M M 3.8 15 350 M M 0 26 310
7 38 20 29 -3 36 0 0.00 M M 3.2 13 330 M M 0 23 330
8 42 15 29 -3 36 0 0.00 M M 2.4 10 340 M M 0 16 330
9 47 27 37 4 28 0 0.00 M M 4.1 15 340 M M 0 27 310
10 51 18 35 2 30 0 0.00 M M 3.1 8 310 M M 0 14 300
11 55 16 36 3 29 0 0.00 M M 4.6 17 170 M M 0 26 170
12 60 34 47 14 18 0 0.05 M M 6.5 21 260 M M 0 40 260
13 60 29 45 11 20 0 0.00 M M 4.0 14 140 M M 0 24 160
14 56 23 40 6 25 0 0.00 M M 4.3 18 150 M M 0 34 140
15 50 31 41 7 24 0 0.00 M M 3.1 10 340 M M 0 18 350
16 46 23 35 1 30 0 0.00 M M 2.7 15 320 M M 0 24 320
17 36 19 28 -7 37 0 0.01 M M 6.3 15 340 M M 0 22 320
18 42 9 26 -9 39 0 0.00 M M 3.2 12 20 M M 0 22 330
================================================================================
SM 859 401 534 0 0.45 M 69.1 M 0
================================================================================
AV 47.7 22.3 3.8 FASTST M M 0 MAX(MPH)
MISC ----> 21 260 40 260
================================================================================
NOTES:
# LAST OF SEVERAL OCCURRENCES
COLUMN 17 PEAK WIND IN M.P.H.
PRELIMINARY LOCAL CLIMATOLOGICAL DATA (WS FORM: F-6) , PAGE 2
STATION: STANLEY
MONTH: APRIL
YEAR: 2024
LATITUDE: 44 10 N
LONGITUDE: 114 56 W
[TEMPERATURE DATA] [PRECIPITATION DATA] SYMBOLS USED IN COLUMN 16
AVERAGE MONTHLY: 35.0 TOTAL FOR MONTH: 0.45 1 = FOG OR MIST
DPTR FM NORMAL: 2.2 DPTR FM NORMAL: -0.64 2 = FOG REDUCING VISIBILITY
HIGHEST: 60 ON 13,12 GRTST 24HR 0.22 ON 5- 6 TO 1/4 MILE OR LESS
LOWEST: 9 ON 18 3 = THUNDER
SNOW, ICE PELLETS, HAIL 4 = ICE PELLETS
TOTAL MONTH: M 5 = HAIL
GRTST 24HR M ON M 6 = FREEZING RAIN OR DRIZZLE
GRTST DEPTH: M ON M 7 = DUSTSTORM OR SANDSTORM:
VSBY 1/2 MILE OR LESS
8 = SMOKE OR HAZE
[NO. OF DAYS WITH] [WEATHER - DAYS WITH] 9 = BLOWING SNOW
X = TORNADO
MAX 32 OR BELOW: 0 0.01 INCH OR MORE: 5
MAX 90 OR ABOVE: 0 0.10 INCH OR MORE: 2
MIN 32 OR BELOW: 16 0.50 INCH OR MORE: 0
MIN 0 OR BELOW: 0 1.00 INCH OR MORE: 0
[HDD (BASE 65) ]
TOTAL THIS MO. 534 CLEAR (SCALE 0-3) 18
DPTR FM NORMAL -44 PTCLDY (SCALE 4-7) 0
TOTAL FM JUL 1 8272 CLOUDY (SCALE 8-10) 0
DPTR FM NORMAL -437
[CDD (BASE 65) ]
TOTAL THIS MO. 0
DPTR FM NORMAL 0 [PRESSURE DATA]
TOTAL FM JAN 1 0 HIGHEST SLP M ON M
DPTR FM NORMAL 0 LOWEST SLP 29.30 ON 5
[REMARKS]