000
CXUS55 KCYS 021815
CLMSNY
CLIMATE REPORT
NATIONAL WEATHER SERVICE CHEYENNE WY
1115 AM MST FRI FEB 02 2024
...................................
...THE SIDNEY NEBRASKA AIRPORT CLIMATE SUMMARY FOR THE MONTH OF JANUARY 2024...
CLIMATE NORMAL PERIOD 1991 TO 2020
CLIMATE RECORD PERIOD 1948 TO 2024
WEATHER OBSERVED NORMAL DEPART LAST YEAR`S
VALUE DATE(S) VALUE FROM VALUE DATE(S)
NORMAL
................................................................
TEMPERATURE (F)
RECORD
HIGH 74 01/05/2012
LOW -30 01/19/1963
HIGHEST 66 01/31 MM MM 48
LOWEST -22 01/15 MM MM -18
01/16
AVG. MAXIMUM 37.9 41.6 -3.7 31.8
AVG. MINIMUM 9.9 13.5 -3.6 14.1
MEAN 23.9 27.6 -3.7 22.9
DAYS MAX >= 90 0 0.0 0.0 0
DAYS MAX <= 32 11 7.1 3.9 17
DAYS MIN <= 32 31 30.5 0.5 31
DAYS MIN <= 0 7 3.0 4.0 4
PRECIPITATION (INCHES)
RECORD
MAXIMUM 1.12 1978
TOTALS 0.40 0.14 0.26 0.97
DAYS >= .01 6 2.6 3.4 6
DAYS >= .10 3 0.4 2.6 4
DAYS >= .50 0 0.0 0.0 0
DAYS >= 1.00 0 0.0 0.0 0
GREATEST
24 HR. TOTAL 0.12 01/15 TO 01/15 0.31 01/17 TO 01/18
DEGREE DAYS
HEATING TOTAL 1267 1161 106 1296
SINCE 7/1 3639
COOLING TOTAL 0 0 0 0
SINCE 1/1 0
................................................................
WIND (MPH)
AVERAGE WIND SPEED 10.3
HIGHEST WIND SPEED/DIRECTION 40/350 DATE 01/18
HIGHEST GUST SPEED/DIRECTION 55/340 DATE 01/18
SKY COVER
POSSIBLE SUNSHINE (PERCENT) MM
AVERAGE SKY COVER 0.32
NUMBER OF DAYS FAIR 18
NUMBER OF DAYS PC 8
NUMBER OF DAYS CLOUDY 5
AVERAGE RH (PERCENT) 66
WEATHER CONDITIONS. NUMBER OF DAYS WITH
THUNDERSTORM 0 MIXED PRECIP 0
HEAVY RAIN 0 RAIN 0
LIGHT RAIN 0 FREEZING RAIN 0
LT FREEZING RAIN 1 HAIL 0
HEAVY SNOW 0 SNOW 0
LIGHT SNOW 10 SLEET 0
FOG 9 FOG W/VIS <= 1/4 MILE 3
HAZE 7
- INDICATES NEGATIVE NUMBERS.
R INDICATES RECORD WAS SET OR TIED.
MM INDICATES DATA IS MISSING.
T INDICATES TRACE AMOUNT.
$$