000
CXUS55 KPUB 011310
CF6SPD
PRELIMINARY LOCAL CLIMATOLOGICAL DATA (WS FORM: F-6)
STATION: SPRINGFIELD CO
MONTH: JANUARY
YEAR: 2021
LATITUDE: 37 16 N
LONGITUDE: 102 37 W
TEMPERATURE IN F: :PCPN: SNOW: WIND :SUNSHINE: SKY :PK WND
================================================================================
1 2 3 4 5 6A 6B 7 8 9 10 11 12 13 14 15 16 17 18
12Z AVG MX 2MIN
DY MAX MIN AVG DEP HDD CDD WTR SNW DPTH SPD SPD DIR MIN PSBL S-S WX SPD DR
================================================================================
1 42 15 29 -2 36 0 0.00 M M 14.3 25 330 M M 0 32 330
2 52 17 35 4 30 0 0.00 M M 7.3 16 160 M M 0 20 300
3 56 17 37 6 28 0 0.00 M M 9.9 24 310 M M 0 32 310
4 54 26 40 9 25 0 0.00 M M 11.1 23 320 M M 0 30 320
5 67 32 50 18 15 0 0.03 M M 17.9 36 10 M M 0 45 10
6 47 18 33 1 32 0 0.00 M M 18.4 33 340 M M 0 42 330
7 46 15 31 -1 34 0 0.00 M M 5.7 13 100 M M 0 16 100
8 48 14 31 -1 34 0 0.00 M M 6.2 16 320 M M 0 21 10
9 33 21 27 -5 38 0 0.15 M M 6.3 13 50 M M 0 16 50
10 34 10 22 -10 43 0 0.07 M M 5.5 12 340 M M 0 14 340
11 37 7 22 -10 43 0 0.00 M M 6.5 14 300 M M 0 18 300
12 48 11 30 -2 35 0 0.00 M M 7.6 16 290 M M 0 19 290
13 63 26 45 13 20 0 0.00 M M 13.1 21 290 M M 0 27 300
14 46 23 35 3 30 0 0.00 M M 19.8 51 10 M M 0 68 10
15 44 25 35 3 30 0 0.00 M M 21.0 45 340 M M 0 56 350
16 52 25 39 7 26 0 0.00 M M 12.6 30 350 M M 0 37 360
17 47 21 34 2 31 0 0.00 M M 9.3 17 190 M M 0 21 220
18 47 28 38 6 27 0 0.00 M M 15.4 31 360 M M 0 41 360
19 42 22 32 0 33 0 0.00 M M 9.5 18 340 M M 0 23 30
20 65 25 45 13 20 0 0.00 M M 8.4 20 300 M M 0 28 290
21 59 26 43 11 22 0 0.00 M M 8.7 21 30 M M 0 27 30
22 49 16 33 1 32 0 0.00 M M 13.0 22 160 M M 0 30 170
23 64 28 46 13 19 0 0.00 0.0 0 16.7 29 190 M M 0 36 180
24 39 20 30 -3 35 0 0.00 0.0 0 9.5 21 360 M M 0 26 360
25 33 21 27 -6 38 0 0.08 M M 10.9 22 310 M M 0 28 320
26 25 14 20 -13 45 0 0.15 M M 10.2 18 20 M M 0 23 340
27 43 -1 21 -12 44 0 0.00 M M 11.5 23 190 M M 0 27 190
28 62 21 42 9 23 0 0.00 M M 12.6 26 210 M M 0 39 220
29 67 33 50 17 15 0 0.00 M M 12.2 25 220 M M 0 37 220
30 55 30 43 10 22 0 0.00 M M 20.4 44 330 M M 0 58 340
31 50 21 36 3 29 0 0.00 M M 10.8 24 360 M M 0 32 350
================================================================================
SM 1516 627 934 0 0.48 0.0 362.3 M 0
================================================================================
AV 48.9 20.2 11.7 FASTST M M 0 MAX(MPH)
MISC ----> 51 10 68 10
================================================================================
NOTES:
# LAST OF SEVERAL OCCURRENCES
COLUMN 17 PEAK WIND IN M.P.H.
PRELIMINARY LOCAL CLIMATOLOGICAL DATA (WS FORM: F-6) , PAGE 2
STATION: SPRINGFIELD CO
MONTH: JANUARY
YEAR: 2021
LATITUDE: 37 16 N
LONGITUDE: 102 37 W
[TEMPERATURE DATA] [PRECIPITATION DATA] SYMBOLS USED IN COLUMN 16
AVERAGE MONTHLY: 34.6 TOTAL FOR MONTH: 0.48 1 = FOG OR MIST
DPTR FM NORMAL: 2.4 DPTR FM NORMAL: 0.11 2 = FOG REDUCING VISIBILITY
HIGHEST: 67 ON 29, 5 GRTST 24HR 0.24 ON 9-10 TO 1/4 MILE OR LESS
LOWEST: -1 ON 27 3 = THUNDER
SNOW, ICE PELLETS, HAIL 4 = ICE PELLETS
TOTAL MONTH: 0.0 INCH 5 = HAIL
GRTST 24HR 0.0 6 = FREEZING RAIN OR DRIZZLE
GRTST DEPTH: 0 7 = DUSTSTORM OR SANDSTORM:
VSBY 1/2 MILE OR LESS
8 = SMOKE OR HAZE
[NO. OF DAYS WITH] [WEATHER - DAYS WITH] 9 = BLOWING SNOW
X = TORNADO
MAX 32 OR BELOW: 1 0.01 INCH OR MORE: 5
MAX 90 OR ABOVE: 0 0.10 INCH OR MORE: 2
MIN 32 OR BELOW: 30 0.50 INCH OR MORE: 0
MIN 0 OR BELOW: 1 1.00 INCH OR MORE: 0
[HDD (BASE 65) ]
TOTAL THIS MO. 934 CLEAR (SCALE 0-3) 31
DPTR FM NORMAL -84 PTCLDY (SCALE 4-7) 0
TOTAL FM JUL 1 2831 CLOUDY (SCALE 8-10) 0
DPTR FM NORMAL -346
[CDD (BASE 65) ]
TOTAL THIS MO. 0
DPTR FM NORMAL 0 [PRESSURE DATA]
TOTAL FM JAN 1 0 HIGHEST SLP 30.51 ON 19
DPTR FM NORMAL 0 LOWEST SLP 29.36 ON 30
[REMARKS]
#FINAL-01-21#