000
CXUS53 KILX 012300
CF6SPI
PRELIMINARY LOCAL CLIMATOLOGICAL DATA (WS FORM: F-6)
STATION: SPRINGFIELD IL
MONTH: FEBRUARY
YEAR: 2020
LATITUDE: 39 50 N
LONGITUDE: 89 41 W
TEMPERATURE IN F: :PCPN: SNOW: WIND :SUNSHINE: SKY :PK WND
================================================================================
1 2 3 4 5 6A 6B 7 8 9 10 11 12 13 14 15 16 17 18
12Z AVG MX 2MIN
DY MAX MIN AVG DEP HDD CDD WTR SNW DPTH SPD SPD DIR MIN PSBL S-S WX SPD DR
================================================================================
1 39 34 37 9 28 0 T 0.0 0 9.8 20 200 M M 10 1 29 200
2 59 35 47 19 18 0 0.00 0.0 0 9.0 20 260 M M 0 26 260
3 66 33 50 22 15 0 0.00 0.0 0 8.5 18 180 M M 1 18 26 180
4 42 31 37 9 28 0 0.10 0.2 0 14.8 23 30 M M 9 18 31 10
5 32 26 29 1 36 0 0.31 2.7 T 14.2 21 30 M M 10 128 29 30
6 30 25 28 -1 37 0 0.02 0.2 3 9.2 17 350 M M 10 1 25 10
7 33 22 28 -1 37 0 0.04 0.8 3 6.7 14 200 M M 8 18 17 200
8 31 22 27 -2 38 0 T T 2 9.1 15 250 M M 8 18 19 260
9 39 26 33 4 32 0 0.61 0.0 2 11.6 28 160 M M 10 18 39 160
10 36 29 33 3 32 0 0.00 0.0 0 7.6 15 10 M M 8 18 21 350
11 43 29 36 6 29 0 0.00 0.0 0 5.2 15 270 M M 5 18 20 270
12 36 27 32 2 33 0 0.40 2.4 0 6.7 14 170 M M 6 12 17 170
13 32 -1 16 -14 49 0 0.02 0.3 3 14.6 24 310 M M 7 18 32 310
14 17 -5 6 -25 59 0 0.00 0.0 2 6.2 17 160 M M 0 21 160
15 38 17 28 -3 37 0 0.00 0.0 2 12.4 22 180 M M 8 30 180
16 44 17 31 0 34 0 0.00 0.0 2 3.0 9 110 M M 1 12 12 110
17 45 33 39 7 26 0 0.68 0.0 T 9.3 15 130 M M 9 12 21 130
18 43 28 36 4 29 0 0.00 0.0 0 13.0 23 300 M M 4 128 32 310
19 36 22 29 -3 36 0 0.00 0.0 0 8.9 15 30 M M 1 20 30
20 28 17 23 -10 42 0 0.00 0.0 0 11.4 20 360 M M 2 26 20
21 37 13 25 -8 40 0 0.00 0.0 0 8.6 20 190 M M 0 26 190
22 50 25 38 4 27 0 0.00 0.0 0 11.9 22 190 M M 0 28 190
23 59 35 47 13 18 0 0.00 0.0 0 9.5 16 180 M M 0 20 190
24 45 38 42 8 23 0 0.43 0.0 0 10.9 22 40 M M 8 1 29 20
25 38 32 35 0 30 0 0.42 0.9 0 14.2 21 20 M M 10 1 30 360
26 33 26 30 -5 35 0 0.24 3.2 3 13.8 22 330 M M 10 1 31 330
27 41 19 30 -6 35 0 0.00 0.0 2 9.8 22 250 M M 6 29 250
28 37 25 31 -5 34 0 0.01 T 0 7.6 18 310 M M 7 18 26 310
29 41 18 30 -6 35 0 0.00 0.0 0 8.1 20 170 M M 0 29 170
================================================================================
SM 1150 698 952 0 3.28 10.7 285.6 M 158
================================================================================
AV 39.7 24.1 9.8 FASTST M M 5 MAX(MPH)
MISC ----> # 28 160 # 39 160
================================================================================
NOTES:
# LAST OF SEVERAL OCCURRENCES
COLUMN 17 PEAK WIND IN M.P.H.
PRELIMINARY LOCAL CLIMATOLOGICAL DATA (WS FORM: F-6) , PAGE 2
STATION: SPRINGFIELD IL
MONTH: FEBRUARY
YEAR: 2020
LATITUDE: 39 50 N
LONGITUDE: 89 41 W
[TEMPERATURE DATA] [PRECIPITATION DATA] SYMBOLS USED IN COLUMN 16
AVERAGE MONTHLY: 31.9 TOTAL FOR MONTH: 3.28 1 = FOG OR MIST
DPTR FM NORMAL: 0.7 DPTR FM NORMAL: 1.47 2 = FOG REDUCING VISIBILITY
HIGHEST: 66 ON 3 GRTST 24HR 0.68 ON 17-17 TO 1/4 MILE OR LESS
LOWEST: -5 ON 14 3 = THUNDER
SNOW, ICE PELLETS, HAIL 4 = ICE PELLETS
TOTAL MONTH: 10.7 INCHES 5 = HAIL
GRTST 24HR 3.2 ON 26-26 6 = FREEZING RAIN OR DRIZZLE
GRTST DEPTH: 3 ON 26,13 7 = DUSTSTORM OR SANDSTORM:
VSBY 1/2 MILE OR LESS
8 = SMOKE OR HAZE
[NO. OF DAYS WITH] [WEATHER - DAYS WITH] 9 = BLOWING SNOW
X = TORNADO
MAX 32 OR BELOW: 6 0.01 INCH OR MORE: 12
MAX 90 OR ABOVE: 0 0.10 INCH OR MORE: 8
MIN 32 OR BELOW: 23 0.50 INCH OR MORE: 2
MIN 0 OR BELOW: 2 1.00 INCH OR MORE: 0
[HDD (BASE 65) ]
TOTAL THIS MO. 952 CLEAR (SCALE 0-3) 10
DPTR FM NORMAL 7 PTCLDY (SCALE 4-7) 8
TOTAL FM JUL 1 4070 CLOUDY (SCALE 8-10) 11
DPTR FM NORMAL -230
[CDD (BASE 65) ]
TOTAL THIS MO. 0
DPTR FM NORMAL 0 [PRESSURE DATA]
TOTAL FM JAN 1 0 HIGHEST SLP 30.76 ON 20
DPTR FM NORMAL 0 LOWEST SLP 29.57 ON 3
[REMARKS]
#FINAL-02-20#