000
CXUS54 KOUN 010810
CF6SPS
PRELIMINARY LOCAL CLIMATOLOGICAL DATA (WS FORM: F-6)
STATION: WICHITA FALLS
MONTH: OCTOBER
YEAR: 2022
LATITUDE: 33 58 N
LONGITUDE: 98 29 W
TEMPERATURE IN F: :PCPN: SNOW: WIND :SUNSHINE: SKY :PK WND
================================================================================
1 2 3 4 5 6A 6B 7 8 9 10 11 12 13 14 15 16 17 18
12Z AVG MX 2MIN
DY MAX MIN AVG DEP HDD CDD WTR SNW DPTH SPD SPD DIR MIN PSBL S-S WX SPD DR
================================================================================
1 86 54 70 0 0 5 0.00 0.0 0 6.4 15 110 M M 0 20 110
2 86 50 68 -2 0 3 0.00 0.0 0 4.7 15 110 M M 0 18 110
3 86 52 69 -1 0 4 0.00 0.0 0 5.5 16 140 M M 0 20 150
4 87 50 69 0 0 4 0.00 0.0 0 5.9 17 170 M M 0 21 180
5 90 56 73 4 0 8 0.00 0.0 0 6.1 13 170 M M 2 17 170
6 91 64 78 10 0 13 0.00 0.0 0 5.3 15 20 M M 5 19 10
7 80 60 70 2 0 5 0.00 0.0 0 12.1 24 30 M M 8 29 20
8 63 51 57 -11 8 0 0.03 0.0 0 9.4 20 20 M M 9 24 40
9 77 53 65 -2 0 0 0.00 0.0 0 4.1 12 180 M M 4 16 150
10 82 62 72 5 0 7 0.07 0.0 0 5.7 22 270 M M 6 1 26 280
11 83 61 72 5 0 7 0.13 0.0 0 11.9 28 180 M M 4 12 34 190
12 88 57 73 7 0 8 0.00 0.0 0 12.2 23 30 M M 0 29 30
13 79 48 64 -2 1 0 0.00 0.0 0 7.5 15 20 M M 0 20 30
14 89 50 70 5 0 5 0.00 0.0 0 10.4 21 200 M M 0 26 200
15 94 62 78 13 0 13 0.00 0.0 0 11.5 23 210 M M 0 27 210
16 76 59 68 3 0 3 0.31 0.0 0 11.8 31 40 M M 9 13 39 40
17 67 46 57 -7 8 0 0.00 0.0 0 10.3 24 40 M M 6 29 40
18 62 39 51 -13 14 0 0.00 0.0 0 7.1 16 20 M M 0 23 20
19 74 36 55 -8 10 0 0.00 0.0 0 7.0 15 210 M M 0 20 200
20 84 54 69 6 0 4 0.00 0.0 0 10.8 18 240 M M 0 23 280
21 93 45 69 6 0 4 0.00 0.0 0 14.2 29 200 M M 0 34 200
22 97 66 82 20 0 17 0.00 0.0 0 21.8 33 240 M M 0 41 240
23 91 67 79 17 0 14 0.00 0.0 0 21.8 32 180 M M 0 40 170
24 77 51 64 3 1 0 1.16 0.0 0 14.0 32 320 M M 8 13 43 320
25 70 45 58 -3 7 0 0.16 0.0 0 11.4 45 330 M M 2 1 60 320
26 74 42 58 -3 7 0 0.00 0.0 0 9.8 20 150 M M 0 26 150
27 76 48 62 2 3 0 0.00 0.0 M 16.3 29 150 M M 5 3 37 150
28 60 51 56 -4 9 0 1.92 0.0 M 15.0 31 70 M M 10 13 36 70
29 66 52 59 -1 6 0 0.01 0.0 M 10.7 17 350 M M 9 1 21 350
30 74 50 62 3 3 0 0.00 0.0 M 8.1 16 320 M M 0 20 310
31 77 47 62 3 3 0 0.00 0.0 M 4.3 12 170 M M 2 8 13 240
================================================================================
SM 2479 1628 80 124 3.79 0.0 313.1 M 89
================================================================================
AV 80.0 52.5 10.1 FASTST M M 3 MAX(MPH)
MISC ----> 45 330 60 320
================================================================================
NOTES:
# LAST OF SEVERAL OCCURRENCES
COLUMN 17 PEAK WIND IN M.P.H.
PRELIMINARY LOCAL CLIMATOLOGICAL DATA (WS FORM: F-6) , PAGE 2
STATION: WICHITA FALLS
MONTH: OCTOBER
YEAR: 2022
LATITUDE: 33 58 N
LONGITUDE: 98 29 W
[TEMPERATURE DATA] [PRECIPITATION DATA] SYMBOLS USED IN COLUMN 16
AVERAGE MONTHLY: 66.2 TOTAL FOR MONTH: 3.79 1 = FOG OR MIST
DPTR FM NORMAL: 1.6 DPTR FM NORMAL: 0.91 2 = FOG REDUCING VISIBILITY
HIGHEST: 97 ON 22 GRTST 24HR 1.92 ON 28-28 TO 1/4 MILE OR LESS
LOWEST: 36 ON 19 3 = THUNDER
SNOW, ICE PELLETS, HAIL 4 = ICE PELLETS
TOTAL MONTH: 0.0 INCH 5 = HAIL
GRTST 24HR 0.0 6 = FREEZING RAIN OR DRIZZLE
GRTST DEPTH: 0 7 = DUSTSTORM OR SANDSTORM:
VSBY 1/2 MILE OR LESS
8 = SMOKE OR HAZE
[NO. OF DAYS WITH] [WEATHER - DAYS WITH] 9 = BLOWING SNOW
X = TORNADO
MAX 32 OR BELOW: 0 0.01 INCH OR MORE: 8
MAX 90 OR ABOVE: 6 0.10 INCH OR MORE: 5
MIN 32 OR BELOW: 0 0.50 INCH OR MORE: 2
MIN 0 OR BELOW: 0 1.00 INCH OR MORE: 2
[HDD (BASE 65) ]
TOTAL THIS MO. 80 CLEAR (SCALE 0-3) 19
DPTR FM NORMAL -36 PTCLDY (SCALE 4-7) 7
TOTAL FM JUL 1 80 CLOUDY (SCALE 8-10) 5
DPTR FM NORMAL -47
[CDD (BASE 65) ]
TOTAL THIS MO. 124
DPTR FM NORMAL 20 [PRESSURE DATA]
TOTAL FM JAN 1 3077 HIGHEST SLP M ON M
DPTR FM NORMAL 644 LOWEST SLP 29.54 ON 22
[REMARKS]
#FINAL-10-22#