000
CXUS54 KLZK 011130
CF6SRC
PRELIMINARY LOCAL CLIMATOLOGICAL DATA (WS FORM: F-6)
STATION: SEARCY AIRPORT
MONTH: APRIL
YEAR: 2021
LATITUDE: 35 12 N
LONGITUDE: 91 44 W
TEMPERATURE IN F: :PCPN: SNOW: WIND :SUNSHINE: SKY :PK WND
================================================================================
1 2 3 4 5 6A 6B 7 8 9 10 11 12 13 14 15 16 17 18
12Z AVG MX 2MIN
DY MAX MIN AVG DEP HDD CDD WTR SNW DPTH SPD SPD DIR MIN PSBL S-S WX SPD DR
================================================================================
1 M M M M M M 0.00 M M 6.4 16 30 M M 0 21 30
2 M M M M M M 0.00 M M 3.7 9 70 M M 0 M M
3 M M M M M M 0.00 M M 4.2 14 170 M M 0 M M
4 M M M M M M 0.00 M M 4.0 13 190 M M 0 16 200
5 M M M M M M 0.00 M M 4.6 15 180 M M 4 20 210
6 M M M M M M 0.00 M M 7.5 14 160 M M 3 18 24 200
7 73 57 65 7 0 0 0.96 M M 11.1 22 170 M M 7 13 29 190
8 76 44 60 2 5 0 0.00 M M 7.0 16 240 M M 0 26 240
9 80 46 63 5 2 0 0.02 M M 4.1 15 180 M M 2 3 18 180
10 67 47 57 -2 8 0 0.22 M M 7.7 17 250 M M 2 3 30 240
11 78 43 61 2 4 0 0.00 M M 5.6 13 260 M M 0 20 260
12 82 46 64 5 1 0 0.00 M M 2.6 10 150 M M 0 1 17 150
13 71 54 63 3 2 0 T M M 11.9 23 50 M M 5 25 30
14 61 50 56 -4 9 0 0.63 M M 8.0 16 10 M M 8 1 24 10
15 64 48 56 -4 9 0 0.03 M M 5.8 15 20 M M 3 20 20
16 61 47 54 -6 11 0 T M M 6.4 12 90 M M 8 M M
17 65 51 58 -3 7 0 0.00 M M 5.6 10 340 M M 10 M M
18 63 42 53 -8 12 0 T M M 3.8 18 330 M M 6 35 330
19 71 37 54 -7 11 0 0.00 M M 2.2 9 250 M M 0 12 M M
20 75 36 56 -6 9 0 0.00 M M 6.7 17 360 M M 3 29 340
21 60 28 44 -18 21 0 0.00 M M 2.2 8 320 M M 0 M M
22 66 39 53 -9 12 0 0.00 M M 4.5 9 110 M M 3 M M
23 64 49 57 -6 8 0 0.02 M M 6.4 9 70 M M 10 1 M M
24 64 48 56 -7 9 0 0.08 M M 5.7 12 300 M M 8 1 22 320
25 75 42 59 -4 6 0 0.00 0.0 0 3.7 9 160 M M 0 12 M M
26 80 47 64 0 1 0 0.00 0.0 0 8.3 18 160 M M 0 1 23 160
27 77 56 67 3 0 2 0.00 0.0 0 8.1 16 180 M M 4 24 190
28 80 64 72 8 0 7 0.06 M M 6.7 15 170 M M 6 1 16 190
29 75 63 69 5 0 4 0.03 M M 6.0 14 180 M M 7 13 24 260
30 80 53 67 2 0 2 0.02 M M 4.4 8 170 M M 0 M M
================================================================================
SM 1708 1137 147 15 2.07 0.0 175.0 M 99
================================================================================
AV 71.2 47.4 5.8 FASTST M M 3 MAX(MPH)
MISC ----> 23 50 35 330
================================================================================
NOTES:
# LAST OF SEVERAL OCCURRENCES
COLUMN 17 PEAK WIND IN M.P.H.
PRELIMINARY LOCAL CLIMATOLOGICAL DATA (WS FORM: F-6) , PAGE 2
STATION: SEARCY AIRPORT
MONTH: APRIL
YEAR: 2021
LATITUDE: 35 12 N
LONGITUDE: 91 44 W
[TEMPERATURE DATA] [PRECIPITATION DATA] SYMBOLS USED IN COLUMN 16
AVERAGE MONTHLY: 59.3 TOTAL FOR MONTH: 2.07 1 = FOG OR MIST
DPTR FM NORMAL: -1.1 DPTR FM NORMAL: -2.89 2 = FOG REDUCING VISIBILITY
HIGHEST: 82 ON 12 GRTST 24HR 0.96 ON 7- 7 TO 1/4 MILE OR LESS
LOWEST: 28 ON 21 3 = THUNDER
SNOW, ICE PELLETS, HAIL 4 = ICE PELLETS
TOTAL MONTH: 0.0 INCH 5 = HAIL
GRTST 24HR 0.0 6 = FREEZING RAIN OR DRIZZLE
GRTST DEPTH: 0 7 = DUSTSTORM OR SANDSTORM:
VSBY 1/2 MILE OR LESS
8 = SMOKE OR HAZE
[NO. OF DAYS WITH] [WEATHER - DAYS WITH] 9 = BLOWING SNOW
X = TORNADO
MAX 32 OR BELOW: 0 0.01 INCH OR MORE: 10
MAX 90 OR ABOVE: 0 0.10 INCH OR MORE: 3
MIN 32 OR BELOW: 1 0.50 INCH OR MORE: 2
MIN 0 OR BELOW: 0 1.00 INCH OR MORE: 0
[HDD (BASE 65) ]
TOTAL THIS MO. 147 CLEAR (SCALE 0-3) 16
DPTR FM NORMAL -35 PTCLDY (SCALE 4-7) 10
TOTAL FM JUL 1 3250 CLOUDY (SCALE 8-10) 4
DPTR FM NORMAL -249
[CDD (BASE 65) ]
TOTAL THIS MO. 15
DPTR FM NORMAL -28 [PRESSURE DATA]
TOTAL FM JAN 1 17 HIGHEST SLP 30.35 ON 21
DPTR FM NORMAL -35 LOWEST SLP 29.55 ON 10
[REMARKS]
#FINAL-04-21#