000
CXUS52 KTBW 191000
CF6SRQ
PRELIMINARY LOCAL CLIMATOLOGICAL DATA (WS FORM: F-6)
STATION: SARASOTA BRADENTON
MONTH: APRIL
YEAR: 2024
LATITUDE: 27 23 N
LONGITUDE: 82 33 W
TEMPERATURE IN F: :PCPN: SNOW: WIND :SUNSHINE: SKY :PK WND
================================================================================
1 2 3 4 5 6A 6B 7 8 9 10 11 12 13 14 15 16 17 18
12Z AVG MX 2MIN
DY MAX MIN AVG DEP HDD CDD WTR SNW DPTH SPD SPD DIR MIN PSBL S-S WX SPD DR
================================================================================
1 80 60 70 0 0 5 0.00 0.0 0 7.0 17 200 M M 0 25 200
2 82 63 73 3 0 8 0.00 0.0 0 12.4 23 190 M M 0 8 31 190
3 80 67 74 4 0 9 0.51 0.0 0 15.5 30 280 M M 7 13 49 290
4 76 64 70 -1 0 5 0.00 0.0 0 12.9 21 290 M M 0 27 310
5 77 57 67 -4 0 2 0.00 0.0 0 10.6 20 290 M M 0 26 300
6 76 58 67 -4 0 2 0.00 0.0 0 10.5 20 310 M M 0 8 30 280
7 81 56 69 -2 0 4 0.00 0.0 0 6.9 17 290 M M 0 21 290
8 82 59 71 0 0 6 0.00 0.0 0 11.1 20 130 M M 0 26 100
9 85 62 74 3 0 9 0.00 0.0 0 11.3 23 140 M M 4 31 140
10 85 65 75 3 0 10 0.00 0.0 0 16.6 26 180 M M 1 36 190
11 79 71 75 3 0 10 0.52 0.0 0 19.3 33 180 M M 5 13 48 170
12 78 64 71 -1 0 6 0.00 0.0 0 12.5 23 300 M M 1 32 340
13 82 56 69 -3 0 4 0.00 0.0 0 6.1 17 20 M M 0 24 10
14 83 56 70 -2 0 5 0.00 0.0 0 6.3 17 270 M M 0 8 25 290
15 78 58 68 -4 0 3 0.00 0.0 0 6.5 14 290 M M 0 19 270
16 88 59 74 1 0 9 0.00 0.0 0 7.9 17 100 M M 0 26 250
17 85 64 75 2 0 10 0.00 0.0 0 8.1 17 100 M M 0 8 30 100
18 81 65 73 0 0 8 0.00 0.0 0 6.8 14 270 M M 0 22 250
================================================================================
SM 1458 1104 0 115 1.03 0.0 188.3 M 18
================================================================================
AV 81.0 61.3 10.5 FASTST M M 1 MAX(MPH)
MISC ----> 33 180 49 290
================================================================================
NOTES:
# LAST OF SEVERAL OCCURRENCES
COLUMN 17 PEAK WIND IN M.P.H.
PRELIMINARY LOCAL CLIMATOLOGICAL DATA (WS FORM: F-6) , PAGE 2
STATION: SARASOTA BRADENTON
MONTH: APRIL
YEAR: 2024
LATITUDE: 27 23 N
LONGITUDE: 82 33 W
[TEMPERATURE DATA] [PRECIPITATION DATA] SYMBOLS USED IN COLUMN 16
AVERAGE MONTHLY: 71.2 TOTAL FOR MONTH: 1.03 1 = FOG OR MIST
DPTR FM NORMAL: -0.3 DPTR FM NORMAL: -0.51 2 = FOG REDUCING VISIBILITY
HIGHEST: 88 ON 16 GRTST 24HR 0.52 ON 11-11 TO 1/4 MILE OR LESS
LOWEST: 56 ON 14,13 3 = THUNDER
SNOW, ICE PELLETS, HAIL 4 = ICE PELLETS
TOTAL MONTH: 0.0 INCH 5 = HAIL
GRTST 24HR 0.0 6 = FREEZING RAIN OR DRIZZLE
GRTST DEPTH: 0 7 = DUSTSTORM OR SANDSTORM:
VSBY 1/2 MILE OR LESS
8 = SMOKE OR HAZE
[NO. OF DAYS WITH] [WEATHER - DAYS WITH] 9 = BLOWING SNOW
X = TORNADO
MAX 32 OR BELOW: 0 0.01 INCH OR MORE: 2
MAX 90 OR ABOVE: 0 0.10 INCH OR MORE: 2
MIN 32 OR BELOW: 0 0.50 INCH OR MORE: 2
MIN 0 OR BELOW: 0 1.00 INCH OR MORE: 0
[HDD (BASE 65) ]
TOTAL THIS MO. 0 CLEAR (SCALE 0-3) 15
DPTR FM NORMAL -2 PTCLDY (SCALE 4-7) 3
TOTAL FM JUL 1 267 CLOUDY (SCALE 8-10) 0
DPTR FM NORMAL -123
[CDD (BASE 65) ]
TOTAL THIS MO. 115
DPTR FM NORMAL -8 [PRESSURE DATA]
TOTAL FM JAN 1 441 HIGHEST SLP M ON M
DPTR FM NORMAL 44 LOWEST SLP 29.68 ON 3
[REMARKS]