000
CXUS53 KEAX 010736
CF6STJ
PRELIMINARY LOCAL CLIMATOLOGICAL DATA (WS FORM: F-6)
STATION: ST. JOSEPH MO
MONTH: OCTOBER
YEAR: 2022
LATITUDE: 39 46 N
LONGITUDE: 94 55 W
TEMPERATURE IN F: :PCPN: SNOW: WIND :SUNSHINE: SKY :PK WND
================================================================================
1 2 3 4 5 6A 6B 7 8 9 10 11 12 13 14 15 16 17 18
12Z AVG MX 2MIN
DY MAX MIN AVG DEP HDD CDD WTR SNW DPTH SPD SPD DIR MIN PSBL S-S WX SPD DR
================================================================================
1 75 40 58 -4 7 0 0.00 M M 3.5 13 150 M M 0 19 160
2 77 41 59 -2 6 0 0.00 M M 3.0 12 130 M M 0 8 17 130
3 78 42 60 -1 5 0 0.00 M M 4.6 13 130 M M 0 19 150
4 82 46 64 4 1 0 T M M 7.3 14 120 M M 0 19 170
5 80 48 64 4 1 0 T M M 6.3 17 320 M M 4 24 320
6 81 44 63 3 2 0 0.00 M M 6.7 20 10 M M 1 18 28 10
7 60 31 46 -13 19 0 0.00 M M 7.5 16 10 M M 2 23 30
8 64 26 45 -14 20 0 0.00 M M 3.6 14 240 M M 2 12 20 200
9 77 33 55 -3 10 0 0.00 M M 4.2 18 230 M M 0 2 38 230
10 79 35 57 -1 8 0 0.00 M M 3.7 14 170 M M 2 128 19 190
11 80 60 70 12 0 5 0.00 M M 14.8 28 180 M M 4 38 180
12 71 45 58 1 7 0 0.21 M M 10.4 25 310 M M 2 13 38 320
13 62 33 48 -9 17 0 0.00 M M 13.8 31 310 M M 0 45 330
14 70 31 51 -5 14 0 T M M 10.2 26 290 M M 2 43 290
15 71 24 48 -8 17 0 0.00 M M 4.9 15 230 M M 1 128 21 230
16 62 31 47 -8 18 0 0.00 M M 7.7 23 330 M M 2 18 31 320
17 48 24 36 -19 29 0 0.00 M M 11.9 26 320 M M 0 33 350
18 43 15 29 -25 36 0 0.00 M M 8.6 20 360 M M 0 33 350
19 M M M M M M 0.00 M M M M M M M 0 M M
20 M M M M M M 0.00 M M 2.6 13 330 M M 0 18 330
21 85 36 61 8 4 0 0.00 M M 10.5 22 210 M M 0 29 200
22 80 55 68 15 0 3 0.00 M M 13.8 24 200 M M 0 38 180
23 84 63 74 22 0 9 0.02 M M 21.1 36 210 M M 0 38 51 180
24 73 40 57 5 8 0 0.74 M M 11.1 31 180 M M 8 1 43 180
25 55 31 43 -8 22 0 0.00 M M 8.1 24 350 M M 1 12 33 340
26 59 28 44 -7 21 0 0.00 M M 3.2 10 90 M M 1 15 90
27 61 39 50 -1 15 0 0.00 M M 10.6 23 130 M M 0 30 150
28 66 36 51 1 14 0 0.00 M M 2.1 10 90 M M 2 18 15 70
29 66 31 49 -1 16 0 0.00 M M 2.6 10 110 M M 0 14 110
30 65 41 53 4 12 0 0.00 M M 4.4 12 360 M M 0 8 17 330
31 68 37 53 4 12 0 0.00 M M 2.9 10 310 M M 1 14 300
================================================================================
SM 2022 1086 341 17 0.97 M 225.7 M 35
================================================================================
AV 69.7 37.4 7.5 FASTST M M 1 MAX(MPH)
MISC ----> 36 210 51 180
================================================================================
NOTES:
# LAST OF SEVERAL OCCURRENCES
COLUMN 17 PEAK WIND IN M.P.H.
PRELIMINARY LOCAL CLIMATOLOGICAL DATA (WS FORM: F-6) , PAGE 2
STATION: ST. JOSEPH MO
MONTH: OCTOBER
YEAR: 2022
LATITUDE: 39 46 N
LONGITUDE: 94 55 W
[TEMPERATURE DATA] [PRECIPITATION DATA] SYMBOLS USED IN COLUMN 16
AVERAGE MONTHLY: 53.6 TOTAL FOR MONTH: 0.97 1 = FOG OR MIST
DPTR FM NORMAL: -1.7 DPTR FM NORMAL: -1.87 2 = FOG REDUCING VISIBILITY
HIGHEST: 85 ON 21 GRTST 24HR 0.74 ON 24-24 TO 1/4 MILE OR LESS
LOWEST: 15 ON 18 3 = THUNDER
SNOW, ICE PELLETS, HAIL 4 = ICE PELLETS
TOTAL MONTH: M 5 = HAIL
GRTST 24HR M ON M 6 = FREEZING RAIN OR DRIZZLE
GRTST DEPTH: M ON M 7 = DUSTSTORM OR SANDSTORM:
VSBY 1/2 MILE OR LESS
8 = SMOKE OR HAZE
[NO. OF DAYS WITH] [WEATHER - DAYS WITH] 9 = BLOWING SNOW
X = TORNADO
MAX 32 OR BELOW: 0 0.01 INCH OR MORE: 3
MAX 90 OR ABOVE: 0 0.10 INCH OR MORE: 2
MIN 32 OR BELOW: 10 0.50 INCH OR MORE: 1
MIN 0 OR BELOW: 0 1.00 INCH OR MORE: 0
[HDD (BASE 65) ]
TOTAL THIS MO. 341 CLEAR (SCALE 0-3) 28
DPTR FM NORMAL 15 PTCLDY (SCALE 4-7) 3
TOTAL FM JUL 1 415 CLOUDY (SCALE 8-10) 0
DPTR FM NORMAL 14
[CDD (BASE 65) ]
TOTAL THIS MO. 17
DPTR FM NORMAL -8 [PRESSURE DATA]
TOTAL FM JAN 1 1172 HIGHEST SLP M ON M
DPTR FM NORMAL -114 LOWEST SLP 29.45 ON 23
[REMARKS]
#FINAL-10-22#