000
CXUS53 KEAX 010836
CF6STJ
PRELIMINARY LOCAL CLIMATOLOGICAL DATA (WS FORM: F-6)
STATION: ST. JOSEPH MO
MONTH: NOVEMBER
YEAR: 2023
LATITUDE: 39 46 N
LONGITUDE: 94 55 W
TEMPERATURE IN F: :PCPN: SNOW: WIND :SUNSHINE: SKY :PK WND
================================================================================
1 2 3 4 5 6A 6B 7 8 9 10 11 12 13 14 15 16 17 18
12Z AVG MX 2MIN
DY MAX MIN AVG DEP HDD CDD WTR SNW DPTH SPD SPD DIR MIN PSBL S-S WX SPD DR
================================================================================
1 52 15 34 -14 31 0 0.00 M M 7.5 22 200 M M 0 12 29 210
2 64 25 45 -3 20 0 0.00 M M 9.2 18 200 M M 0 8 25 220
3 66 40 53 6 12 0 T M M 10.7 23 220 M M 1 8 31 230
4 53 33 43 -4 22 0 T M M 1.3 9 220 M M 5 12 11 220
5 73 29 51 5 14 0 0.00 M M 7.3 21 170 M M 3 12 29 170
6 74 43 59 13 6 0 0.00 M M 4.4 14 200 M M 0 128 19 190
7 77 38 58 12 7 0 0.00 M M 6.8 20 150 M M 3 1 26 150
8 70 47 59 14 6 0 0.00 M M 9.6 25 340 M M 6 12 35 340
9 63 29 46 1 19 0 0.00 M M 4.1 22 350 M M 0 18 29 350
10 56 24 40 -4 25 0 0.00 M M 2.1 10 340 M M 0 18 13 20
11 55 28 42 -2 23 0 0.00 M M 7.8 16 160 M M 5 8 22 150
12 71 31 51 8 14 0 0.00 M M 6.7 23 200 M M 0 28 190
13 72 27 50 7 15 0 0.00 M M 4.0 13 150 M M 0 128 19 130
14 70 32 51 8 14 0 0.00 M M 7.6 21 190 M M 0 28 190
15 72 36 54 12 11 0 0.00 M M 4.9 13 190 M M 0 18 18 180
16 65 41 53 11 12 0 0.00 M M 10.3 28 360 M M 3 37 360
17 56 31 44 3 21 0 0.00 M M 6.0 23 340 M M 1 8 29 350
18 67 27 47 6 18 0 0.00 0.0 0 2.5 12 230 M M 0 18 14 230
19 56 34 45 5 20 0 0.41 M M 6.3 18 120 M M 5 18 25 110
20 47 42 45 5 20 0 0.60 M M 12.2 20 30 M M 10 1 27 20
21 46 30 38 -2 27 0 0.00 M M 12.4 28 330 M M 5 1 37 330
22 52 24 38 -1 27 0 0.00 M M 6.4 15 200 M M 0 20 200
23 49 27 38 -1 27 0 0.00 M M 10.4 20 20 M M 0 8 26 20
24 35 26 31 -7 34 0 0.00 M M 12.5 17 30 M M 2 23 30
25 33 24 29 -9 36 0 0.18 M M 5.3 10 310 M M 8 1 14 310
26 39 20 30 -8 35 0 0.02 M M 7.6 18 310 M M 5 1 24 320
27 36 15 26 -11 39 0 0.00 M M 3.5 10 340 M M 0 1 14 340
28 40 11 26 -11 39 0 0.00 M M 5.1 17 180 M M 2 12 21 190
29 53 22 38 2 27 0 0.00 M M 4.1 13 200 M M 0 1 16 210
30 51 30 41 5 24 0 0.01 M M 7.3 18 20 M M 6 24 10
================================================================================
SM 1713 881 645 0 1.22 0.0 205.9 M 70
================================================================================
AV 57.1 29.4 6.9 FASTST M M 2 MAX(MPH)
MISC ----> # 28 360 # 37 360
================================================================================
NOTES:
# LAST OF SEVERAL OCCURRENCES
COLUMN 17 PEAK WIND IN M.P.H.
PRELIMINARY LOCAL CLIMATOLOGICAL DATA (WS FORM: F-6) , PAGE 2
STATION: ST. JOSEPH MO
MONTH: NOVEMBER
YEAR: 2023
LATITUDE: 39 46 N
LONGITUDE: 94 55 W
[TEMPERATURE DATA] [PRECIPITATION DATA] SYMBOLS USED IN COLUMN 16
AVERAGE MONTHLY: 43.2 TOTAL FOR MONTH: 1.22 1 = FOG OR MIST
DPTR FM NORMAL: 1.2 DPTR FM NORMAL: -0.65 2 = FOG REDUCING VISIBILITY
HIGHEST: 77 ON 7 GRTST 24HR 0.86 ON 19-20 TO 1/4 MILE OR LESS
LOWEST: 11 ON 28 3 = THUNDER
SNOW, ICE PELLETS, HAIL 4 = ICE PELLETS
TOTAL MONTH: 0.0 INCH 5 = HAIL
GRTST 24HR 0.0 6 = FREEZING RAIN OR DRIZZLE
GRTST DEPTH: 0 7 = DUSTSTORM OR SANDSTORM:
VSBY 1/2 MILE OR LESS
8 = SMOKE OR HAZE
[NO. OF DAYS WITH] [WEATHER - DAYS WITH] 9 = BLOWING SNOW
X = TORNADO
MAX 32 OR BELOW: 0 0.01 INCH OR MORE: 5
MAX 90 OR ABOVE: 0 0.10 INCH OR MORE: 3
MIN 32 OR BELOW: 21 0.50 INCH OR MORE: 1
MIN 0 OR BELOW: 0 1.00 INCH OR MORE: 0
[HDD (BASE 65) ]
TOTAL THIS MO. 645 CLEAR (SCALE 0-3) 21
DPTR FM NORMAL -46 PTCLDY (SCALE 4-7) 8
TOTAL FM JUL 1 937 CLOUDY (SCALE 8-10) 1
DPTR FM NORMAL -155
[CDD (BASE 65) ]
TOTAL THIS MO. 0
DPTR FM NORMAL -1 [PRESSURE DATA]
TOTAL FM JAN 1 1399 HIGHEST SLP 30.56 ON 24
DPTR FM NORMAL 112 LOWEST SLP 29.59 ON 8
[REMARKS]
#FINAL-11-23#