000
CXUS53 KEAX 011606 RRA
CLSSTJ
CLIMATE REPORT
NATIONAL WEATHER SERVICE KANSAS CITY/PLEASANT HILL MO
1103 AM CDT FRI SEP 01 2023
...................................
...THE ST. JOSEPH MO CLIMATE SUMMARY FOR THE SEASON, FROM
6/1/2023 TO 8/31/2023...
CLIMATE NORMAL PERIOD: 1991 TO 2020
CLIMATE RECORD PERIOD: 1892 TO 2023
WEATHER OBSERVED NORMAL DEPART LAST YEAR`S
VALUE DATE(S) VALUE FROM VALUE DATE(S)
NORMAL
................................................................
TEMPERATURE (F)
RECORD
HIGH 110 08/13/1936
08/10/1934
LOW 41 08/28/1986
06/01/1982
07/05/1972
HIGHEST 101 08/25 98 3 98 06/13
LOWEST 49 06/12 50 -1 47 06/02
AVG. MAXIMUM 87.3 86.3 1.0 85.2
AVG. MINIMUM 64.4 65.2 -0.8 63.3
MEAN 75.9 75.8 0.1 74.3
DAYS MAX >= 90 36 32.1 3.9 22
DAYS MAX <= 32 0 0.0 0.0 0
DAYS MIN <= 32 0 0.0 0.0 0
DAYS MIN <= 0 0 0.0 0.0 0
PRECIPITATION (INCHES)
RECORD
MAXIMUM 28.88 1951
MINIMUM 3.94 1901
TOTALS 12.37 13.32 -0.95 11.50
DAILY AVG. 0.14 0.14 -0.00 0.12
DAYS >= .01 28 30.5 -2.5 28
DAYS >= .10 19 17.8 1.2 19
DAYS >= .50 6 8.7 -2.7 4
DAYS >= 1.00 3 3.9 -0.9 1
GREATEST
24 HR. TOTAL 3.26 08/13 TO 08/13
DEGREE DAYS
HEATING TOTAL 1 11 -10 7
COOLING TOTAL 1014 1002 12 887
................................................................
WIND (MPH)
AVERAGE WIND SPEED 5.9
HIGHEST WIND SPEED/DIRECTION 58/210 DATE 06/30
HIGHEST GUST SPEED/DIRECTION 82/210 DATE 06/30
SKY COVER
POSSIBLE SUNSHINE (PERCENT) MM
AVERAGE SKY COVER 0.20
NUMBER OF DAYS FAIR 71
NUMBER OF DAYS PC 21
NUMBER OF DAYS CLOUDY 0
AVERAGE RH (PERCENT) 73
WEATHER CONDITIONS. NUMBER OF DAYS WITH
THUNDERSTORM 30 MIXED PRECIP 0
HEAVY RAIN 20 RAIN 18
LIGHT RAIN 38 FREEZING RAIN 0
LT FREEZING RAIN 0 HAIL 0
HEAVY SNOW 0 SNOW 0
LIGHT SNOW 0 SLEET 0
FOG 68 FOG W/VIS <= 1/4 MILE 22
HAZE 37
- INDICATES NEGATIVE NUMBERS.
R INDICATES RECORD WAS SET OR TIED.
MM INDICATES DATA IS MISSING.
T INDICATES TRACE AMOUNT.
$$