000
CXUS55 KSTO 180618
CF6STO
PRELIMINARY LOCAL CLIMATOLOGICAL DATA (WS FORM: F-6)
STATION: SACRAMENTO CITY
MONTH: NOVEMBER
YEAR: 2021
LATITUDE: 38 36 N
LONGITUDE: 121 23 W
TEMPERATURE IN F: :PCPN: SNOW: WIND :SUNSHINE: SKY :PK WND
================================================================================
1 2 3 4 5 6A 6B 7 8 9 10 11 12 13 14 15 16 17 18
12Z AVG MX 2MIN
DY MAX MIN AVG DEP HDD CDD WTR SNW DPTH SPD SPD DIR MIN PSBL S-S WX SPD DR
================================================================================
1 64 55 60 0 5 0 0.03 M M M M M M M M M M
2 70 57 64 4 1 0 0.00 M M M M M M M M M M
3 75 52 64 4 1 0 0.00 0.0 M M M M M M M M M
4 72 53 63 4 2 0 0.06 0.0 M M M M M M M M M
5 68 49 59 0 6 0 0.00 M M M M M M M M M M
6 64 53 59 1 6 0 0.00 M M M M M M M M M M
7 63 46 55 -3 10 0 0.00 M M M M M M M M M M
8 64 42 53 -5 12 0 0.24 M M M M M M M M M M
9 60 53 57 0 8 0 0.37 M M M M M M M M M M
10 64 53 59 2 6 0 0.00 M M M M M M M M M M
11 67 49 58 1 7 0 0.00 0.0 M M M M M M M M M
12 65 48 57 1 8 0 0.00 M M M M M M M M M M
13 63 53 58 2 7 0 0.01 0.0 M M M M M M M M M
14 57 52 55 -1 10 0 0.00 M M M M M M M M M M
15 61 53 57 2 8 0 0.01 M M M M M M M M M M
16 64 49 57 2 8 0 0.00 M M M M M M M M M M
17 60 47 54 -1 11 0 0.00 M M M M M M M M M M
18 60 45 53 -1 12 0 0.00 M M M M M M M M M M
19 63 52 58 4 7 0 0.02 M M M M M M M M M M
20 66 46 56 2 9 0 0.00 M M M M M M M M M M
21 66 43 55 2 10 0 0.00 M M M M M M M M M M
22 67 41 54 1 11 0 0.00 M M M M M M M M M M
23 63 45 54 1 11 0 0.00 M M M M M M M M M M
24 65 43 54 2 11 0 0.00 M M M M M M M M M M
25 65 39 52 0 13 0 0.00 M M M M M M M M M M
26 66 43 55 3 10 0 0.00 0.0 M M M M M M M M M
27 68 44 56 4 9 0 0.00 0.0 M M M M M M M M M
28 67 44 56 5 9 0 0.00 M M M M M M M M M M
29 68 44 56 5 9 0 0.00 M M M M M M M M M M
30 66 44 55 4 10 0 0.00 M M M M M M M M M M
================================================================================
SM 1951 1437 247 0 0.74 0.0 M M M
================================================================================
AV 65.0 47.9 M FASTST M M M MAX(MPH)
MISC ----> M M M M
================================================================================
NOTES:
# LAST OF SEVERAL OCCURRENCES
COLUMN 17 PEAK WIND IN M.P.H.
PRELIMINARY LOCAL CLIMATOLOGICAL DATA (WS FORM: F-6) , PAGE 2
STATION: SACRAMENTO CITY
MONTH: NOVEMBER
YEAR: 2021
LATITUDE: 38 36 N
LONGITUDE: 121 23 W
[TEMPERATURE DATA] [PRECIPITATION DATA] SYMBOLS USED IN COLUMN 16
AVERAGE MONTHLY: 56.5 TOTAL FOR MONTH: 0.74 1 = FOG OR MIST
DPTR FM NORMAL: 1.2 DPTR FM NORMAL: -1.04 2 = FOG REDUCING VISIBILITY
HIGHEST: 75 ON 3 GRTST 24HR 0.37 ON 9- 9 TO 1/4 MILE OR LESS
LOWEST: 39 ON 25 3 = THUNDER
SNOW, ICE PELLETS, HAIL 4 = ICE PELLETS
TOTAL MONTH: 0.0 INCH 5 = HAIL
GRTST 24HR 0.0 6 = FREEZING RAIN OR DRIZZLE
GRTST DEPTH: M ON M 7 = DUSTSTORM OR SANDSTORM:
VSBY 1/2 MILE OR LESS
8 = SMOKE OR HAZE
[NO. OF DAYS WITH] [WEATHER - DAYS WITH] 9 = BLOWING SNOW
X = TORNADO
MAX 32 OR BELOW: 0 0.01 INCH OR MORE: 7
MAX 90 OR ABOVE: 0 0.10 INCH OR MORE: 2
MIN 32 OR BELOW: 0 0.50 INCH OR MORE: 0
MIN 0 OR BELOW: 0 1.00 INCH OR MORE: 0
[HDD (BASE 65) ]
TOTAL THIS MO. 247 CLEAR (SCALE 0-3) 0
DPTR FM NORMAL -46 PTCLDY (SCALE 4-7) 0
TOTAL FM JUL 1 320 CLOUDY (SCALE 8-10) 30
DPTR FM NORMAL -34
[CDD (BASE 65) ]
TOTAL THIS MO. 0
DPTR FM NORMAL -2 [PRESSURE DATA]
TOTAL FM JAN 1 1922 HIGHEST SLP M ON M
DPTR FM NORMAL 345 LOWEST SLP M ON M
[REMARKS]
#FINAL-11-21#