000
CXUS53 KLSX 011500
CF6SUS
PRELIMINARY LOCAL CLIMATOLOGICAL DATA (WS FORM: F-6)
STATION: SPIRIT OF ST LOUIS MO
MONTH: FEBRUARY
YEAR: 2023
LATITUDE: 38 39 N
LONGITUDE: 90 38 W
TEMPERATURE IN F: :PCPN: SNOW: WIND :SUNSHINE: SKY :PK WND
================================================================================
1 2 3 4 5 6A 6B 7 8 9 10 11 12 13 14 15 16 17 18
12Z AVG MX 2MIN
DY MAX MIN AVG DEP HDD CDD WTR SNW DPTH SPD SPD DIR MIN PSBL S-S WX SPD DR
================================================================================
1 34 12 23 -9 42 0 0.00 0.0 M 1.6 8 240 M M 0 11 160
2 50 16 33 0 32 0 0.00 0.0 0 7.3 22 350 M M 0 31 320
3 26 13 20 -13 45 0 0.00 0.0 0 6.6 16 330 M M 0 23 340
4 54 18 36 3 29 0 0.00 0.0 0 9.2 21 230 M M 0 30 220
5 61 28 45 12 20 0 0.00 0.0 0 7.5 17 280 M M 0 24 280
6 63 22 43 9 22 0 0.00 0.0 0 8.4 23 170 M M 2 40 200
7 59 33 46 12 19 0 T 0.0 0 6.9 18 300 M M 4 29 310
8 44 30 37 3 28 0 0.58 0.0 0 5.5 13 50 M M 8 1 16 110
9 52 35 44 10 21 0 0.46 0.0 0 13.6 32 230 M M 9 1 44 230
10 46 25 36 1 29 0 0.00 0.0 0 6.7 17 300 M M 6 23 310
11 49 18 34 -1 31 0 0.00 0.0 0 1.2 8 40 M M 0 11 30
12 59 20 40 5 25 0 0.00 0.0 0 2.2 10 200 M M 0 15 190
13 61 30 46 10 19 0 0.00 0.0 0 3.3 12 230 M M 0 17 220
14 59 32 46 10 19 0 0.28 0.0 0 8.3 26 210 M M 4 1 38 160
15 59 40 50 14 15 0 0.00 0.0 0 9.8 25 240 M M 1 37 220
16 40 31 36 0 29 0 0.29 M 0 11.7 21 280 M M 10 13 29 280
17 39 21 30 -7 35 0 0.00 0.0 0 8.7 20 310 M M 4 27 320
18 56 23 40 3 25 0 0.00 0.0 0 7.0 16 200 M M 1 24 180
19 61 33 47 10 18 0 0.00 0.0 0 6.3 18 250 M M 1 26 240
20 65 32 49 11 16 0 0.00 0.0 0 4.6 21 310 M M 2 34 250
21 57 32 45 7 20 0 0.00 0.0 0 5.9 16 90 M M 1 24 100
22 72 49 61 23 4 0 0.36 0.0 0 8.2 29 260 M M 3 1 44 280
23 59 28 44 5 21 0 0.00 0.0 0 11.7 22 300 M M 2 29 250
24 40 22 31 -8 34 0 0.06 M M 8.3 15 40 M M 3 1 20 90
25 52 29 41 2 24 0 T M M 2.2 12 70 M M 5 18 14 250
26 56 35 46 6 19 0 0.00 0.0 0 4.4 15 170 M M 8 26 170
27 65 47 56 16 9 0 0.15 0.0 0 16.2 35 250 M M 5 18 54 250
28 58 32 45 5 20 0 0.00 0.0 0 5.4 16 90 M M 0 1 23 90
================================================================================
SM 1496 786 670 0 2.18 0.0 198.7 M 79
================================================================================
AV 53.4 28.1 7.1 FASTST M M 3 MAX(MPH)
MISC ----> 35 250 54 250
================================================================================
NOTES:
# LAST OF SEVERAL OCCURRENCES
COLUMN 17 PEAK WIND IN M.P.H.
PRELIMINARY LOCAL CLIMATOLOGICAL DATA (WS FORM: F-6) , PAGE 2
STATION: SPIRIT OF ST LOUIS MO
MONTH: FEBRUARY
YEAR: 2023
LATITUDE: 38 39 N
LONGITUDE: 90 38 W
[TEMPERATURE DATA] [PRECIPITATION DATA] SYMBOLS USED IN COLUMN 16
AVERAGE MONTHLY: 40.8 TOTAL FOR MONTH: 2.18 1 = FOG OR MIST
DPTR FM NORMAL: 4.7 DPTR FM NORMAL: 0.20 2 = FOG REDUCING VISIBILITY
HIGHEST: 72 ON 22 GRTST 24HR 1.04 ON 8- 9 TO 1/4 MILE OR LESS
LOWEST: 12 ON 1 3 = THUNDER
SNOW, ICE PELLETS, HAIL 4 = ICE PELLETS
TOTAL MONTH: 0.0 INCH 5 = HAIL
GRTST 24HR 0.0 6 = FREEZING RAIN OR DRIZZLE
GRTST DEPTH: 0 7 = DUSTSTORM OR SANDSTORM:
VSBY 1/2 MILE OR LESS
8 = SMOKE OR HAZE
[NO. OF DAYS WITH] [WEATHER - DAYS WITH] 9 = BLOWING SNOW
X = TORNADO
MAX 32 OR BELOW: 1 0.01 INCH OR MORE: 7
MAX 90 OR ABOVE: 0 0.10 INCH OR MORE: 6
MIN 32 OR BELOW: 21 0.50 INCH OR MORE: 1
MIN 0 OR BELOW: 0 1.00 INCH OR MORE: 0
[HDD (BASE 65) ]
TOTAL THIS MO. 670 CLEAR (SCALE 0-3) 18
DPTR FM NORMAL -138 PTCLDY (SCALE 4-7) 7
TOTAL FM JUL 1 3495 CLOUDY (SCALE 8-10) 3
DPTR FM NORMAL -176
[CDD (BASE 65) ]
TOTAL THIS MO. 0
DPTR FM NORMAL 0 [PRESSURE DATA]
TOTAL FM JAN 1 0 HIGHEST SLP 30.72 ON 3
DPTR FM NORMAL 0 LOWEST SLP 29.20 ON 27
[REMARKS]
#FINAL-02-23#