000
CXUS53 KLSX 011400
CF6SUS
PRELIMINARY LOCAL CLIMATOLOGICAL DATA (WS FORM: F-6)
STATION: SPIRIT OF ST LOUIS MO
MONTH: JUNE
YEAR: 2023
LATITUDE: 38 39 N
LONGITUDE: 90 38 W
TEMPERATURE IN F: :PCPN: SNOW: WIND :SUNSHINE: SKY :PK WND
================================================================================
1 2 3 4 5 6A 6B 7 8 9 10 11 12 13 14 15 16 17 18
12Z AVG MX 2MIN
DY MAX MIN AVG DEP HDD CDD WTR SNW DPTH SPD SPD DIR MIN PSBL S-S WX SPD DR
================================================================================
1 91 60 76 5 0 11 0.00 0.0 0 2.7 14 30 M M 1 1 16 60
2 93 62 78 7 0 13 0.00 0.0 0 3.2 16 60 M M 1 1 22 60
3 93 54 74 2 0 9 0.00 0.0 0 3.5 17 50 M M 1 8 23 10
4 91 59 75 3 0 10 0.09 0.0 0 2.0 28 90 M M 1 138 38 80
5 86 55 71 -1 0 6 0.00 0.0 0 3.9 14 50 M M 0 18 20 50
6 89 50 70 -2 0 5 0.00 0.0 0 2.3 9 310 M M 0 8 13 290
7 79 59 69 -4 0 4 0.07 0.0 0 2.8 10 20 M M 4 138 15 20
8 77 51 64 -9 1 0 0.00 0.0 0 3.0 9 290 M M 1 18 13 310
9 83 46 65 -8 0 0 0.00 0.0 0 2.1 9 100 M M 0 18 13 110
10 86 52 69 -5 0 4 0.62 0.0 0 4.2 15 80 M M 2 138 24 200
11 71 62 67 -7 0 2 0.35 0.0 0 6.9 18 350 M M 10 138 26 350
12 74 51 63 -11 2 0 0.00 0.0 0 6.7 15 340 M M 4 8 22 320
13 83 51 67 -7 0 2 0.00 0.0 0 9.5 20 240 M M 0 28 240
14 88 55 72 -3 0 7 0.00 0.0 0 3.5 12 290 M M 0 17 280
15 91 56 74 -1 0 9 0.00 0.0 0 3.4 14 310 M M 1 18 300
16 82 60 71 -4 0 6 0.00 0.0 0 5.0 13 70 M M 0 8 18 70
17 85 56 71 -4 0 6 0.00 0.0 0 2.0 9 90 M M 0 18 14 60
18 80 63 72 -4 0 7 0.63 0.0 0 4.5 26 200 M M 4 138 33 210
19 87 64 76 0 0 11 0.00 0.0 0 4.7 13 340 M M 3 18 17 40
20 89 60 75 -1 0 10 0.00 0.0 0 5.1 16 80 M M 0 18 24 60
21 86 64 75 -1 0 10 0.00 0.0 0 6.4 15 70 M M 3 1 22 50
22 88 60 74 -2 0 9 0.00 0.0 0 3.3 13 50 M M 2 18 50
23 91 62 77 0 0 12 0.00 0.0 0 4.2 14 20 M M 2 18 19 80
24 96 62 79 2 0 14 0.00 0.0 0 4.6 16 230 M M 2 21 230
25 96 68 82 5 0 17 0.00 0.0 0 11.6 26 260 M M 0 38 250
26 88 64 76 -1 0 11 0.00 0.0 0 9.7 22 300 M M 2 32 310
27 88 60 74 -3 0 9 0.00 0.0 0 4.9 13 350 M M 1 18 18 330
28 92 62 77 -1 0 12 T 0.0 0 5.7 16 150 M M 1 18 25 170
29 96 73 85 7 0 20 T 0.0 0 7.1 25 330 M M 1 35 320
30 97 70 84 6 0 19 0.20 0.0 0 3.9 18 180 M M 1 13 28 180
================================================================================
SM 2616 1771 3 255 1.96 0.0 142.4 M 48
================================================================================
AV 87.2 59.0 4.7 FASTST M M 2 MAX(MPH)
MISC ----> 28 90 # 38 80
================================================================================
NOTES:
# LAST OF SEVERAL OCCURRENCES
COLUMN 17 PEAK WIND IN M.P.H.
PRELIMINARY LOCAL CLIMATOLOGICAL DATA (WS FORM: F-6) , PAGE 2
STATION: SPIRIT OF ST LOUIS MO
MONTH: JUNE
YEAR: 2023
LATITUDE: 38 39 N
LONGITUDE: 90 38 W
[TEMPERATURE DATA] [PRECIPITATION DATA] SYMBOLS USED IN COLUMN 16
AVERAGE MONTHLY: 73.1 TOTAL FOR MONTH: 1.96 1 = FOG OR MIST
DPTR FM NORMAL: -1.7 DPTR FM NORMAL: -2.35 2 = FOG REDUCING VISIBILITY
HIGHEST: 97 ON 30 GRTST 24HR 0.97 ON 10-11 TO 1/4 MILE OR LESS
LOWEST: 46 ON 9 3 = THUNDER
SNOW, ICE PELLETS, HAIL 4 = ICE PELLETS
TOTAL MONTH: 0.0 INCH 5 = HAIL
GRTST 24HR 0.0 6 = FREEZING RAIN OR DRIZZLE
GRTST DEPTH: 0 7 = DUSTSTORM OR SANDSTORM:
VSBY 1/2 MILE OR LESS
8 = SMOKE OR HAZE
[NO. OF DAYS WITH] [WEATHER - DAYS WITH] 9 = BLOWING SNOW
X = TORNADO
MAX 32 OR BELOW: 0 0.01 INCH OR MORE: 6
MAX 90 OR ABOVE: 11 0.10 INCH OR MORE: 4
MIN 32 OR BELOW: 0 0.50 INCH OR MORE: 2
MIN 0 OR BELOW: 0 1.00 INCH OR MORE: 0
[HDD (BASE 65) ]
TOTAL THIS MO. 3 CLEAR (SCALE 0-3) 25
DPTR FM NORMAL -3 PTCLDY (SCALE 4-7) 4
TOTAL FM JUL 1 4531 CLOUDY (SCALE 8-10) 1
DPTR FM NORMAL -116
[CDD (BASE 65) ]
TOTAL THIS MO. 255
DPTR FM NORMAL -45 [PRESSURE DATA]
TOTAL FM JAN 1 371 HIGHEST SLP 30.02 ON 5
DPTR FM NORMAL -83 LOWEST SLP 29.60 ON 11
[REMARKS]
#FINAL-06-23#