000
CXUS53 KFSD 011754
CF6SUX
PRELIMINARY LOCAL CLIMATOLOGICAL DATA (WS FORM: F-6)
STATION: SIOUX CITY IA
MONTH: MARCH
YEAR: 2022
LATITUDE: 42 24 N
LONGITUDE: 96 23 W
TEMPERATURE IN F: :PCPN: SNOW: WIND :SUNSHINE: SKY :PK WND
================================================================================
1 2 3 4 5 6A 6B 7 8 9 10 11 12 13 14 15 16 17 18
12Z AVG MX 2MIN
DY MAX MIN AVG DEP HDD CDD WTR SNW DPTH SPD SPD DIR MIN PSBL S-S WX SPD DR
================================================================================
1 72 24 48 18 17 0 0.00 0.0 0 6.3 23 320 M M 2 32 330
2 71 29 50 20 15 0 T T 0 10.0 24 30 M M 4 1 34 30
3 46 27 37 6 28 0 T T T 12.8 20 80 M M 6 26 110
4 62 25 44 13 21 0 0.00 0.0 0 13.9 25 130 M M 0 32 120
5 56 25 41 9 24 0 0.09 0.2 0 16.0 31 310 M M 9 13 44 300
6 31 22 27 -5 38 0 T T T 16.9 26 320 M M 8 36 310
7 37 13 25 -8 40 0 0.00 0.0 0 12.2 23 330 M M 3 30 360
8 50 9 30 -3 35 0 0.00 0.0 0 11.1 26 330 M M 3 33 330
9 26 16 21 -13 44 0 0.00 0.0 0 13.8 23 320 M M 6 31 340
10 34 14 24 -10 41 0 0.00 0.0 0 5.5 17 240 M M 3 23 240
11 21 0 11 -23 54 0 0.00 0.0 0 15.6 30 330 M M 0 40 310
12 39 -5 17 -18 48 0 0.00 0.0 0 10.5 26 190 M M 2 34 190
13 64 20 42 7 23 0 0.00 0.0 0 6.9 18 170 M M 0 25 170
14 53 22 38 2 27 0 0.00 0.0 0 11.4 25 10 M M 0 32 10
15 63 22 43 7 22 0 0.00 0.0 0 8.9 21 200 M M 4 12 27 220
16 71 35 53 16 12 0 0.00 0.0 0 9.7 20 30 M M 2 27 40
17 53 39 46 9 19 0 0.00 0.0 0 10.8 21 10 M M 8 26 10
18 54 22 38 0 27 0 0.00 0.0 0 12.1 22 360 M M 0 29 10
19 68 15 42 4 23 0 0.00 0.0 0 6.0 23 310 M M 1 12 33 280
20 76 22 49 10 16 0 0.00 0.0 0 13.0 31 160 M M 0 41 160
21 66 42 54 15 11 0 0.19 0.0 0 15.1 26 330 M M 4 39 200
22 42 34 38 -2 27 0 0.70 T 0 23.0 36 350 M M 10 1 46 360
23 39 33 36 -4 29 0 0.26 T 0 19.4 32 350 M M 10 1 44 350
24 43 27 35 -5 30 0 0.00 0.0 0 10.9 18 320 M M 8 24 350
25 54 30 42 1 23 0 0.00 0.0 0 20.9 39 320 M M 1 53 320
26 44 25 35 -6 30 0 0.00 0.0 0 11.2 20 340 M M 0 25 10
27 40 21 31 -11 34 0 0.00 0.0 0 6.9 15 40 M M 5 20 40
28 52 21 37 -5 28 0 0.00 0.0 0 14.7 26 120 M M 0 35 130
29 67 33 50 8 15 0 0.60 0.0 0 18.6 32 70 M M 3 3 43 70
30 40 30 35 -8 30 0 0.03 T 0 22.5 31 360 M M 10 1 41 340
31 44 22 33 -10 32 0 0.00 0.0 T 14.3 29 330 M M 6 37 350
================================================================================
SM 1578 714 863 0 1.87 0.2 400.9 M 118
================================================================================
AV 50.9 23.0 12.9 FASTST M M 4 MAX(MPH)
MISC ----> 39 320 53 320
================================================================================
NOTES:
# LAST OF SEVERAL OCCURRENCES
-COLUMN 17 PEAK WIND IN M.P.H.
-PRECIPITATION AMOUNTS IN COLUMNS 7,8 AND 9 ARE THE OFFICIAL
PRECIPITATION AMOUNTS FOR SIOUX CITY, IA.
-SNOW DEPTH IN COLUMN 9 IS RECORDED AT 6 AM CST (12Z).
PRELIMINARY LOCAL CLIMATOLOGICAL DATA (WS FORM: F-6) , PAGE 2
STATION: SIOUX CITY IA
MONTH: MARCH
YEAR: 2022
LATITUDE: 42 24 N
LONGITUDE: 96 23 W
[TEMPERATURE DATA] [PRECIPITATION DATA] SYMBOLS USED IN COLUMN 16
AVERAGE MONTHLY: 37.0 TOTAL FOR MONTH: 1.87 1 = FOG OR MIST
DPTR FM NORMAL: 0.3 DPTR FM NORMAL: 0.11 2 = FOG REDUCING VISIBILITY
HIGHEST: 76 ON 20 GRTST 24HR 0.89 ON 21-22 TO 1/4 MILE OR LESS
LOWEST: -5 ON 12 3 = THUNDER
SNOW, ICE PELLETS, HAIL 4 = ICE PELLETS
TOTAL MONTH: 0.2 INCH 5 = HAIL
GRTST 24HR 0.2 ON 5 6 = FREEZING RAIN OR DRIZZLE
GRTST DEPTH: T 7 = DUSTSTORM OR SANDSTORM:
VSBY 1/2 MILE OR LESS
8 = SMOKE OR HAZE
[NO. OF DAYS WITH] [WEATHER - DAYS WITH] 9 = BLOWING SNOW
X = TORNADO
MAX 32 OR BELOW: 3 0.01 INCH OR MORE: 6
MAX 90 OR ABOVE: 0 0.10 INCH OR MORE: 4
MIN 32 OR BELOW: 25 0.50 INCH OR MORE: 2
MIN 0 OR BELOW: 2 1.00 INCH OR MORE: 0
[HDD (BASE 65) ]
TOTAL THIS MO. 863 CLEAR (SCALE 0-3) 16
DPTR FM NORMAL -14 PTCLDY (SCALE 4-7) 10
TOTAL FM JUL 1 5479 CLOUDY (SCALE 8-10) 5
DPTR FM NORMAL -668
[CDD (BASE 65) ]
TOTAL THIS MO. 0
DPTR FM NORMAL -1 [PRESSURE DATA]
TOTAL FM JAN 1 0 HIGHEST SLP 30.45 ON 11
DPTR FM NORMAL -1 LOWEST SLP 29.26 ON 29
[REMARKS]
#FINAL-03-22#