000
CXUS54 KEPZ 011030
CF6SVC
PRELIMINARY LOCAL CLIMATOLOGICAL DATA (WS FORM: F-6)
STATION: SILVER CITY
MONTH: SEPTEMBER
YEAR: 2020
LATITUDE: 32 37 N
LONGITUDE: 108 10 W
TEMPERATURE IN F: :PCPN: SNOW: WIND :SUNSHINE: SKY :PK WND
================================================================================
1 2 3 4 5 6A 6B 7 8 9 10 11 12 13 14 15 16 17 18
12Z AVG MX 2MIN
DY MAX MIN AVG DEP HDD CDD WTR SNW DPTH SPD SPD DIR MIN PSBL S-S WX SPD DR
================================================================================
1 84 58 71 M 0 6 0.00 M M 12.5 29 290 M M 2 33 290
2 90 57 74 M 0 9 0.00 M M 7.5 16 300 M M 0 18 340
3 94 60 77 M 0 12 0.00 M M 8.0 15 310 M M 0 20 170
4 93 55 74 M 0 9 0.00 M M 8.6 14 150 M M 1 22 170
5 92 63 78 M 0 13 0.00 M M 10.4 21 100 M M 3 29 100
6 90 58 74 M 0 9 0.00 M M 7.1 15 280 M M 3 22 280
7 98 63 81 M 0 16 0.00 M M 8.6 18 290 M M 3 27 290
8 89 67 78 M 0 13 0.00 M M 13.5 25 240 M M 5 33 240
9 69 49 59 M 6 0 0.33 M M 9.9 16 90 M M 10 3 23 210
10 61 47 54 M 11 0 0.00 M M 6.2 10 130 M M 8 M M
11 68 45 57 M 8 0 0.00 M M 4.6 8 350 M M 2 M M
12 75 48 62 M 3 0 0.00 M M 5.4 10 130 M M 1 9 130
13 79 47 63 M 2 0 0.00 M M 8.4 15 120 M M 2 22 120
14 79 53 66 M 0 1 0.00 M M 9.6 16 110 M M 3 23 110
15 80 49 65 M 0 0 0.00 M M 7.2 12 170 M M 3 17 110
16 57 52 55 M 10 0 0.00 M M 8.6 9 350 M M 9 M M
17 85 47 66 M 0 1 0.00 M M 7.9 18 110 M M 0 25 100
18 81 51 66 M 0 1 0.00 M M 10.1 15 130 M M 0 21 130
19 80 55 68 M 0 3 0.00 M M 8.7 14 130 M M 0 18 110
20 82 47 65 M 0 0 0.00 M M 6.5 12 120 M M 3 16 140
21 84 51 68 M 0 3 0.00 M M 6.3 12 140 M M 3 21 140
22 88 51 70 M 0 5 0.00 M M 7.6 12 330 M M 3 22 240
23 88 59 74 M 0 9 T M M 8.4 18 110 M M 5 25 70
24 89 51 70 M 0 5 0.00 M M 7.1 10 350 M M 6 20 130
25 91 54 73 M 0 8 0.00 M M 11.3 20 280 M M 5 25 280
26 90 60 75 M 0 10 0.00 M M 14.5 23 270 M M 4 32 310
27 89 59 74 M 0 9 0.00 M M 17.2 29 300 M M 1 36 300
28 72 51 62 M 3 0 0.00 M M 11.1 20 140 M M 1 26 140
29 76 39 58 M 7 0 0.00 M M 6.3 10 350 M M 0 M M
30 85 45 65 M 0 0 0.00 M M 8.0 12 340 M M 1 20 160
================================================================================
SM 2478 1591 50 142 0.33 M 267.2 M 87
================================================================================
AV 82.6 53.0 8.9 FASTST M M 3 MAX(MPH)
MISC ----> 29 300 36 300
================================================================================
NOTES:
# LAST OF SEVERAL OCCURRENCES
COLUMN 17 PEAK WIND IN M.P.H.
PRELIMINARY LOCAL CLIMATOLOGICAL DATA (WS FORM: F-6) , PAGE 2
STATION: SILVER CITY
MONTH: SEPTEMBER
YEAR: 2020
LATITUDE: 32 37 N
LONGITUDE: 108 10 W
[TEMPERATURE DATA] [PRECIPITATION DATA] SYMBOLS USED IN COLUMN 16
AVERAGE MONTHLY: 67.8 TOTAL FOR MONTH: 0.33 1 = FOG OR MIST
DPTR FM NORMAL: 0.0 DPTR FM NORMAL: M 2 = FOG REDUCING VISIBILITY
HIGHEST: 98 ON 7 GRTST 24HR 0.33 ON 9- 9 TO 1/4 MILE OR LESS
LOWEST: 39 ON 29 3 = THUNDER
SNOW, ICE PELLETS, HAIL 4 = ICE PELLETS
TOTAL MONTH: M 5 = HAIL
GRTST 24HR M ON M 6 = FREEZING RAIN OR DRIZZLE
GRTST DEPTH: M ON M 7 = DUSTSTORM OR SANDSTORM:
VSBY 1/2 MILE OR LESS
8 = SMOKE OR HAZE
[NO. OF DAYS WITH] [WEATHER - DAYS WITH] 9 = BLOWING SNOW
X = TORNADO
MAX 32 OR BELOW: 0 0.01 INCH OR MORE: 1
MAX 90 OR ABOVE: 8 0.10 INCH OR MORE: 1
MIN 32 OR BELOW: 0 0.50 INCH OR MORE: 0
MIN 0 OR BELOW: 0 1.00 INCH OR MORE: 0
[HDD (BASE 65) ]
TOTAL THIS MO. 50 CLEAR (SCALE 0-3) 20
DPTR FM NORMAL M PTCLDY (SCALE 4-7) 7
TOTAL FM JUL 1 50 CLOUDY (SCALE 8-10) 3
DPTR FM NORMAL M
[CDD (BASE 65) ]
TOTAL THIS MO. 142
DPTR FM NORMAL M [PRESSURE DATA]
TOTAL FM JAN 1 1337 HIGHEST SLP M ON M
DPTR FM NORMAL M LOWEST SLP M ON M
[REMARKS]
#FINAL-09-20#