000
CXUS54 KOUN 010810
CF6SWO
PRELIMINARY LOCAL CLIMATOLOGICAL DATA (WS FORM: F-6)
STATION: STILLWATER
MONTH: APRIL
YEAR: 2023
LATITUDE: 36 10 N
LONGITUDE: 97 5 W
TEMPERATURE IN F: :PCPN: SNOW: WIND :SUNSHINE: SKY :PK WND
================================================================================
1 2 3 4 5 6A 6B 7 8 9 10 11 12 13 14 15 16 17 18
12Z AVG MX 2MIN
DY MAX MIN AVG DEP HDD CDD WTR SNW DPTH SPD SPD DIR MIN PSBL S-S WX SPD DR
================================================================================
1 68 41 55 -2 10 0 0.00 M M 8.6 25 330 M M 0 36 310
2 84 48 66 8 0 1 0.00 M M 16.2 30 180 M M 1 37 190
3 93 57 75 17 0 10 0.00 M M 14.9 25 170 M M 1 33 170
4 89 72 81 23 0 16 0.00 M M 21.9 32 180 M M 1 3 41 190
5 73 36 55 -3 10 0 0.09 M M 11.5 26 300 M M 1 13 35 330
6 66 33 50 -8 15 0 0.00 M M 9.9 17 80 M M 0 25 110
7 73 34 54 -5 11 0 0.00 M M 8.0 17 110 M M 0 22 120
8 75 35 55 -4 10 0 0.00 M M 5.7 13 150 M M 0 21 330
9 78 37 58 -1 7 0 0.00 M M 7.0 16 150 M M 0 21 170
10 81 52 67 7 0 2 0.14 M M 8.5 20 30 M M 4 3 25 180
11 80 52 66 6 0 1 0.00 M M 9.9 21 170 M M 1 26 170
12 83 50 67 7 0 2 0.00 M M 11.9 24 190 M M 0 31 180
13 84 53 69 9 0 4 0.00 M M 13.0 23 170 M M 0 29 140
14 88 61 75 14 0 10 0.00 M M 18.8 30 170 M M 0 37 180
15 70 42 56 -5 9 0 0.00 M M 13.3 28 340 M M 7 36 340
16 71 38 55 -6 10 0 0.00 M M 9.5 24 300 M M 0 33 350
17 85 32 59 -2 6 0 0.00 M M 11.0 26 190 M M 0 33 200
18 87 58 73 11 0 8 0.00 M M 18.9 33 170 M M 3 45 170
19 89 65 77 15 0 12 0.17 M M 21.6 38 160 M M 4 3 49 160
20 78 46 62 0 3 0 0.06 M M 14.5 33 170 M M 2 13 42 160
21 74 44 59 -3 6 0 0.00 M M 7.8 17 40 M M 1 23 40
22 55 44 50 -13 15 0 0.00 M M 10.5 28 10 M M 9 35 10
23 67 34 51 -12 14 0 0.00 M M 4.5 13 90 M M 0 24 320
24 70 33 52 -11 13 0 0.01 M M 8.5 23 170 M M 6 29 200
25 54 50 52 -11 13 0 1.51 M M 11.7 18 120 M M 10 1 24 100
26 57 51 54 -10 11 0 1.25 M M 11.6 26 100 M M 10 1 33 100
27 62 52 57 -7 8 0 0.51 M M 5.7 16 70 M M 10 1 18 70
28 58 47 53 -11 12 0 0.20 M M 8.0 20 340 M M 8 1 27 340
29 74 46 60 -4 5 0 0.00 M M 10.0 20 330 M M 1 24 340
30 72 41 57 -8 8 0 0.00 M M 10.1 24 360 M M 1 30 330
================================================================================
SM 2238 1384 196 66 3.94 M 343.0 M 81
================================================================================
AV 74.6 46.1 11.4 FASTST M M 3 MAX(MPH)
MISC ----> 38 160 49 160
================================================================================
NOTES:
# LAST OF SEVERAL OCCURRENCES
COLUMN 17 PEAK WIND IN M.P.H.
PRELIMINARY LOCAL CLIMATOLOGICAL DATA (WS FORM: F-6) , PAGE 2
STATION: STILLWATER
MONTH: APRIL
YEAR: 2023
LATITUDE: 36 10 N
LONGITUDE: 97 5 W
[TEMPERATURE DATA] [PRECIPITATION DATA] SYMBOLS USED IN COLUMN 16
AVERAGE MONTHLY: 60.4 TOTAL FOR MONTH: 3.94 1 = FOG OR MIST
DPTR FM NORMAL: -0.5 DPTR FM NORMAL: 0.22 2 = FOG REDUCING VISIBILITY
HIGHEST: 93 ON 3 GRTST 24HR 2.15 ON 25-26 TO 1/4 MILE OR LESS
LOWEST: 32 ON 17 3 = THUNDER
SNOW, ICE PELLETS, HAIL 4 = ICE PELLETS
TOTAL MONTH: M 5 = HAIL
GRTST 24HR M ON M 6 = FREEZING RAIN OR DRIZZLE
GRTST DEPTH: M ON M 7 = DUSTSTORM OR SANDSTORM:
VSBY 1/2 MILE OR LESS
8 = SMOKE OR HAZE
[NO. OF DAYS WITH] [WEATHER - DAYS WITH] 9 = BLOWING SNOW
X = TORNADO
MAX 32 OR BELOW: 0 0.01 INCH OR MORE: 9
MAX 90 OR ABOVE: 1 0.10 INCH OR MORE: 6
MIN 32 OR BELOW: 1 0.50 INCH OR MORE: 3
MIN 0 OR BELOW: 0 1.00 INCH OR MORE: 2
[HDD (BASE 65) ]
TOTAL THIS MO. 196 CLEAR (SCALE 0-3) 21
DPTR FM NORMAL 11 PTCLDY (SCALE 4-7) 5
TOTAL FM JUL 1 3297 CLOUDY (SCALE 8-10) 4
DPTR FM NORMAL -110
[CDD (BASE 65) ]
TOTAL THIS MO. 66
DPTR FM NORMAL 3 [PRESSURE DATA]
TOTAL FM JAN 1 77 HIGHEST SLP M ON M
DPTR FM NORMAL -6 LOWEST SLP 29.35 ON 4
[REMARKS]
#FINAL-04-23#