000
CXUS54 KOUN 010910
CF6SWO
PRELIMINARY LOCAL CLIMATOLOGICAL DATA (WS FORM: F-6)
STATION: STILLWATER
MONTH: NOVEMBER
YEAR: 2020
LATITUDE: 36 10 N
LONGITUDE: 97 5 W
TEMPERATURE IN F: :PCPN: SNOW: WIND :SUNSHINE: SKY :PK WND
================================================================================
1 2 3 4 5 6A 6B 7 8 9 10 11 12 13 14 15 16 17 18
12Z AVG MX 2MIN
DY MAX MIN AVG DEP HDD CDD WTR SNW DPTH SPD SPD DIR MIN PSBL S-S WX SPD DR
================================================================================
1 65 37 51 -4 14 0 0.00 M M 5.9 16 40 M M 0 20 360
2 72 34 53 -2 12 0 0.00 M M 7.1 22 210 M M 0 27 210
3 80 40 60 6 5 0 0.00 M M 9.9 23 200 M M 0 8 29 220
4 78 51 65 11 0 0 0.00 0.0 0 12.7 23 170 M M 0 28 190
5 78 47 63 10 2 0 0.00 M M 3.5 13 150 M M 0 16 130
6 79 49 64 11 1 0 0.00 M M 9.2 18 170 M M 3 12 25 150
7 79 55 67 15 0 2 0.00 M M 12.7 21 170 M M 1 26 180
8 79 57 68 16 0 3 0.00 M M 17.3 29 150 M M 5 36 170
9 76 66 71 19 0 6 0.00 M M 14.2 25 170 M M 9 32 170
10 70 34 52 1 13 0 T M M 10.2 22 300 M M 4 30 300
11 62 32 47 -4 18 0 0.00 M M 6.7 13 110 M M 0 1 17 80
12 72 37 55 5 10 0 0.00 M M 9.9 20 210 M M 0 25 320
13 57 26 42 -8 23 0 0.00 M M 6.1 14 20 M M 3 3 19 20
14 81 53 67 18 0 2 0.03 M M 17.1 35 210 M M 5 3 47 240
15 63 33 48 -1 17 0 0.00 M M 7.5 17 310 M M 0 30 310
16 72 34 53 5 12 0 0.00 M M 4.9 17 260 M M 0 21 250
17 74 33 54 6 11 0 0.00 M M 7.6 20 160 M M 0 8 25 170
18 74 49 62 14 3 0 0.00 M M 17.6 29 190 M M 0 37 180
19 79 60 70 23 0 5 0.00 M M 17.2 30 200 M M 0 38 210
20 79 57 68 21 0 3 0.00 M M 8.4 17 40 M M 4 8 21 50
21 59 46 53 7 12 0 0.05 M M 8.9 14 30 M M 10 1 17 40
22 56 34 45 -1 20 0 0.05 M M 8.2 17 10 M M 7 123 20 360
23 56 30 43 -2 22 0 0.00 M M 10.3 24 150 M M 7 12 30 150
24 58 44 51 6 14 0 0.64 M M 15.5 25 260 M M 9 13 34 270
25 56 33 45 1 20 0 0.00 M M 9.2 22 280 M M 3 31 270
26 69 34 52 8 13 0 0.00 M M 9.6 25 160 M M 0 31 180
27 60 35 48 4 17 0 0.00 M M 10.6 20 20 M M 0 24 10
28 52 31 42 -1 23 0 T M M 4.7 10 40 M M 2 12 20
29 53 33 43 0 22 0 0.03 M M 8.9 30 350 M M 7 37 350
30 48 25 37 -5 28 0 0.00 M M 8.1 13 180 M M 0 17 340
================================================================================
SM 2036 1229 332 21 0.80 0.0 299.7 M 79
================================================================================
AV 67.9 41.0 10.0 FASTST M M 3 MAX(MPH)
MISC ----> 35 210 47 240
================================================================================
NOTES:
# LAST OF SEVERAL OCCURRENCES
COLUMN 17 PEAK WIND IN M.P.H.
PRELIMINARY LOCAL CLIMATOLOGICAL DATA (WS FORM: F-6) , PAGE 2
STATION: STILLWATER
MONTH: NOVEMBER
YEAR: 2020
LATITUDE: 36 10 N
LONGITUDE: 97 5 W
[TEMPERATURE DATA] [PRECIPITATION DATA] SYMBOLS USED IN COLUMN 16
AVERAGE MONTHLY: 54.4 TOTAL FOR MONTH: 0.80 1 = FOG OR MIST
DPTR FM NORMAL: 5.7 DPTR FM NORMAL: -1.62 2 = FOG REDUCING VISIBILITY
HIGHEST: 81 ON 14 GRTST 24HR 0.64 ON 24-24 TO 1/4 MILE OR LESS
LOWEST: 25 ON 30 3 = THUNDER
SNOW, ICE PELLETS, HAIL 4 = ICE PELLETS
TOTAL MONTH: 0.0 INCH 5 = HAIL
GRTST 24HR 0.0 6 = FREEZING RAIN OR DRIZZLE
GRTST DEPTH: 0 7 = DUSTSTORM OR SANDSTORM:
VSBY 1/2 MILE OR LESS
8 = SMOKE OR HAZE
[NO. OF DAYS WITH] [WEATHER - DAYS WITH] 9 = BLOWING SNOW
X = TORNADO
MAX 32 OR BELOW: 0 0.01 INCH OR MORE: 5
MAX 90 OR ABOVE: 0 0.10 INCH OR MORE: 1
MIN 32 OR BELOW: 5 0.50 INCH OR MORE: 1
MIN 0 OR BELOW: 0 1.00 INCH OR MORE: 0
[HDD (BASE 65) ]
TOTAL THIS MO. 332 CLEAR (SCALE 0-3) 19
DPTR FM NORMAL -163 PTCLDY (SCALE 4-7) 8
TOTAL FM JUL 1 607 CLOUDY (SCALE 8-10) 3
DPTR FM NORMAL -99
[CDD (BASE 65) ]
TOTAL THIS MO. 21
DPTR FM NORMAL 17 [PRESSURE DATA]
TOTAL FM JAN 1 2085 HIGHEST SLP 30.58 ON 1
DPTR FM NORMAL 177 LOWEST SLP 29.48 ON 14
[REMARKS]
#FINAL-11-20#