000
CXUS54 KEWX 011110
CF6T82
PRELIMINARY LOCAL CLIMATOLOGICAL DATA (WS FORM: F-6)
STATION: FREDERICKSBURG
MONTH: NOVEMBER
YEAR: 2022
LATITUDE: 30 15 N
LONGITUDE: 98 55 W
TEMPERATURE IN F: :PCPN: SNOW: WIND :SUNSHINE: SKY :PK WND
================================================================================
1 2 3 4 5 6A 6B 7 8 9 10 11 12 13 14 15 16 17 18
12Z AVG MX 2MIN
DY MAX MIN AVG DEP HDD CDD WTR SNW DPTH SPD SPD DIR MIN PSBL S-S WX SPD DR
================================================================================
1 75 53 64 M 1 0 0.00 M M 3.2 8 160 M M 5 M M
2 74 51 63 M 2 0 0.00 M M 4.6 9 170 M M 7 12 M M
3 79 67 73 M 0 8 0.00 M M 11.4 18 180 M M 10 25 180
4 85 49 67 M 0 2 0.00 M M 14.2 25 190 M M 6 31 210
5 78 43 61 M 4 0 0.00 M M 3.4 12 210 M M 1 18 240
6 83 48 66 M 0 1 0.00 M M 5.6 13 210 M M 2 20 200
7 81 60 71 M 0 6 0.00 M M 2.5 9 200 M M 8 1 M M
8 79 62 71 M 0 6 0.00 M M 6.0 12 140 M M 6 16 140
9 80 66 73 M 0 8 0.02 M M 8.8 14 160 M M 8 21 160
10 79 65 72 M 0 7 0.00 M M 7.8 15 180 M M 8 23 170
11 70 39 55 M 10 0 0.84 M M 10.4 20 360 M M 9 29 210
12 54 34 44 M 21 0 0.00 M M 8.6 20 360 M M 0 25 360
13 58 29 44 M 21 0 0.00 M M 3.6 9 110 M M 1 M M
14 69 42 56 M 9 0 0.05 M M 7.8 17 360 M M 6 1 24 340
15 50 32 41 M 24 0 0.00 M M 8.3 13 10 M M 0 18 350
16 53 37 45 M 20 0 0.00 M M 6.0 12 50 M M 4 17 50
17 55 40 48 M 17 0 0.00 M M 2.3 7 210 M M 8 M M
18 52 45 49 M 16 0 0.00 M M 3.2 9 70 M M 10 M M
19 45 35 40 M 25 0 0.09 M M 8.6 15 10 M M 10 18 20
20 43 37 40 M 25 0 0.00 M M 3.5 8 40 M M 10 M M
21 44 38 41 M 24 0 0.01 M M 0.4 3 110 M M 10 1 M M
22 54 44 49 M 16 0 0.00 M M 1.2 5 90 M M 10 1 M M
23 56 48 52 M 13 0 0.05 M M 2.3 5 260 M M 10 1 M M
24 65 55 60 M 5 0 0.49 M M 3.9 13 60 M M 10 1 21 10
25 58 45 52 M 13 0 0.46 M M 8.4 13 20 M M 10 1 18 20
26 55 41 48 M 17 0 0.27 M M 9.9 22 270 M M 5 32 280
27 72 38 55 M 10 0 0.00 M M 4.6 15 320 M M 0 18 300
28 73 34 54 M 11 0 0.00 M M 4.8 14 200 M M 1 22 210
29 82 49 66 M 0 1 0.00 0.0 M 8.3 15 280 M M 4 21 270
30 57 35 46 M 19 0 0.00 0.0 M 9.7 21 10 M M 0 28 10
================================================================================
SM 1958 1361 323 39 2.28 0.0 183.4 M 179
================================================================================
AV 65.3 45.4 6.1 FASTST M M 6 MAX(MPH)
MISC ----> 25 190 32 280
================================================================================
NOTES:
# LAST OF SEVERAL OCCURRENCES
COLUMN 17 PEAK WIND IN M.P.H.
PRELIMINARY LOCAL CLIMATOLOGICAL DATA (WS FORM: F-6) , PAGE 2
STATION: FREDERICKSBURG
MONTH: NOVEMBER
YEAR: 2022
LATITUDE: 30 15 N
LONGITUDE: 98 55 W
[TEMPERATURE DATA] [PRECIPITATION DATA] SYMBOLS USED IN COLUMN 16
AVERAGE MONTHLY: 55.3 TOTAL FOR MONTH: 2.28 1 = FOG OR MIST
DPTR FM NORMAL: 0.0 DPTR FM NORMAL: M 2 = FOG REDUCING VISIBILITY
HIGHEST: 85 ON 4 GRTST 24HR 0.84 ON 11-11 TO 1/4 MILE OR LESS
LOWEST: 29 ON 13 3 = THUNDER
SNOW, ICE PELLETS, HAIL 4 = ICE PELLETS
TOTAL MONTH: 0.0 INCH 5 = HAIL
GRTST 24HR 0.0 6 = FREEZING RAIN OR DRIZZLE
GRTST DEPTH: M ON M 7 = DUSTSTORM OR SANDSTORM:
VSBY 1/2 MILE OR LESS
8 = SMOKE OR HAZE
[NO. OF DAYS WITH] [WEATHER - DAYS WITH] 9 = BLOWING SNOW
X = TORNADO
MAX 32 OR BELOW: 0 0.01 INCH OR MORE: 9
MAX 90 OR ABOVE: 0 0.10 INCH OR MORE: 4
MIN 32 OR BELOW: 2 0.50 INCH OR MORE: 1
MIN 0 OR BELOW: 0 1.00 INCH OR MORE: 0
[HDD (BASE 65) ]
TOTAL THIS MO. 323 CLEAR (SCALE 0-3) 8
DPTR FM NORMAL M PTCLDY (SCALE 4-7) 12
TOTAL FM JUL 1 385 CLOUDY (SCALE 8-10) 10
DPTR FM NORMAL M
[CDD (BASE 65) ]
TOTAL THIS MO. 39
DPTR FM NORMAL M [PRESSURE DATA]
TOTAL FM JAN 1 2948 HIGHEST SLP M ON M
DPTR FM NORMAL M LOWEST SLP M ON M
[REMARKS]
#FINAL-11-22#