000
CXUS54 KEWX 011111
CF6T82
PRELIMINARY LOCAL CLIMATOLOGICAL DATA (WS FORM: F-6)
STATION: FREDERICKSBURG
MONTH: JANUARY
YEAR: 2024
LATITUDE: 30 15 N
LONGITUDE: 98 55 W
TEMPERATURE IN F: :PCPN: SNOW: WIND :SUNSHINE: SKY :PK WND
================================================================================
1 2 3 4 5 6A 6B 7 8 9 10 11 12 13 14 15 16 17 18
12Z AVG MX 2MIN
DY MAX MIN AVG DEP HDD CDD WTR SNW DPTH SPD SPD DIR MIN PSBL S-S WX SPD DR
================================================================================
1 56 37 47 M 18 0 0.00 M M 5.4 9 40 M M 0 16 30
2 46 37 42 M 23 0 0.70 M M 5.1 10 350 M M 10 1 M M
3 51 39 45 M 20 0 0.00 M M 5.8 14 360 M M 9 1 18 360
4 50 42 46 M 19 0 0.10 M M 5.7 14 150 M M 10 1 21 150
5 59 36 48 M 17 0 0.00 M M 6.0 21 300 M M 2 1 31 300
6 64 31 48 M 17 0 0.00 M M 4.6 20 290 M M 0 28 260
7 61 28 45 M 20 0 0.00 M M 8.5 20 140 M M 2 25 140
8 65 42 54 M 11 0 0.13 M M 18.3 36 290 M M 7 46 290
9 52 29 41 M 24 0 0.00 M M 14.3 31 310 M M 0 43 310
10 64 28 46 M 19 0 0.00 M M 6.4 16 210 M M 0 24 220
11 71 31 51 M 14 0 0.00 M M 5.2 14 200 M M 0 40 330
12 61 30 46 M 19 0 0.00 M M 14.9 30 310 M M 1 8 46 310
13 58 27 43 M 22 0 0.00 M M 5.7 18 210 M M 0 24 210
14 34 16 25 M 40 0 0.00 M M 9.1 12 30 M M 9 1 18 20
15 M M M M M M 0.00 M M 11.9 14 10 M M 1 1 M M
16 M M M M M M 0.00 M M M M M M M 0 M M
17 46 M M M M M 0.00 M M 10.4 16 210 M M 0 22 180
18 76 32 54 M 11 0 0.00 M M 7.2 15 290 M M 0 21 290
19 48 28 38 M 27 0 0.00 M M 11.1 20 360 M M 0 24 360
20 40 22 31 M 34 0 0.00 M M 6.4 10 50 M M 5 M M
21 40 35 38 M 27 0 0.00 M M 5.8 10 150 M M 10 1 M M
22 65 40 53 M 12 0 0.32 M M 4.0 9 190 M M 6 1 M M
23 64 53 59 M 6 0 0.07 M M 2.3 8 100 M M 10 12 M M
24 57 52 55 M 10 0 0.14 M M 3.1 9 70 M M 10 1 M M
25 71 42 57 M 8 0 0.00 M M 3.8 9 240 M M 0 1 M M
26 69 50 60 M 5 0 0.00 M M 5.5 14 210 M M 8 1 23 170
27 62 39 51 M 14 0 0.00 M M 10.9 20 350 M M 5 25 320
28 65 32 49 M 16 0 0.00 M M 2.3 8 360 M M 0 10 300
29 67 32 50 M 15 0 0.00 M M 3.8 10 250 M M 0 16 250
30 69 37 53 M 12 0 0.00 M M 1.6 6 250 M M 0 M M
31 71 35 53 M 12 0 0.00 M M 3.5 10 160 M M 0 M M
================================================================================
SM 1702 982 492 0 1.46 M 208.5 M 105
================================================================================
AV 58.7 35.1 6.9 FASTST M M 3 MAX(MPH)
MISC ----> 36 290 46 290
================================================================================
NOTES:
# LAST OF SEVERAL OCCURRENCES
COLUMN 17 PEAK WIND IN M.P.H.
PRELIMINARY LOCAL CLIMATOLOGICAL DATA (WS FORM: F-6) , PAGE 2
STATION: FREDERICKSBURG
MONTH: JANUARY
YEAR: 2024
LATITUDE: 30 15 N
LONGITUDE: 98 55 W
[TEMPERATURE DATA] [PRECIPITATION DATA] SYMBOLS USED IN COLUMN 16
AVERAGE MONTHLY: 46.9 TOTAL FOR MONTH: 1.46 1 = FOG OR MIST
DPTR FM NORMAL: 0.0 DPTR FM NORMAL: M 2 = FOG REDUCING VISIBILITY
HIGHEST: 76 ON 18 GRTST 24HR 3.57 ON 21-22 TO 1/4 MILE OR LESS
LOWEST: 16 ON 14 3 = THUNDER
SNOW, ICE PELLETS, HAIL 4 = ICE PELLETS
TOTAL MONTH: M 5 = HAIL
GRTST 24HR M ON M 6 = FREEZING RAIN OR DRIZZLE
GRTST DEPTH: M ON M 7 = DUSTSTORM OR SANDSTORM:
VSBY 1/2 MILE OR LESS
8 = SMOKE OR HAZE
[NO. OF DAYS WITH] [WEATHER - DAYS WITH] 9 = BLOWING SNOW
X = TORNADO
MAX 32 OR BELOW: 0 0.01 INCH OR MORE: 6
MAX 90 OR ABOVE: 0 0.10 INCH OR MORE: 5
MIN 32 OR BELOW: 13 0.50 INCH OR MORE: 1
MIN 0 OR BELOW: 0 1.00 INCH OR MORE: 0
[HDD (BASE 65) ]
TOTAL THIS MO. 492 CLEAR (SCALE 0-3) 19
DPTR FM NORMAL M PTCLDY (SCALE 4-7) 4
TOTAL FM JUL 1 1258 CLOUDY (SCALE 8-10) 8
DPTR FM NORMAL M
[CDD (BASE 65) ]
TOTAL THIS MO. 0
DPTR FM NORMAL M [PRESSURE DATA]
TOTAL FM JAN 1 0 HIGHEST SLP M ON M
DPTR FM NORMAL M LOWEST SLP M ON M
[REMARKS]
#FINAL-01-24#