000
CXUS52 KTBW 011000
CF6TBW
PRELIMINARY LOCAL CLIMATOLOGICAL DATA (WS FORM: F-6)
STATION: RUSKIN WFO
MONTH: AUGUST
YEAR: 2021
LATITUDE: 27 42 N
LONGITUDE: 82 24 W
TEMPERATURE IN F: :PCPN: SNOW: WIND :SUNSHINE: SKY :PK WND
================================================================================
1 2 3 4 5 6A 6B 7 8 9 10 11 12 13 14 15 16 17 18
12Z AVG MX 2MIN
DY MAX MIN AVG DEP HDD CDD WTR SNW DPTH SPD SPD DIR MIN PSBL S-S WX SPD DR
================================================================================
1 93 77 85 3 0 20 0.00 0.0 0 M M M M M M M M
2 92 78 85 3 0 20 0.19 0.0 0 M M M M M M 3 M M
3 87 73 80 -2 0 15 2.44 0.0 0 M M M M M M 123 M M
4 86 73 80 -2 0 15 1.94 0.0 0 M M M M M M 13 M M
5 86 74 80 -2 0 15 0.08 0.0 0 M M M M M M M M
6 92 73 83 1 0 18 0.00 0.0 0 M M M M M M M M
7 88 74 81 -1 0 16 0.16 0.0 0 M M M M M M 3 M M
8 93 75 84 2 0 19 0.00 0.0 0 M M M M M M 3 M M
9 94 75 85 3 0 20 0.73 0.0 0 M M M M M M 13 M M
10 95 76 86 4 0 21 0.00 0.0 0 M M M M M M 3 M M
11 95 76 86 4 0 21 0.00 0.0 0 M M M M M M 3 M M
12 93 72 83 1 0 18 0.56 0.0 0 M M M M M M 13 M M
13 91 74 83 1 0 18 0.15 0.0 0 M M M M M M 3 M M
14 89 74 82 0 0 17 0.16 0.0 0 M M M M M M 3 M M
15 84 74 79 -3 0 14 0.24 0.0 0 M M M M M M 3 M M
16 89 77 83 1 0 18 0.52 0.0 0 M M M M M M 13 M M
17 92 76 84 2 0 19 0.00 0.0 0 M M M M M M M M
18 96 76 86 4 0 21 0.01 0.0 0 M M M M M M 3 M M
19 96 76 86 4 0 21 0.00 0.0 0 M M M M M M M M
20 94 76 85 3 0 20 0.04 0.0 0 M M M M M M 3 M M
21 94 75 85 3 0 20 0.20 0.0 0 M M M M M M 3 M M
22 92 75 84 2 0 19 0.00 0.0 0 M M M M M M M M
23 88 73 81 -1 0 16 1.56 0.0 0 M M M M M M 123 M M
24 92 75 84 2 0 19 0.00 0.0 0 M M M M M M 3 M M
25 95 76 86 4 0 21 0.00 0.0 0 M M M M M M 3 M M
26 92 74 83 1 0 18 0.01 0.0 0 M M M M M M 3 M M
27 92 76 84 2 0 19 0.07 0.0 0 M M M M M M 3 M M
28 93 77 85 3 0 20 0.00 0.0 0 M M M M M M M M
29 94 74 84 2 0 19 1.12 0.0 0 M M M M M M 13 M M
30 92 75 84 2 0 19 0.21 0.0 0 M M M M M M 3 M M
31 90 74 82 0 0 17 0.00 0.0 M M M M M M M M M
================================================================================
SM 2839 2323 0 573 10.39 0.0 M M M
================================================================================
AV 91.6 74.9 M FASTST M M M MAX(MPH)
MISC ----> M M M M
================================================================================
NOTES:
# LAST OF SEVERAL OCCURRENCES
COLUMN 17 PEAK WIND IN M.P.H.
PRELIMINARY LOCAL CLIMATOLOGICAL DATA (WS FORM: F-6) , PAGE 2
STATION: RUSKIN WFO
MONTH: AUGUST
YEAR: 2021
LATITUDE: 27 42 N
LONGITUDE: 82 24 W
[TEMPERATURE DATA] [PRECIPITATION DATA] SYMBOLS USED IN COLUMN 16
AVERAGE MONTHLY: 83.3 TOTAL FOR MONTH: 10.39 1 = FOG OR MIST
DPTR FM NORMAL: 0.9 DPTR FM NORMAL: 1.60 2 = FOG REDUCING VISIBILITY
HIGHEST: 96 ON 19,18 GRTST 24HR 2.44 ON 3- 3 TO 1/4 MILE OR LESS
LOWEST: 72 ON 12 3 = THUNDER
SNOW, ICE PELLETS, HAIL 4 = ICE PELLETS
TOTAL MONTH: 0.0 INCH 5 = HAIL
GRTST 24HR 0.0 6 = FREEZING RAIN OR DRIZZLE
GRTST DEPTH: 0 7 = DUSTSTORM OR SANDSTORM:
VSBY 1/2 MILE OR LESS
8 = SMOKE OR HAZE
[NO. OF DAYS WITH] [WEATHER - DAYS WITH] 9 = BLOWING SNOW
X = TORNADO
MAX 32 OR BELOW: 0 0.01 INCH OR MORE: 19
MAX 90 OR ABOVE: 23 0.10 INCH OR MORE: 14
MIN 32 OR BELOW: 0 0.50 INCH OR MORE: 7
MIN 0 OR BELOW: 0 1.00 INCH OR MORE: 4
[HDD (BASE 65) ]
TOTAL THIS MO. 0 CLEAR (SCALE 0-3) 0
DPTR FM NORMAL 0 PTCLDY (SCALE 4-7) 0
TOTAL FM JUL 1 0 CLOUDY (SCALE 8-10) 31
DPTR FM NORMAL 0
[CDD (BASE 65) ]
TOTAL THIS MO. 573
DPTR FM NORMAL 32 [PRESSURE DATA]
TOTAL FM JAN 1 2687 HIGHEST SLP M ON M
DPTR FM NORMAL 274 LOWEST SLP M ON M
[REMARKS]
#FINAL-08-21#