000
CXUS54 KBMX 011110
CF6TCL
PRELIMINARY LOCAL CLIMATOLOGICAL DATA (WS FORM: F-6)
STATION: TUSCALOOSA
MONTH: NOVEMBER
YEAR: 2020
LATITUDE: 33 13 N
LONGITUDE: 87 37 W
TEMPERATURE IN F: :PCPN: SNOW: WIND :SUNSHINE: SKY :PK WND
================================================================================
1 2 3 4 5 6A 6B 7 8 9 10 11 12 13 14 15 16 17 18
12Z AVG MX 2MIN
DY MAX MIN AVG DEP HDD CDD WTR SNW DPTH SPD SPD DIR MIN PSBL S-S WX SPD DR
================================================================================
1 74 48 61 2 4 0 0.00 0.0 M 5.9 21 310 M M 1 12 26 320
2 61 37 49 -10 16 0 0.00 0.0 M 4.8 13 320 M M 0 17 360
3 69 35 52 -7 13 0 0.00 0.0 M 1.2 7 140 M M 0 18 9 200
4 74 38 56 -2 9 0 0.00 0.0 M 0.9 6 50 M M 0 7 40
5 74 42 58 0 7 0 0.00 0.0 0 1.5 7 50 M M 0 11 100
6 80 49 65 7 0 0 0.00 0.0 0 2.9 12 70 M M 1 1 16 60
7 76 52 64 6 1 0 0.00 0.0 0 5.1 15 60 M M 5 1 19 90
8 80 65 73 16 0 8 0.00 0.0 0 7.2 16 80 M M 4 20 90
9 78 62 70 13 0 5 0.00 0.0 0 5.1 14 90 M M 6 19 80
10 77 68 73 16 0 8 0.09 0.0 0 4.5 13 130 M M 8 18 16 150
11 80 66 73 17 0 8 0.11 0.0 M 3.8 13 360 M M 10 18 17 10
12 67 49 58 2 7 0 0.00 0.0 M 4.2 12 360 M M 8 128 13 340
13 77 45 61 5 4 0 0.00 0.0 0 2.2 10 10 M M 0 1 14 10
14 78 47 63 8 2 0 0.00 0.0 0 5.1 16 170 M M 0 1 20 170
15 69 41 55 0 10 0 T 0.0 0 6.2 23 310 M M 4 1 31 310
16 68 35 52 -3 13 0 0.00 0.0 0 2.9 18 20 M M 0 23 30
17 69 35 52 -2 13 0 0.00 0.0 0 5.5 20 10 M M 0 1 24 10
18 70 36 53 -1 12 0 0.00 0.0 M 4.1 12 50 M M 0 16 50
19 69 37 53 -1 12 0 0.00 0.0 M 4.0 12 150 M M 0 16 130
20 75 39 57 3 8 0 0.00 0.0 M 1.7 8 180 M M 0 1 11 100
21 74 45 60 7 5 0 0.00 0.0 M 0.4 7 260 M M 1 1 11 270
22 73 47 60 7 5 0 0.00 0.0 M 3.2 18 320 M M 4 1 24 330
23 63 38 51 -1 14 0 T M M 7.1 18 20 M M 3 21 10
24 69 33 51 -1 14 0 0.00 0.0 M 5.9 15 190 M M 0 20 200
25 67 60 64 12 1 0 0.20 0.0 M 6.2 15 300 M M 7 1 23 190
26 70 44 57 5 8 0 0.00 0.0 M 1.5 8 350 M M 3 1 11 330
27 68 42 55 4 10 0 0.19 0.0 M 2.0 14 250 M M 7 138 17 250
28 64 49 57 6 8 0 0.00 0.0 M 5.6 15 30 M M 4 12 18 20
29 59 47 53 2 12 0 0.89 M 0 4.8 21 320 M M 8 1 33 310
30 47 29 38 -12 27 0 0.01 0.0 0 10.5 22 300 M M 8 1 30 290
================================================================================
SM 2119 1360 235 29 1.49 0.0 126.0 M 92
================================================================================
AV 70.6 45.3 4.2 FASTST M M 3 MAX(MPH)
MISC ----> 23 310 33 310
================================================================================
NOTES:
# LAST OF SEVERAL OCCURRENCES
COLUMN 17 PEAK WIND IN M.P.H.
PRELIMINARY LOCAL CLIMATOLOGICAL DATA (WS FORM: F-6) , PAGE 2
STATION: TUSCALOOSA
MONTH: NOVEMBER
YEAR: 2020
LATITUDE: 33 13 N
LONGITUDE: 87 37 W
[TEMPERATURE DATA] [PRECIPITATION DATA] SYMBOLS USED IN COLUMN 16
AVERAGE MONTHLY: 58.0 TOTAL FOR MONTH: 1.49 1 = FOG OR MIST
DPTR FM NORMAL: 3.1 DPTR FM NORMAL: -3.59 2 = FOG REDUCING VISIBILITY
HIGHEST: 80 ON 11, 8 GRTST 24HR 0.90 ON 29-30 TO 1/4 MILE OR LESS
LOWEST: 29 ON 30 3 = THUNDER
SNOW, ICE PELLETS, HAIL 4 = ICE PELLETS
TOTAL MONTH: 0.0 INCH 5 = HAIL
GRTST 24HR 0.0 6 = FREEZING RAIN OR DRIZZLE
GRTST DEPTH: 0 7 = DUSTSTORM OR SANDSTORM:
VSBY 1/2 MILE OR LESS
8 = SMOKE OR HAZE
[NO. OF DAYS WITH] [WEATHER - DAYS WITH] 9 = BLOWING SNOW
X = TORNADO
MAX 32 OR BELOW: 0 0.01 INCH OR MORE: 6
MAX 90 OR ABOVE: 0 0.10 INCH OR MORE: 4
MIN 32 OR BELOW: 1 0.50 INCH OR MORE: 1
MIN 0 OR BELOW: 0 1.00 INCH OR MORE: 0
[HDD (BASE 65) ]
TOTAL THIS MO. 235 CLEAR (SCALE 0-3) 17
DPTR FM NORMAL -85 PTCLDY (SCALE 4-7) 12
TOTAL FM JUL 1 281 CLOUDY (SCALE 8-10) 1
DPTR FM NORMAL -155
[CDD (BASE 65) ]
TOTAL THIS MO. 29
DPTR FM NORMAL 12 [PRESSURE DATA]
TOTAL FM JAN 1 2353 HIGHEST SLP 30.56 ON 18
DPTR FM NORMAL 185 LOWEST SLP 29.74 ON 29
[REMARKS]
#FINAL-11-20#