000
CXUS54 KBMX 011110
CF6TCL
PRELIMINARY LOCAL CLIMATOLOGICAL DATA (WS FORM: F-6)
STATION: TUSCALOOSA
MONTH: JULY
YEAR: 2020
LATITUDE: 33 13 N
LONGITUDE: 87 37 W
TEMPERATURE IN F: :PCPN: SNOW: WIND :SUNSHINE: SKY :PK WND
================================================================================
1 2 3 4 5 6A 6B 7 8 9 10 11 12 13 14 15 16 17 18
12Z AVG MX 2MIN
DY MAX MIN AVG DEP HDD CDD WTR SNW DPTH SPD SPD DIR MIN PSBL S-S WX SPD DR
================================================================================
1 89 72 81 0 0 16 0.58 0.0 0 4.6 23 310 M M 5 138 32 310
2 90 72 81 0 0 16 0.00 0.0 0 4.4 12 320 M M 2 16 320
3 95 74 85 4 0 20 0.53 0.0 0 2.6 22 70 M M 4 13 28 70
4 92 73 83 2 0 18 0.73 0.0 0 3.1 26 360 M M 2 13 36 340
5 93 72 83 2 0 18 0.09 0.0 0 4.0 17 10 M M 1 138 21 20
6 92 74 83 2 0 18 0.01 0.0 0 4.0 15 30 M M 3 13 21 150
7 91 74 83 1 0 18 0.63 0.0 0 3.0 17 200 M M 6 13 22 210
8 84 74 79 -3 0 14 0.03 0.0 0 2.7 12 220 M M 5 1 16 200
9 90 73 82 0 0 17 T 0.0 0 2.6 10 250 M M 6 1 13 260
10 94 73 84 2 0 19 0.00 0.0 0 3.5 13 300 M M 1 1 20 300
11 94 73 84 2 0 19 0.00 0.0 0 4.7 15 340 M M 0 1 19 350
12 92 71 82 0 0 17 T 0.0 M 3.6 38 10 M M 0 13 47 10
13 94 71 83 1 0 18 0.00 0.0 0 2.8 13 320 M M 3 12 17 260
14 95 71 83 1 0 18 0.00 0.0 0 1.2 10 150 M M 1 1 16 140
15 97 74 86 4 0 21 0.00 0.0 0 3.8 25 190 M M 2 1 35 200
16 92 73 83 1 0 18 0.00 0.0 0 4.8 10 180 M M 4 8 15 180
17 96 74 85 3 0 20 0.00 0.0 0 2.6 9 200 M M 1 13 190
18 96 74 85 3 0 20 0.00 0.0 0 1.9 9 230 M M 2 13 210
19 97 75 86 4 0 21 0.00 0.0 0 2.1 10 100 M M 2 3 14 90
20 97 75 86 4 0 21 0.00 0.0 0 2.9 14 200 M M 2 3 18 210
21 96 74 85 3 0 20 0.02 0.0 0 3.1 18 110 M M 1 3 25 170
22 95 73 84 2 0 19 0.00 0.0 0 2.6 14 180 M M 2 18 170
23 95 73 84 2 0 19 0.00 0.0 0 6.5 22 170 M M 3 3 29 180
24 90 74 82 0 0 17 0.39 0.0 0 5.1 20 210 M M 5 3 29 210
25 93 72 83 1 0 18 0.27 0.0 0 5.0 25 160 M M 2 3 36 170
26 92 71 82 0 0 17 0.00 0.0 0 3.0 8 190 M M 0 11 190
27 92 73 83 1 0 18 0.00 0.0 0 2.5 13 190 M M 1 16 200
28 90 77 84 2 0 19 0.00 0.0 0 6.4 17 200 M M 4 24 210
29 87 75 81 -1 0 16 0.62 0.0 0 4.6 15 200 M M 8 3 19 200
30 91 75 83 1 0 18 0.03 0.0 0 6.4 16 240 M M 6 24 240
31 M M M M M M 0.76 M M 6.8 14 210 M M 4 3 30 270
================================================================================
SM 2781 2199 0 548 4.69 0.0 116.9 M 88
================================================================================
AV 92.7 73.3 3.8 FASTST M M 3 MAX(MPH)
MISC ----> # 38 10 # 47 10
================================================================================
NOTES:
# LAST OF SEVERAL OCCURRENCES
COLUMN 17 PEAK WIND IN M.P.H.
PRELIMINARY LOCAL CLIMATOLOGICAL DATA (WS FORM: F-6) , PAGE 2
STATION: TUSCALOOSA
MONTH: JULY
YEAR: 2020
LATITUDE: 33 13 N
LONGITUDE: 87 37 W
[TEMPERATURE DATA] [PRECIPITATION DATA] SYMBOLS USED IN COLUMN 16
AVERAGE MONTHLY: 83.0 TOTAL FOR MONTH: 4.69 1 = FOG OR MIST
DPTR FM NORMAL: 1.3 DPTR FM NORMAL: 0.29 2 = FOG REDUCING VISIBILITY
HIGHEST: 97 ON 20,19 GRTST 24HR 0.76 ON 31-31 TO 1/4 MILE OR LESS
LOWEST: 71 ON 26,14 3 = THUNDER
SNOW, ICE PELLETS, HAIL 4 = ICE PELLETS
TOTAL MONTH: 0.0 INCH 5 = HAIL
GRTST 24HR 0.0 6 = FREEZING RAIN OR DRIZZLE
GRTST DEPTH: 0 7 = DUSTSTORM OR SANDSTORM:
VSBY 1/2 MILE OR LESS
8 = SMOKE OR HAZE
[NO. OF DAYS WITH] [WEATHER - DAYS WITH] 9 = BLOWING SNOW
X = TORNADO
MAX 32 OR BELOW: 0 0.01 INCH OR MORE: 13
MAX 90 OR ABOVE: 27 0.10 INCH OR MORE: 8
MIN 32 OR BELOW: 0 0.50 INCH OR MORE: 6
MIN 0 OR BELOW: 0 1.00 INCH OR MORE: 0
[HDD (BASE 65) ]
TOTAL THIS MO. 0 CLEAR (SCALE 0-3) 19
DPTR FM NORMAL 0 PTCLDY (SCALE 4-7) 11
TOTAL FM JUL 1 0 CLOUDY (SCALE 8-10) 1
DPTR FM NORMAL 0
[CDD (BASE 65) ]
TOTAL THIS MO. 548
DPTR FM NORMAL 30 [PRESSURE DATA]
TOTAL FM JAN 1 1326 HIGHEST SLP 30.19 ON 25
DPTR FM NORMAL 94 LOWEST SLP 29.79 ON 12
[REMARKS]
#FINAL-07-20#