000
CXUS51 KCLE 011816
CF6TOL
PRELIMINARY LOCAL CLIMATOLOGICAL DATA (WS FORM: F-6)
STATION: TOLEDO OH
MONTH: FEBRUARY
YEAR: 2023
LATITUDE: 41 35 N
LONGITUDE: 83 48 W
TEMPERATURE IN F: :PCPN: SNOW: WIND :SUNSHINE: SKY :PK WND
================================================================================
1 2 3 4 5 6A 6B 7 8 9 10 11 12 13 14 15 16 17 18
12Z AVG MX 2MIN
DY MAX MIN AVG DEP HDD CDD WTR SNW DPTH SPD SPD DIR MIN PSBL S-S WX SPD DR
================================================================================
1 25 8 17 -10 48 0 0.00 0.0 2 6.8 16 250 M M 0 18 260
2 37 19 28 1 37 0 0.00 0.0 1 13.3 26 240 M M 2 37 240
3 22 6 14 -14 51 0 T T 1 8.5 17 320 M M 5 22 330
4 39 10 25 -3 40 0 0.00 0.0 1 9.9 22 200 M M 3 31 230
5 45 34 40 12 25 0 0.00 0.0 1 12.2 21 230 M M 7 28 200
6 36 31 34 6 31 0 0.00 0.0 0 6.3 20 330 M M 7 26 330
7 57 31 44 16 21 0 0.00 0.0 0 11.9 28 260 M M 3 37 260
8 45 27 36 8 29 0 T 0.0 0 3.6 14 290 M M 3 18 19 290
9 62 37 50 22 15 0 1.17 0.0 0 16.4 46 240 M M 10 1 56 240
10 44 29 37 8 28 0 0.04 0.0 0 14.0 32 260 M M 6 18 43 260
11 43 21 32 3 33 0 0.00 0.0 0 4.1 14 220 M M 0 17 200
12 54 24 39 10 26 0 0.00 0.0 0 5.4 14 250 M M 0 16 240
13 55 32 44 15 21 0 0.00 0.0 0 11.8 28 280 M M 0 34 280
14 54 24 39 9 26 0 0.01 0.0 0 5.1 13 160 M M 2 1 19 170
15 62 39 51 21 14 0 0.01 0.0 0 18.6 38 240 M M 5 63 250
16 42 32 37 7 28 0 0.14 0.0 0 10.8 22 70 M M 8 168 27 60
17 32 23 28 -2 37 0 T T T 13.0 22 330 M M 9 1 29 330
18 47 23 35 4 30 0 0.00 0.0 0 13.2 26 250 M M 0 33 240
19 56 36 46 15 19 0 0.00 0.0 0 12.1 26 220 M M 2 40 240
20 51 31 41 10 24 0 0.00 0.0 0 4.7 12 80 M M 1 15 250
21 43 29 36 5 29 0 0.00 0.0 0 11.4 32 280 M M 3 41 260
22 35 33 34 2 31 0 2.03 0.0 0 14.4 26 70 M M 9 136 34 60
23 62 33 48 16 17 0 0.04 0.0 0 13.0 33 250 M M 9 12 42 260
24 35 27 31 -1 34 0 0.00 0.0 0 8.4 24 280 M M 8 33 290
25 39 25 32 -1 33 0 0.05 0.9 1 7.3 15 260 M M 8 1 20 290
26 52 30 41 8 24 0 0.00 0.0 0 10.4 20 250 M M 0 1 24 260
27 41 28 35 2 30 0 1.44 0.0 0 9.9 26 60 M M 7 13 36 90
28 49 38 44 10 21 0 T 0.0 0 10.6 29 270 M M 6 1 36 260
================================================================================
SM 1264 760 802 0 4.93 0.9 287.1 M 123
================================================================================
AV 45.1 27.1 10.3 FASTST M M 4 MAX(MPH)
MISC ----> 46 240 63 250
================================================================================
NOTES:
# LAST OF SEVERAL OCCURRENCES
COLUMN 17 PEAK WIND IN M.P.H.
PRELIMINARY LOCAL CLIMATOLOGICAL DATA (WS FORM: F-6) , PAGE 2
STATION: TOLEDO OH
MONTH: FEBRUARY
YEAR: 2023
LATITUDE: 41 35 N
LONGITUDE: 83 48 W
[TEMPERATURE DATA] [PRECIPITATION DATA] SYMBOLS USED IN COLUMN 16
AVERAGE MONTHLY: 36.1 TOTAL FOR MONTH: 4.93 1 = FOG OR MIST
DPTR FM NORMAL: 6.2 DPTR FM NORMAL: 2.65 2 = FOG REDUCING VISIBILITY
HIGHEST: 62 ON 23,15 GRTST 24HR 2.07 ON 22-23 TO 1/4 MILE OR LESS
LOWEST: 6 ON 3 3 = THUNDER
SNOW, ICE PELLETS, HAIL 4 = ICE PELLETS
TOTAL MONTH: 0.9 INCH 5 = HAIL
GRTST 24HR 0.9 ON 25-25 6 = FREEZING RAIN OR DRIZZLE
GRTST DEPTH: 2 ON 1 7 = DUSTSTORM OR SANDSTORM:
VSBY 1/2 MILE OR LESS
8 = SMOKE OR HAZE
[NO. OF DAYS WITH] [WEATHER - DAYS WITH] 9 = BLOWING SNOW
X = TORNADO
MAX 32 OR BELOW: 3 0.01 INCH OR MORE: 9
MAX 90 OR ABOVE: 0 0.10 INCH OR MORE: 4
MIN 32 OR BELOW: 21 0.50 INCH OR MORE: 3
MIN 0 OR BELOW: 0 1.00 INCH OR MORE: 3
[HDD (BASE 65) ]
TOTAL THIS MO. 802 CLEAR (SCALE 0-3) 13
DPTR FM NORMAL -179 PTCLDY (SCALE 4-7) 10
TOTAL FM JUL 1 3675 CLOUDY (SCALE 8-10) 5
DPTR FM NORMAL -550
[CDD (BASE 65) ]
TOTAL THIS MO. 0
DPTR FM NORMAL 0 [PRESSURE DATA]
TOTAL FM JAN 1 0 HIGHEST SLP 30.62 ON 24
DPTR FM NORMAL 0 LOWEST SLP 29.16 ON 27
[REMARKS]
#FINAL-02-23#