000
CXUS53 KOAX 011030
CF6TQE
PRELIMINARY LOCAL CLIMATOLOGICAL DATA (WS FORM: F-6)
STATION: TEKAMAH NE
MONTH: DECEMBER
YEAR: 2023
LATITUDE: 41 46 N
LONGITUDE: 96 11 W
TEMPERATURE IN F: :PCPN: SNOW: WIND :SUNSHINE: SKY :PK WND
================================================================================
1 2 3 4 5 6A 6B 7 8 9 10 11 12 13 14 15 16 17 18
12Z AVG MX 2MIN
DY MAX MIN AVG DEP HDD CDD WTR SNW DPTH SPD SPD DIR MIN PSBL S-S WX SPD DR
================================================================================
1 39 20 30 -1 35 0 0.00 M M 9.4 16 360 M M 0 23 360
2 41 11 26 -4 39 0 0.00 M M 6.4 17 170 M M 5 128 21 170
3 39 18 29 -1 36 0 0.00 M M 9.2 16 40 M M 9 128 19 40
4 45 26 36 6 29 0 0.00 M M 9.8 21 200 M M 7 12 26 190
5 48 16 32 3 33 0 0.00 M M 11.2 26 310 M M 3 39 320
6 57 16 37 8 28 0 0.00 M M 12.7 26 200 M M 0 33 200
7 62 22 42 13 23 0 0.00 M M 10.0 21 190 M M 0 1 25 190
8 57 34 46 18 19 0 0.00 M M 10.1 18 300 M M 1 24 290
9 41 27 34 6 31 0 T M M 22.1 36 300 M M 7 47 310
10 45 16 31 3 34 0 0.00 M M 5.0 12 310 M M 2 14 310
11 52 15 34 7 31 0 0.00 M M 6.8 17 350 M M 2 25 350
12 41 20 31 4 34 0 0.00 M M 5.4 21 350 M M 7 27 350
13 48 13 31 4 34 0 0.00 M M 4.3 10 190 M M 1 16 200
14 54 17 36 10 29 0 0.00 M M 6.3 16 180 M M 2 8 20 180
15 44 37 41 15 24 0 0.32 M M 4.0 10 200 M M 10 1 12 200
16 41 35 38 12 27 0 0.08 M M 10.5 23 330 M M 10 1 29 310
17 47 28 38 13 27 0 0.00 M M 10.5 28 330 M M 2 32 320
18 36 20 28 3 37 0 0.00 M M 10.4 23 340 M M 0 31 330
19 49 21 35 10 30 0 0.00 M M 12.2 25 180 M M 0 36 180
20 47 21 34 9 31 0 0.00 M M 4.0 9 110 M M 0 12 110
21 45 27 36 12 29 0 0.00 M M 2.2 7 340 M M 7 1 8 350
22 48 29 39 15 26 0 0.00 M M 4.2 13 250 M M 8 12 15 250
23 56 32 44 20 21 0 T M M 13.3 24 150 M M 10 128 29 140
24 57 35 46 22 19 0 0.57 M M 17.8 25 330 M M 10 1 34 320
25 35 22 29 5 36 0 0.39 M M 15.1 25 310 M M 10 1268 33 300
26 33 25 29 6 36 0 0.01 M M 8.7 15 350 M M 9 1 17 360
27 34 23 29 6 36 0 0.00 M M 12.0 17 360 M M 5 23 10
28 35 20 28 5 37 0 0.00 M M 11.8 22 350 M M 6 28 330
29 36 21 29 6 36 0 0.00 M M 7.3 18 330 M M 2 25 330
30 40 25 33 10 32 0 0.00 M M 11.9 25 330 M M 3 33 320
31 30 18 24 1 41 0 0.00 M M 12.8 24 330 M M 9 32 330
================================================================================
SM 1382 710 960 0 1.37 M 297.4 M 147
================================================================================
AV 44.6 22.9 9.6 FASTST M M 5 MAX(MPH)
MISC ----> 36 300 47 310
================================================================================
NOTES:
# LAST OF SEVERAL OCCURRENCES
COLUMN 17 PEAK WIND IN M.P.H.
PRELIMINARY LOCAL CLIMATOLOGICAL DATA (WS FORM: F-6) , PAGE 2
STATION: TEKAMAH NE
MONTH: DECEMBER
YEAR: 2023
LATITUDE: 41 46 N
LONGITUDE: 96 11 W
[TEMPERATURE DATA] [PRECIPITATION DATA] SYMBOLS USED IN COLUMN 16
AVERAGE MONTHLY: 33.7 TOTAL FOR MONTH: 1.37 1 = FOG OR MIST
DPTR FM NORMAL: 7.6 DPTR FM NORMAL: 0.48 2 = FOG REDUCING VISIBILITY
HIGHEST: 62 ON 7 GRTST 24HR 0.72 ON 24-25 TO 1/4 MILE OR LESS
LOWEST: 11 ON 2 3 = THUNDER
SNOW, ICE PELLETS, HAIL 4 = ICE PELLETS
TOTAL MONTH: M 5 = HAIL
GRTST 24HR M ON M 6 = FREEZING RAIN OR DRIZZLE
GRTST DEPTH: M ON M 7 = DUSTSTORM OR SANDSTORM:
VSBY 1/2 MILE OR LESS
8 = SMOKE OR HAZE
[NO. OF DAYS WITH] [WEATHER - DAYS WITH] 9 = BLOWING SNOW
X = TORNADO
MAX 32 OR BELOW: 1 0.01 INCH OR MORE: 5
MAX 90 OR ABOVE: 0 0.10 INCH OR MORE: 3
MIN 32 OR BELOW: 27 0.50 INCH OR MORE: 1
MIN 0 OR BELOW: 0 1.00 INCH OR MORE: 0
[HDD (BASE 65) ]
TOTAL THIS MO. 960 CLEAR (SCALE 0-3) 15
DPTR FM NORMAL -246 PTCLDY (SCALE 4-7) 7
TOTAL FM JUL 1 2069 CLOUDY (SCALE 8-10) 9
DPTR FM NORMAL -490
[CDD (BASE 65) ]
TOTAL THIS MO. 0
DPTR FM NORMAL 0 [PRESSURE DATA]
TOTAL FM JAN 1 1167 HIGHEST SLP 30.67 ON 13
DPTR FM NORMAL 153 LOWEST SLP 29.46 ON 7
[REMARKS]
#FINAL-12-23#