324
CXUS53 KOAX 011030
CF6TQE
PRELIMINARY LOCAL CLIMATOLOGICAL DATA (WS FORM: F-6)
STATION: TEKAMAH NE
MONTH: JANUARY
YEAR: 2021
LATITUDE: 41 46 N
LONGITUDE: 96 11 W
TEMPERATURE IN F: :PCPN: SNOW: WIND :SUNSHINE: SKY :PK WND
================================================================================
1 2 3 4 5 6A 6B 7 8 9 10 11 12 13 14 15 16 17 18
12Z AVG MX 2MIN
DY MAX MIN AVG DEP HDD CDD WTR SNW DPTH SPD SPD DIR MIN PSBL S-S WX SPD DR
================================================================================
1 28 7 18 -3 47 0 0.00 M M 4.2 10 350 M M 3 128 12 350
2 27 3 15 -6 50 0 0.00 M M 3.9 8 160 M M 8 128 10 150
3 31 5 18 -3 47 0 0.00 M M 5.5 10 190 M M 6 1268 13 190
4 41 16 29 8 36 0 0.00 M M 6.9 21 320 M M 3 128 26 310
5 40 15 28 7 37 0 0.01 M M 8.9 20 130 M M 1 24 130
6 37 34 36 15 29 0 0.38 M M 4.3 13 100 M M 10 1 16 120
7 35 28 32 11 33 0 T M M 4.6 13 80 M M 8 18 15 70
8 32 25 29 8 36 0 0.00 M M 5.0 9 330 M M 8 18 12 10
9 30 25 28 7 37 0 0.00 M M 6.8 12 330 M M 10 18 14 10
10 36 27 32 11 33 0 0.00 M M 4.4 12 230 M M 10 1 15 230
11 42 25 34 13 31 0 0.00 M M 8.7 18 240 M M 0 21 240
12 47 27 37 15 28 0 0.00 M M 5.0 10 190 M M 0 14 230
13 49 31 40 18 25 0 T M M 6.7 12 160 M M 1 14 300
14 44 32 38 16 27 0 0.14 M M 25.8 43 320 M M 10 1 55 310
15 32 30 31 9 34 0 0.18 M M 30.4 44 330 M M 10 128 54 330
16 30 21 26 4 39 0 0.00 M M 12.7 26 320 M M 9 31 320
17 37 25 31 9 34 0 0.00 M M 9.8 25 320 M M 6 31 320
18 38 25 32 10 33 0 0.00 M M 3.6 10 260 M M 6 13 260
19 40 21 31 9 34 0 0.00 M M 13.4 35 310 M M 5 45 330
20 50 21 36 14 29 0 0.00 M M 13.0 28 210 M M 0 35 220
21 45 27 36 14 29 0 0.00 M M 11.6 28 320 M M 1 35 330
22 27 16 22 0 43 0 0.00 M M 6.6 18 10 M M 4 23 10
23 31 15 23 1 42 0 0.04 M M 9.1 22 140 M M 8 18 27 130
24 32 22 27 5 38 0 0.00 M M 8.5 16 20 M M 9 22 20
25 26 18 22 -1 43 0 M M M 14.9 24 10 M M 10 128 31 360
26 20 3 12 -11 53 0 T M M 14.3 24 360 M M 6 18 28 10
27 22 -3 10 -13 55 0 0.00 M M 7.1 14 340 M M 3 128 15 360
28 29 -2 14 -9 51 0 0.00 M M 13.4 24 180 M M 10 128 30 170
29 37 14 26 3 39 0 0.00 M M 8.8 16 110 M M 3 128 19 120
30 37 30 34 11 31 0 T M M 15.0 28 350 M M 9 18 35 360
31 31 28 30 7 35 0 0.00 M M 17.1 25 320 M M 10 18 31 340
================================================================================
SM 1083 611 1158 0 0.75 M 310.0 M 187
================================================================================
AV 34.9 19.7 10.0 FASTST M M 6 MAX(MPH)
MISC ----> 44 330 55 310
================================================================================
NOTES:
# LAST OF SEVERAL OCCURRENCES
COLUMN 17 PEAK WIND IN M.P.H.
PRELIMINARY LOCAL CLIMATOLOGICAL DATA (WS FORM: F-6) , PAGE 2
STATION: TEKAMAH NE
MONTH: JANUARY
YEAR: 2021
LATITUDE: 41 46 N
LONGITUDE: 96 11 W
[TEMPERATURE DATA] [PRECIPITATION DATA] SYMBOLS USED IN COLUMN 16
AVERAGE MONTHLY: 27.3 TOTAL FOR MONTH: 0.75 1 = FOG OR MIST
DPTR FM NORMAL: 5.4 DPTR FM NORMAL: 0.32 2 = FOG REDUCING VISIBILITY
HIGHEST: 50 ON 20 GRTST 24HR 1.17 ON 25-26 TO 1/4 MILE OR LESS
LOWEST: -3 ON 27 3 = THUNDER
SNOW, ICE PELLETS, HAIL 4 = ICE PELLETS
TOTAL MONTH: M 5 = HAIL
GRTST 24HR M ON M 6 = FREEZING RAIN OR DRIZZLE
GRTST DEPTH: M ON M 7 = DUSTSTORM OR SANDSTORM:
VSBY 1/2 MILE OR LESS
8 = SMOKE OR HAZE
[NO. OF DAYS WITH] [WEATHER - DAYS WITH] 9 = BLOWING SNOW
X = TORNADO
MAX 32 OR BELOW: 15 0.01 INCH OR MORE: 5
MAX 90 OR ABOVE: 0 0.10 INCH OR MORE: 3
MIN 32 OR BELOW: 30 0.50 INCH OR MORE: 0
MIN 0 OR BELOW: 2 1.00 INCH OR MORE: 0
[HDD (BASE 65) ]
TOTAL THIS MO. 1158 CLEAR (SCALE 0-3) 9
DPTR FM NORMAL -176 PTCLDY (SCALE 4-7) 9
TOTAL FM JUL 1 3631 CLOUDY (SCALE 8-10) 13
DPTR FM NORMAL -357
[CDD (BASE 65) ]
TOTAL THIS MO. 0
DPTR FM NORMAL 0 [PRESSURE DATA]
TOTAL FM JAN 1 0 HIGHEST SLP 30.61 ON 28
DPTR FM NORMAL 0 LOWEST SLP 29.49 ON 13
[REMARKS]
#FINAL-01-21#