000
CXUS54 KFWD 072148
CF6TRL
PRELIMINARY LOCAL CLIMATOLOGICAL DATA (WS FORM: F-6)
STATION: TERRELL
MONTH: JUNE
YEAR: 2022
LATITUDE: 32 42 N
LONGITUDE: 96 16 W
TEMPERATURE IN F: :PCPN: SNOW: WIND :SUNSHINE: SKY :PK WND
================================================================================
1 2 3 4 5 6A 6B 7 8 9 10 11 12 13 14 15 16 17 18
12Z AVG MX 2MIN
DY MAX MIN AVG DEP HDD CDD WTR SNW DPTH SPD SPD DIR MIN PSBL S-S WX SPD DR
================================================================================
1 92 73 83 4 0 18 T M M 5.5 16 240 M M 4 3 27 250
2 86 67 77 -2 0 12 0.33 M M 9.3 31 250 M M 3 13 45 270
3 85 68 77 -2 0 12 0.04 M M 5.3 14 60 M M 5 21 50
4 87 68 78 -2 0 13 0.00 M M 5.6 12 100 M M 2 17 150
5 93 70 82 2 0 17 0.00 M M 11.6 22 60 M M 1 30 80
6 93 75 84 4 0 19 0.00 M M 12.6 22 160 M M 2 32 160
7 93 76 85 5 0 20 0.00 M M 11.1 21 170 M M 3 28 130
8 90 75 83 3 0 18 0.00 M M 10.4 23 160 M M 2 30 170
9 94 73 84 4 0 19 0.00 M M 6.4 13 80 M M 3 18 70
10 97 76 87 6 0 22 0.00 M M 7.1 18 20 M M 1 25 20
11 101 77 89 8 0 24 0.00 M M 8.9 18 210 M M 0 25 180
12 101 77 89 8 0 24 0.00 M M 11.3 21 180 M M 0 8 27 180
13 99 77 88 7 0 23 0.00 M M 13.1 24 180 M M 0 1 34 180
14 97 77 87 6 0 22 0.00 M M 16.7 31 170 M M 1 40 170
15 97 77 87 5 0 22 0.00 M M 13.8 25 170 M M 1 33 190
16 99 76 88 6 0 23 0.00 M M 7.4 16 190 M M 0 22 190
17 100 71 86 4 0 21 T M M 4.8 22 130 M M 2 3 32 110
18 98 74 86 4 0 21 0.00 M M 5.4 14 170 M M 1 8 20 130
19 99 75 87 5 0 22 T M M 5.5 24 100 M M 1 3 35 100
20 101 73 87 5 0 22 0.00 M M 7.1 15 130 M M 0 20 140
21 100 77 89 7 0 24 0.00 M M 6.8 16 140 M M 0 22 160
22 99 75 87 5 0 22 M M M 3.5 13 180 M M 1 16 170
23 102 75 89 7 0 24 0.16 M M 4.6 15 80 M M 1 20 100
24 103 77 90 7 0 25 0.00 M M 5.9 15 170 M M 0 26 150
25 101 77 89 6 0 24 0.00 M M 6.9 16 180 M M 0 21 170
26 103 72 88 5 0 23 T M M 6.4 20 30 M M 1 8 29 20
27 94 73 84 1 0 19 0.00 M M 10.3 17 60 M M 1 25 20
28 92 71 82 -1 0 17 0.00 M M 7.6 17 60 M M 0 8 23 40
29 95 70 83 0 0 18 0.00 M M 6.1 16 20 M M 0 23 10
30 98 73 86 3 0 21 0.00 M M 6.5 16 120 M M 1 24 150
================================================================================
SM 2889 2215 0 611 0.53 M 243.5 M 37
================================================================================
AV 96.3 73.8 8.1 FASTST M M 1 MAX(MPH)
MISC ----> # 31 250 45 270
================================================================================
NOTES:
# LAST OF SEVERAL OCCURRENCES
COLUMN 17 PEAK WIND IN M.P.H.
PRELIMINARY LOCAL CLIMATOLOGICAL DATA (WS FORM: F-6) , PAGE 2
STATION: TERRELL
MONTH: JUNE
YEAR: 2022
LATITUDE: 32 42 N
LONGITUDE: 96 16 W
[TEMPERATURE DATA] [PRECIPITATION DATA] SYMBOLS USED IN COLUMN 16
AVERAGE MONTHLY: 85.1 TOTAL FOR MONTH: 0.53 1 = FOG OR MIST
DPTR FM NORMAL: 3.8 DPTR FM NORMAL: -2.87 2 = FOG REDUCING VISIBILITY
HIGHEST: 103 ON 26,24 GRTST 24HR 0.33 ON 2- 2 TO 1/4 MILE OR LESS
LOWEST: 67 ON 2 3 = THUNDER
SNOW, ICE PELLETS, HAIL 4 = ICE PELLETS
TOTAL MONTH: M 5 = HAIL
GRTST 24HR M ON M 6 = FREEZING RAIN OR DRIZZLE
GRTST DEPTH: M ON M 7 = DUSTSTORM OR SANDSTORM:
VSBY 1/2 MILE OR LESS
8 = SMOKE OR HAZE
[NO. OF DAYS WITH] [WEATHER - DAYS WITH] 9 = BLOWING SNOW
X = TORNADO
MAX 32 OR BELOW: 0 0.01 INCH OR MORE: 3
MAX 90 OR ABOVE: 27 0.10 INCH OR MORE: 2
MIN 32 OR BELOW: 0 0.50 INCH OR MORE: 0
MIN 0 OR BELOW: 0 1.00 INCH OR MORE: 0
[HDD (BASE 65) ]
TOTAL THIS MO. 0 CLEAR (SCALE 0-3) 26
DPTR FM NORMAL 0 PTCLDY (SCALE 4-7) 4
TOTAL FM JUL 1 2056 CLOUDY (SCALE 8-10) 0
DPTR FM NORMAL -155
[CDD (BASE 65) ]
TOTAL THIS MO. 611
DPTR FM NORMAL 121 [PRESSURE DATA]
TOTAL FM JAN 1 1117 HIGHEST SLP 30.19 ON 28
DPTR FM NORMAL 206 LOWEST SLP 29.62 ON 6
[REMARKS]
#FINAL-06-22#