520
CXUS54 KFWD 010731
CF6TRL
PRELIMINARY LOCAL CLIMATOLOGICAL DATA (WS FORM: F-6)
STATION: TERRELL
MONTH: MAY
YEAR: 2020
LATITUDE: 32 42 N
LONGITUDE: 96 16 W
TEMPERATURE IN F: :PCPN: SNOW: WIND :SUNSHINE: SKY :PK WND
================================================================================
1 2 3 4 5 6A 6B 7 8 9 10 11 12 13 14 15 16 17 18
12Z AVG MX 2MIN
DY MAX MIN AVG DEP HDD CDD WTR SNW DPTH SPD SPD DIR MIN PSBL S-S WX SPD DR
================================================================================
1 84 56 70 1 0 5 0.00 0.0 0 9.6 23 170 M M 0 31 170
2 86 65 76 7 0 11 0.00 0.0 0 15.0 25 180 M M 1 36 160
3 87 69 78 8 0 13 0.00 0.0 0 13.1 21 190 M M 2 28 200
4 89 69 79 9 0 14 0.00 0.0 0 12.8 24 170 M M 2 34 170
5 79 58 69 -1 0 4 0.25 0.0 0 10.6 21 10 M M 2 13 33 20
6 81 52 67 -3 0 2 0.00 0.0 0 5.7 14 60 M M 0 21 40
7 84 54 69 -2 0 4 T 0.0 0 11.3 33 170 M M 2 3 46 180
8 73 55 64 -7 1 0 0.19 0.0 0 13.0 25 180 M M 6 13 39 360
9 73 49 61 -10 4 0 0.00 0.0 0 5.9 15 110 M M 1 23 120
10 77 50 64 -8 1 0 0.00 0.0 0 3.6 15 60 M M 0 20 110
11 81 55 68 -4 0 3 0.00 0.0 0 8.2 17 100 M M 0 25 100
12 78 66 72 0 0 7 0.43 0.0 0 8.9 22 170 M M 7 13 28 180
13 85 65 75 3 0 10 0.00 0.0 0 10.7 18 180 M M 6 26 170
14 88 70 79 6 0 14 T 0.0 0 12.1 22 160 M M 4 29 150
15 86 64 75 2 0 10 0.75 0.0 0 11.0 32 10 M M 6 13 47 30
16 73 65 69 -4 0 4 2.64 0.0 0 9.2 21 10 M M 9 13 32 350
17 85 63 74 0 0 9 T 0.0 0 9.1 18 330 M M 3 27 310
18 86 62 74 0 0 9 0.00 0.0 0 3.5 10 210 M M 1 8 14 270
19 93 69 81 7 0 16 0.00 0.0 0 5.8 15 50 M M 1 21 60
20 77 68 73 -1 0 8 0.00 0.0 0 8.8 16 90 M M 9 25 80
21 86 69 78 3 0 13 T 0.0 0 8.8 18 160 M M 7 18 25 170
22 91 74 83 8 0 18 0.00 0.0 0 11.9 21 140 M M 4 30 150
23 89 67 78 3 0 13 0.19 0.0 0 11.2 22 170 M M 3 13 28 170
24 85 66 76 1 0 11 0.02 0.0 0 10.3 23 180 M M 5 3 38 190
25 70 63 67 -9 0 2 M 0.0 0 6.7 20 320 M M 9 1 32 300
26 75 61 68 -8 0 3 T 0.0 0 4.7 15 290 M M 5 1 21 290
27 84 58 71 -5 0 6 0.00 0.0 0 3.3 13 180 M M 1 1 18 190
28 85 66 76 0 0 11 T 0.0 0 4.7 14 310 M M 5 23 320
29 88 65 77 0 0 12 0.00 0.0 0 7.9 21 30 M M 0 26 30
30 87 63 75 -2 0 10 0.00 0.0 0 5.6 13 100 M M 0 19 40
31 87 64 76 -1 0 11 0.00 0.0 0 6.2 13 70 M M 1 19 110
================================================================================
SM 2572 1940 6 253 4.47 0.0 269.2 M 102
================================================================================
AV 83.0 62.6 8.7 FASTST M M 3 MAX(MPH)
MISC ----> # 33 170 # 47 30
================================================================================
NOTES:
# LAST OF SEVERAL OCCURRENCES
COLUMN 17 PEAK WIND IN M.P.H.
PRELIMINARY LOCAL CLIMATOLOGICAL DATA (WS FORM: F-6) , PAGE 2
STATION: TERRELL
MONTH: MAY
YEAR: 2020
LATITUDE: 32 42 N
LONGITUDE: 96 16 W
[TEMPERATURE DATA] [PRECIPITATION DATA] SYMBOLS USED IN COLUMN 16
AVERAGE MONTHLY: 72.8 TOTAL FOR MONTH: 4.47 1 = FOG OR MIST
DPTR FM NORMAL: -0.4 DPTR FM NORMAL: -0.41 2 = FOG REDUCING VISIBILITY
HIGHEST: 93 ON 19 GRTST 24HR 2.64 ON 16-16 TO 1/4 MILE OR LESS
LOWEST: 49 ON 9 3 = THUNDER
SNOW, ICE PELLETS, HAIL 4 = ICE PELLETS
TOTAL MONTH: 0.0 INCH 5 = HAIL
GRTST 24HR 0.0 6 = FREEZING RAIN OR DRIZZLE
GRTST DEPTH: 0 7 = DUSTSTORM OR SANDSTORM:
VSBY 1/2 MILE OR LESS
8 = SMOKE OR HAZE
[NO. OF DAYS WITH] [WEATHER - DAYS WITH] 9 = BLOWING SNOW
X = TORNADO
MAX 32 OR BELOW: 0 0.01 INCH OR MORE: 7
MAX 90 OR ABOVE: 2 0.10 INCH OR MORE: 6
MIN 32 OR BELOW: 0 0.50 INCH OR MORE: 2
MIN 0 OR BELOW: 0 1.00 INCH OR MORE: 1
[HDD (BASE 65) ]
TOTAL THIS MO. 6 CLEAR (SCALE 0-3) 18
DPTR FM NORMAL -2 PTCLDY (SCALE 4-7) 10
TOTAL FM JUL 1 2008 CLOUDY (SCALE 8-10) 3
DPTR FM NORMAL -347
[CDD (BASE 65) ]
TOTAL THIS MO. 253
DPTR FM NORMAL -8 [PRESSURE DATA]
TOTAL FM JAN 1 414 HIGHEST SLP M ON M
DPTR FM NORMAL 38 LOWEST SLP 29.63 ON M
[REMARKS]
#FINAL-05-20#