000
CXUS56 KPQR 011155
CF6TTD
PRELIMINARY LOCAL CLIMATOLOGICAL DATA (WS FORM: F-6)
STATION: TROUTDALE OR
MONTH: MAY
YEAR: 2022
LATITUDE: 45 33 N
LONGITUDE: 122 25 W
TEMPERATURE IN F: :PCPN: SNOW: WIND :SUNSHINE: SKY :PK WND
================================================================================
1 2 3 4 5 6A 6B 7 8 9 10 11 12 13 14 15 16 17 18
12Z AVG MX 2MIN
DY MAX MIN AVG DEP HDD CDD WTR SNW DPTH SPD SPD DIR MIN PSBL S-S WX SPD DR
================================================================================
1 66 48 57 1 8 0 0.00 M M 2.6 7 90 M M 5 11 350
2 58 49 54 -2 11 0 0.15 M M 9.8 20 230 M M 9 8 27 220
3 62 46 54 -2 11 0 0.00 M M 2.9 8 150 M M 8 10 330
4 74 42 58 2 7 0 0.00 M M 3.1 9 250 M M 1 1 14 300
5 60 49 55 -2 10 0 0.58 M M 4.4 16 230 M M 10 1 22 220
6 63 51 57 0 8 0 0.80 M M 7.4 18 220 M M 10 18 25 210
7 56 45 51 -6 14 0 0.37 M M 8.5 22 240 M M 9 1 27 260
8 52 39 46 -12 19 0 0.07 M M 3.6 14 180 M M 9 128 17 160
9 56 41 49 -9 16 0 0.08 M M 3.2 12 240 M M 8 18 17 260
10 63 41 52 -6 13 0 T M M 2.9 12 250 M M 4 8 14 320
11 62 41 52 -6 13 0 0.00 M M 5.6 17 220 M M 6 23 230
12 56 45 51 -7 14 0 0.26 M M 6.9 14 250 M M 9 22 190
13 59 36 48 -11 17 0 0.27 M M 5.6 16 90 M M 6 22 80
14 71 50 61 2 4 0 0.45 M M 8.5 21 220 M M 8 30 210
15 70 58 64 5 1 0 0.14 M M 6.2 14 220 M M 9 22 200
16 65 51 58 -1 7 0 0.01 M M 6.5 15 230 M M 8 8 19 240
17 66 45 56 -3 9 0 0.00 M M 1.9 8 330 M M 3 13 310
18 63 48 56 -4 9 0 0.20 M M 7.3 23 240 M M 8 18 31 220
19 56 47 52 -8 13 0 0.10 M M 3.6 13 290 M M 8 8 20 290
20 62 48 55 -5 10 0 0.00 M M 2.9 9 310 M M 7 8 12 310
21 73 40 57 -3 8 0 0.00 M M 3.0 12 250 M M 1 8 15 320
22 76 44 60 0 5 0 0.00 M M 2.6 10 250 M M 1 12 270
23 73 54 64 4 1 0 0.00 M M 4.1 13 310 M M 6 8 19 310
24 68 54 61 1 4 0 0.01 M M 2.6 9 170 M M 9 13 170
25 74 56 65 5 0 0 0.15 M M 3.0 10 230 M M 5 1 14 230
26 73 53 63 2 2 0 0.03 M M 2.3 8 200 M M 7 12 310
27 64 53 59 -2 6 0 0.11 M M 4.5 15 260 M M 10 21 270
28 63 51 57 -4 8 0 0.33 M M 8.1 18 90 M M 10 18 26 210
29 60 50 55 -6 10 0 0.29 M M 5.8 15 270 M M 10 1 21 270
30 65 50 58 -3 7 0 0.05 M M 3.3 9 220 M M 8 12 240
31 79 50 65 4 0 0 0.00 M M 2.8 8 310 M M 4 13 340
================================================================================
SM 2008 1475 265 0 4.45 M 145.5 M 216
================================================================================
AV 64.8 47.6 4.7 FASTST M M 7 MAX(MPH)
MISC ----> 23 240 31 220
================================================================================
NOTES:
# LAST OF SEVERAL OCCURRENCES
COLUMN 17 PEAK WIND IN M.P.H.
PRELIMINARY LOCAL CLIMATOLOGICAL DATA (WS FORM: F-6) , PAGE 2
STATION: TROUTDALE OR
MONTH: MAY
YEAR: 2022
LATITUDE: 45 33 N
LONGITUDE: 122 25 W
[TEMPERATURE DATA] [PRECIPITATION DATA] SYMBOLS USED IN COLUMN 16
AVERAGE MONTHLY: 56.2 TOTAL FOR MONTH: 4.45 1 = FOG OR MIST
DPTR FM NORMAL: -2.7 DPTR FM NORMAL: 1.54 2 = FOG REDUCING VISIBILITY
HIGHEST: 79 ON 31 GRTST 24HR 1.04 ON 6- 7 TO 1/4 MILE OR LESS
LOWEST: 36 ON 13 3 = THUNDER
SNOW, ICE PELLETS, HAIL 4 = ICE PELLETS
TOTAL MONTH: M 5 = HAIL
GRTST 24HR M ON M 6 = FREEZING RAIN OR DRIZZLE
GRTST DEPTH: M ON M 7 = DUSTSTORM OR SANDSTORM:
VSBY 1/2 MILE OR LESS
8 = SMOKE OR HAZE
[NO. OF DAYS WITH] [WEATHER - DAYS WITH] 9 = BLOWING SNOW
X = TORNADO
MAX 32 OR BELOW: 0 0.01 INCH OR MORE: 20
MAX 90 OR ABOVE: 0 0.10 INCH OR MORE: 14
MIN 32 OR BELOW: 0 0.50 INCH OR MORE: 2
MIN 0 OR BELOW: 0 1.00 INCH OR MORE: 0
[HDD (BASE 65) ]
TOTAL THIS MO. 265 CLEAR (SCALE 0-3) 3
DPTR FM NORMAL 57 PTCLDY (SCALE 4-7) 13
TOTAL FM JUL 1 4064 CLOUDY (SCALE 8-10) 15
DPTR FM NORMAL 2
[CDD (BASE 65) ]
TOTAL THIS MO. 0
DPTR FM NORMAL -19 [PRESSURE DATA]
TOTAL FM JAN 1 0 HIGHEST SLP 30.32 ON 3
DPTR FM NORMAL -22 LOWEST SLP 29.59 ON 28
[REMARKS]
#FINAL-05-22#