000
CXUS54 KTSA 010850
CF6TUL
PRELIMINARY LOCAL CLIMATOLOGICAL DATA (WS FORM: F-6)
STATION: TULSA OKLAHOMA
MONTH: SEPTEMBER
YEAR: 2023
LATITUDE: 36 12 N
LONGITUDE: 95 54 W
TEMPERATURE IN F: :PCPN: SNOW: WIND :SUNSHINE: SKY :PK WND
================================================================================
1 2 3 4 5 6A 6B 7 8 9 10 11 12 13 14 15 16 17 18
12Z AVG MX 2MIN
DY MAX MIN AVG DEP HDD CDD WTR SNW DPTH SPD SPD DIR MIN PSBL S-S WX SPD DR
================================================================================
1 93 66 80 1 0 15 0.00 0.0 0 6.6 15 160 M M 1 19 160
2 94 64 79 1 0 14 0.00 0.0 0 7.1 14 150 M M 1 19 130
3 98 69 84 6 0 19 0.00 0.0 0 9.6 18 170 M M 4 25 170
4 98 73 86 8 0 21 0.00 0.0 0 15.9 29 180 M M 6 43 200
5 100 75 88 10 0 23 0.02 0.0 0 13.8 23 170 M M 5 3 31 170
6 91 65 78 1 0 13 0.00 0.0 0 8.0 17 350 M M 1 8 23 350
7 97 62 80 3 0 15 0.00 0.0 0 6.2 13 100 M M 1 18 19 140
8 94 71 83 6 0 18 0.00 0.0 0 9.6 20 140 M M 4 29 140
9 91 61 76 0 0 11 0.00 0.0 0 4.6 13 40 M M 1 18 40
10 89 60 75 -1 0 10 0.00 0.0 0 4.6 12 130 M M 6 16 120
11 77 65 71 -5 0 6 0.69 0.0 0 6.0 13 40 M M 10 1 17 50
12 77 64 71 -4 0 6 T 0.0 0 5.9 13 350 M M 9 1 16 360
13 81 60 71 -4 0 6 0.00 0.0 0 5.2 14 140 M M 8 19 150
14 83 63 73 -1 0 8 0.00 0.0 0 5.8 14 120 M M 6 19 180
15 83 62 73 -1 0 8 0.00 0.0 0 4.2 13 180 M M 9 18 170
16 82 65 74 0 0 9 0.07 0.0 0 5.5 13 350 M M 8 1 18 350
17 87 60 74 1 0 9 0.00 0.0 0 3.8 10 320 M M 1 18 320
18 91 59 75 2 0 10 0.00 0.0 0 7.4 17 190 M M 3 25 190
19 78 66 72 -1 0 7 0.21 0.0 0 10.1 23 170 M M 9 13 30 160
20 85 65 75 3 0 10 0.04 0.0 0 11.4 20 150 M M 7 13 24 120
21 88 69 79 7 0 14 0.00 0.0 0 10.3 18 170 M M 7 25 170
22 79 68 74 2 0 9 1.00 0.0 0 12.6 26 140 M M 7 13 34 140
23 92 69 81 10 0 16 1.40 0.0 0 13.6 26 170 M M 6 13 34 170
24 86 69 78 7 0 13 0.49 0.0 0 6.2 17 360 M M 6 13 24 10
25 90 63 77 7 0 12 0.00 0.0 0 4.3 9 350 M M 1 1 13 340
26 91 63 77 7 0 12 0.00 0.0 0 4.6 14 170 M M 1 18 170
27 90 64 77 7 0 12 0.00 0.0 0 6.8 13 140 M M 2 18 220
28 92 66 79 10 0 14 0.00 0.0 0 7.4 14 140 M M 1 19 150
29 91 67 79 10 0 14 0.00 0.0 0 9.2 21 140 M M 2 30 140
30 90 68 79 11 0 14 0.00 0.0 0 8.9 17 140 M M 2 24 150
================================================================================
SM 2658 1961 0 368 3.92 0.0 235.2 M 135
================================================================================
AV 88.6 65.4 7.8 FASTST M M 5 MAX(MPH)
MISC ----> 29 180 43 200
================================================================================
NOTES:
# LAST OF SEVERAL OCCURRENCES
COLUMN 17 PEAK WIND IN M.P.H.
PRELIMINARY LOCAL CLIMATOLOGICAL DATA (WS FORM: F-6) , PAGE 2
STATION: TULSA OKLAHOMA
MONTH: SEPTEMBER
YEAR: 2023
LATITUDE: 36 12 N
LONGITUDE: 95 54 W
[TEMPERATURE DATA] [PRECIPITATION DATA] SYMBOLS USED IN COLUMN 16
AVERAGE MONTHLY: 77.0 TOTAL FOR MONTH: 3.92 1 = FOG OR MIST
DPTR FM NORMAL: 3.2 DPTR FM NORMAL: 0.07 2 = FOG REDUCING VISIBILITY
HIGHEST: 100 ON 5 GRTST 24HR 1.89 ON 23-24 TO 1/4 MILE OR LESS
LOWEST: 59 ON 18 3 = THUNDER
SNOW, ICE PELLETS, HAIL 4 = ICE PELLETS
TOTAL MONTH: 0.0 INCH 5 = HAIL
GRTST 24HR 0.0 6 = FREEZING RAIN OR DRIZZLE
GRTST DEPTH: 0 7 = DUSTSTORM OR SANDSTORM:
VSBY 1/2 MILE OR LESS
8 = SMOKE OR HAZE
[NO. OF DAYS WITH] [WEATHER - DAYS WITH] 9 = BLOWING SNOW
X = TORNADO
MAX 32 OR BELOW: 0 0.01 INCH OR MORE: 8
MAX 90 OR ABOVE: 17 0.10 INCH OR MORE: 5
MIN 32 OR BELOW: 0 0.50 INCH OR MORE: 3
MIN 0 OR BELOW: 0 1.00 INCH OR MORE: 2
[HDD (BASE 65) ]
TOTAL THIS MO. 0 CLEAR (SCALE 0-3) 12
DPTR FM NORMAL -17 PTCLDY (SCALE 4-7) 14
TOTAL FM JUL 1 0 CLOUDY (SCALE 8-10) 4
DPTR FM NORMAL -16
[CDD (BASE 65) ]
TOTAL THIS MO. 368
DPTR FM NORMAL 87 [PRESSURE DATA]
TOTAL FM JAN 1 2201 HIGHEST SLP 30.16 ON 10
DPTR FM NORMAL 156 LOWEST SLP 29.66 ON 4
[REMARKS]
#FINAL-09-23#