000
CXUS54 KMEG 010900
CF6TUP
PRELIMINARY LOCAL CLIMATOLOGICAL DATA (WS FORM: F-6)
STATION: TUPELO
MONTH: SEPTEMBER
YEAR: 2022
LATITUDE: 34 16 N
LONGITUDE: 88 46 W
TEMPERATURE IN F: :PCPN: SNOW: WIND :SUNSHINE: SKY :PK WND
================================================================================
1 2 3 4 5 6A 6B 7 8 9 10 11 12 13 14 15 16 17 18
12Z AVG MX 2MIN
DY MAX MIN AVG DEP HDD CDD WTR SNW DPTH SPD SPD DIR MIN PSBL S-S WX SPD DR
================================================================================
1 92 64 78 -2 0 13 0.00 0.0 0 4.6 10 350 M M 0 15 20
2 93 68 81 2 0 16 0.00 0.0 0 3.0 9 170 M M 3 12 170
3 93 76 85 6 0 20 T 0.0 0 3.1 14 180 M M 3 1 19 170
4 91 74 83 4 0 18 0.10 0.0 0 4.6 15 360 M M 3 13 20 360
5 90 75 83 4 0 18 T 0.0 0 4.4 12 170 M M 5 18 13 170
6 93 73 83 5 0 18 0.00 0.0 0 3.0 20 10 M M 4 1238 23 10
7 90 70 80 2 0 15 0.00 0.0 0 7.3 18 30 M M 3 24 10
8 88 66 77 -1 0 12 0.00 0.0 0 8.4 18 40 M M 0 24 50
9 87 67 77 -1 0 12 0.39 0.0 0 5.5 30 40 M M 5 13 45 40
10 83 72 78 1 0 13 0.01 0.0 0 5.2 10 120 M M 8 18 12 150
11 89 70 80 3 0 15 T 0.0 0 5.0 16 340 M M 5 128 22 350
12 82 60 71 -6 0 6 0.00 0.0 0 5.2 14 10 M M 1 19 360
13 87 55 71 -5 0 6 0.00 0.0 0 2.4 10 360 M M 0 M M
14 89 60 75 -1 0 10 0.00 0.0 0 3.6 12 120 M M 1 1 17 50
15 90 62 76 0 0 11 0.00 0.0 0 3.8 8 360 M M 2 M M
16 89 64 77 1 0 12 0.00 0.0 0 3.3 10 170 M M 4 13 170
17 90 63 77 2 0 12 0.00 0.0 0 3.2 13 190 M M 2 18 130
18 93 63 78 3 0 13 0.00 0.0 0 2.2 8 90 M M 1 8 10 120
19 96 67 82 7 0 17 0.00 0.0 0 1.6 8 170 M M 1 18 13 290
20 98 70 84 10 0 19 0.00 0.0 0 1.9 12 360 M M 0 18 14 10
21 100 71 86 12 0 21 0.00 0.0 0 1.8 10 10 M M 0 18 13 10
22 94 64 79 5 0 14 0.00 0.0 0 9.2 21 10 M M 1 8 25 350
23 84 56 70 -3 0 5 0.00 0.0 0 4.9 15 70 M M 0 19 50
24 94 59 77 4 0 12 0.09 0.0 0 4.9 15 10 M M 1 8 18 360
25 90 66 78 5 0 13 0.01 0.0 0 6.3 15 220 M M 3 20 230
26 84 55 70 -2 0 5 0.00 0.0 0 6.5 20 350 M M 0 26 350
27 81 48 65 -7 0 0 0.00 0.0 0 7.3 21 360 M M 0 26 350
28 78 48 63 -9 2 0 0.00 0.0 0 11.0 26 10 M M 0 31 40
29 78 47 63 -8 2 0 0.00 0.0 0 11.1 24 10 M M 0 34 20
30 82 49 66 -5 0 1 0.00 0.0 0 10.3 23 360 M M 0 29 10
================================================================================
SM 2668 1902 4 347 0.60 0.0 154.6 M 56
================================================================================
AV 88.9 63.4 5.2 FASTST M M 2 MAX(MPH)
MISC ----> 30 40 45 40
================================================================================
NOTES:
# LAST OF SEVERAL OCCURRENCES
COLUMN 17 PEAK WIND IN M.P.H.
PRELIMINARY LOCAL CLIMATOLOGICAL DATA (WS FORM: F-6) , PAGE 2
STATION: TUPELO
MONTH: SEPTEMBER
YEAR: 2022
LATITUDE: 34 16 N
LONGITUDE: 88 46 W
[TEMPERATURE DATA] [PRECIPITATION DATA] SYMBOLS USED IN COLUMN 16
AVERAGE MONTHLY: 76.2 TOTAL FOR MONTH: 0.60 1 = FOG OR MIST
DPTR FM NORMAL: 0.7 DPTR FM NORMAL: -2.97 2 = FOG REDUCING VISIBILITY
HIGHEST: 100 ON 21 GRTST 24HR 0.40 ON 9-10 TO 1/4 MILE OR LESS
LOWEST: 47 ON 29 3 = THUNDER
SNOW, ICE PELLETS, HAIL 4 = ICE PELLETS
TOTAL MONTH: 0.0 INCH 5 = HAIL
GRTST 24HR 0.0 6 = FREEZING RAIN OR DRIZZLE
GRTST DEPTH: 0 7 = DUSTSTORM OR SANDSTORM:
VSBY 1/2 MILE OR LESS
8 = SMOKE OR HAZE
[NO. OF DAYS WITH] [WEATHER - DAYS WITH] 9 = BLOWING SNOW
X = TORNADO
MAX 32 OR BELOW: 0 0.01 INCH OR MORE: 5
MAX 90 OR ABOVE: 16 0.10 INCH OR MORE: 2
MIN 32 OR BELOW: 0 0.50 INCH OR MORE: 0
MIN 0 OR BELOW: 0 1.00 INCH OR MORE: 0
[HDD (BASE 65) ]
TOTAL THIS MO. 4 CLEAR (SCALE 0-3) 23
DPTR FM NORMAL -2 PTCLDY (SCALE 4-7) 6
TOTAL FM JUL 1 4 CLOUDY (SCALE 8-10) 1
DPTR FM NORMAL 0
[CDD (BASE 65) ]
TOTAL THIS MO. 347
DPTR FM NORMAL 26 [PRESSURE DATA]
TOTAL FM JAN 1 2415 HIGHEST SLP M ON M
DPTR FM NORMAL 294 LOWEST SLP 29.76 ON 8
[REMARKS]
#FINAL-09-22#