000
CXUS54 KMEG 031527
CLMTUP
CLIMATE REPORT
NATIONAL WEATHER SERVICE MEMPHIS TN
1027 AM CDT TUE OCT 03 2023
...................................
...THE TUPELO CLIMATE SUMMARY FOR THE MONTH OF SEPTEMBER 2023...
CLIMATE NORMAL PERIOD 1991 TO 2020
CLIMATE RECORD PERIOD 1930 TO 2023
WEATHER OBSERVED NORMAL DEPART LAST YEAR`S
VALUE DATE(S) VALUE FROM VALUE DATE(S)
NORMAL
................................................................
TEMPERATURE (F)
RECORD
HIGH 104 09/16/1980
LOW 35 09/24/1983
HIGHEST 95 09/06 85 10 100 09/21
LOWEST 54 09/19 63 -9 47 09/29
AVG. MAXIMUM 88.5 86.7 1.8 88.9
AVG. MINIMUM 65.7 64.3 1.4 63.4
MEAN 77.1 75.5 1.6 76.2
DAYS MAX >= 90 13 10.0 3.0 16
DAYS MAX <= 32 0 0.0 0.0 0
DAYS MIN <= 32 0 0.0 0.0 0
DAYS MIN <= 0 0 0.0 0.0 0
PRECIPITATION (INCHES)
RECORD
MAXIMUM 10.65 2002
MINIMUM 0.01 2019
TOTALS 1.28 3.57 -2.29 0.60
DAILY AVG. 0.04 0.12 -0.08 0.02
DAYS >= .01 3 6.1 -3.1 5
DAYS >= .10 2 4.2 -2.2 2
DAYS >= .50 1 2.1 -1.1 0
DAYS >= 1.00 0 1.2 -1.2 0
GREATEST
24 HR. TOTAL 0.78 09/01 TO 09/01
SNOWFALL (INCHES)
RECORDS
TOTAL 0.0 2002
TOTALS 0.0 0.0 0.0 0.0
SINCE 7/1 0.0 0.0 0.0 MM
SNOWDEPTH AVG. 0 0
DAYS >= 1.0 0 0.0 0.0 0
GREATEST
SNOW DEPTH 0 0 MM
24 HR TOTAL MM
DEGREE DAYS
HEATING TOTAL 0 6 -6 4
SINCE 7/1 0 4 -4 MM
COOLING TOTAL 371 321 50 347
SINCE 1/1 2308 2121 187 MM
................................................................
WIND (MPH)
AVERAGE WIND SPEED 5.0
HIGHEST WIND SPEED/DIRECTION 26/130 DATE 09/01
HIGHEST GUST SPEED/DIRECTION 36/130 DATE 09/01
SKY COVER
POSSIBLE SUNSHINE (PERCENT) MM
AVERAGE SKY COVER 0.23
NUMBER OF DAYS FAIR 21
NUMBER OF DAYS PC 8
NUMBER OF DAYS CLOUDY 1
AVERAGE RH (PERCENT) 68
WEATHER CONDITIONS. NUMBER OF DAYS WITH
THUNDERSTORM 3 MIXED PRECIP 0
HEAVY RAIN 2 RAIN 1
LIGHT RAIN 4 FREEZING RAIN 0
LT FREEZING RAIN 0 HAIL 0
HEAVY SNOW 0 SNOW 0
LIGHT SNOW 0 SLEET 0
FOG 7 FOG W/VIS <= 1/4 MILE 0
HAZE 5
- INDICATES NEGATIVE NUMBERS.
R INDICATES RECORD WAS SET OR TIED.
MM INDICATES DATA IS MISSING.
T INDICATES TRACE AMOUNT.
$$