000
CXUS55 KTWC 010855
CF6TUS
PRELIMINARY LOCAL CLIMATOLOGICAL DATA (WS FORM: F-6)
STATION: TUCSON AZ
MONTH: DECEMBER
YEAR: 2022
LATITUDE: 32 7 N
LONGITUDE: 110 56 W
TEMPERATURE IN F: :PCPN: SNOW: WIND :SUNSHINE: SKY :PK WND
================================================================================
1 2 3 4 5 6A 6B 7 8 9 10 11 12 13 14 15 16 17 18
12Z AVG MX 2MIN
DY MAX MIN AVG DEP HDD CDD WTR SNW DPTH SPD SPD DIR MIN PSBL S-S WX SPD DR
================================================================================
1 77 46 62 6 3 0 0.00 M M 7.8 17 170 M M 0 8 29 250
2 75 45 60 5 5 0 0.00 M M 5.8 14 350 M M 0 8 19 340
3 61 51 56 1 9 0 0.31 M M 5.5 15 90 M M 7 13 24 200
4 63 59 61 6 4 0 0.38 M M 4.8 14 150 M M 10 1 16 150
5 70 53 62 8 3 0 0.00 M M 3.3 12 350 M M 6 128 15 340
6 72 51 62 8 3 0 0.00 M M 7.2 17 200 M M 2 24 200
7 68 46 57 3 8 0 0.00 M M 4.5 14 350 M M 5 8 18 290
8 67 41 54 0 11 0 0.00 M M 4.9 12 340 M M 0 17 340
9 65 43 54 0 11 0 0.00 M M 5.2 13 10 M M 0 22 10
10 70 39 55 2 10 0 0.00 M M 5.9 13 150 M M 0 17 160
11 74 41 58 5 7 0 0.00 M M 10.9 22 170 M M 0 31 180
12 59 41 50 -3 15 0 0.50 M M 7.5 23 210 M M 7 1 34 210
13 53 36 45 -8 20 0 0.00 M M 5.4 15 310 M M 4 21 310
14 53 32 43 -10 22 0 0.00 M M 4.6 12 340 M M 0 15 260
15 56 30 43 -9 22 0 0.00 M M 4.4 13 140 M M 0 15 140
16 59 36 48 -4 17 0 0.00 M M 4.0 13 350 M M 0 17 270
17 62 30 46 -6 19 0 0.00 M M 4.0 9 330 M M 0 12 340
18 64 42 53 1 12 0 0.00 M M 5.7 17 150 M M 7 20 160
19 64 35 50 -2 15 0 0.00 M M 5.0 10 160 M M M 17 190
20 66 36 51 -1 14 0 0.00 M M 5.4 13 130 M M M 21 190
21 67 34 51 -1 14 0 0.00 M M 4.8 12 360 M M M 15 360
22 69 36 53 1 12 0 0.00 M M 5.7 15 150 M M M 22 160
23 69 38 54 2 11 0 0.00 M M 5.8 13 360 M M M 20 170
24 70 38 54 2 11 0 0.00 M M 5.3 14 340 M M M 17 350
25 74 36 55 3 10 0 0.00 M M 4.8 16 120 M M 0 21 120
26 77 39 58 6 7 0 0.00 M M 5.6 13 150 M M 0 19 210
27 79 46 63 11 2 0 0.00 M M 6.8 18 190 M M 1 26 180
28 65 49 57 5 8 0 0.08 M M 9.1 24 220 M M 7 37 200
29 63 41 52 0 13 0 0.00 M M 4.6 15 230 M M 3 23 170
30 63 47 55 3 10 0 T M M 2.8 13 210 M M 7 17 190
31 72 45 59 7 6 0 0.00 M M 6.5 14 150 M M 0 19 140
================================================================================
SM 2066 1282 334 0 1.27 M 173.6 M 66
================================================================================
AV 66.6 41.4 5.6 FASTST M M 3 MAX(MPH)
MISC ----> 24 220 37 200
================================================================================
NOTES:
# LAST OF SEVERAL OCCURRENCES
COLUMN 17 PEAK WIND IN M.P.H.
PRELIMINARY LOCAL CLIMATOLOGICAL DATA (WS FORM: F-6) , PAGE 2
STATION: TUCSON AZ
MONTH: DECEMBER
YEAR: 2022
LATITUDE: 32 7 N
LONGITUDE: 110 56 W
[TEMPERATURE DATA] [PRECIPITATION DATA] SYMBOLS USED IN COLUMN 16
AVERAGE MONTHLY: 54.0 TOTAL FOR MONTH: 1.27 1 = FOG OR MIST
DPTR FM NORMAL: 1.0 DPTR FM NORMAL: 0.31 2 = FOG REDUCING VISIBILITY
HIGHEST: 79 ON 27 GRTST 24HR 0.50 ON 12-12 TO 1/4 MILE OR LESS
LOWEST: 30 ON 17,15 3 = THUNDER
SNOW, ICE PELLETS, HAIL 4 = ICE PELLETS
TOTAL MONTH: M 5 = HAIL
GRTST 24HR M ON M 6 = FREEZING RAIN OR DRIZZLE
GRTST DEPTH: M ON M 7 = DUSTSTORM OR SANDSTORM:
VSBY 1/2 MILE OR LESS
8 = SMOKE OR HAZE
[NO. OF DAYS WITH] [WEATHER - DAYS WITH] 9 = BLOWING SNOW
X = TORNADO
MAX 32 OR BELOW: 0 0.01 INCH OR MORE: 4
MAX 90 OR ABOVE: 0 0.10 INCH OR MORE: 3
MIN 32 OR BELOW: 3 0.50 INCH OR MORE: 1
MIN 0 OR BELOW: 0 1.00 INCH OR MORE: 0
[HDD (BASE 65) ]
TOTAL THIS MO. 334 CLEAR (SCALE 0-3) 15
DPTR FM NORMAL -39 PTCLDY (SCALE 4-7) 9
TOTAL FM JUL 1 557 CLOUDY (SCALE 8-10) 7
DPTR FM NORMAL 12
[CDD (BASE 65) ]
TOTAL THIS MO. 0
DPTR FM NORMAL -1 [PRESSURE DATA]
TOTAL FM JAN 1 3707 HIGHEST SLP M ON M
DPTR FM NORMAL 283 LOWEST SLP 29.72 ON 12
[REMARKS]
#FINAL-12-22#