000
CXUS53 KAPX 081616
CF6TVC
PRELIMINARY LOCAL CLIMATOLOGICAL DATA (WS FORM: F-6)
STATION: TRAVERSE CITY MI
MONTH: JULY
YEAR: 2020
LATITUDE: 44 44 N
LONGITUDE: 85 34 W
TEMPERATURE IN F: :PCPN: SNOW: WIND :SUNSHINE: SKY :PK WND
================================================================================
1 2 3 4 5 6A 6B 7 8 9 10 11 12 13 14 15 16 17 18
12Z AVG MX 2MIN
DY MAX MIN AVG DEP HDD CDD WTR SNW DPTH SPD SPD DIR MIN PSBL S-S WX SPD DR
================================================================================
1 87 61 74 6 0 9 0.00 M M 3.7 16 30 M M 2 21 20
2 92 61 77 9 0 12 0.00 M M 4.3 14 340 M M 2 21 310
3 88 65 77 9 0 12 0.00 M M 4.3 13 20 M M 1 1 19 20
4 90 64 77 9 0 12 0.00 M M 4.2 14 30 M M 2 18 18 30
5 92 65 79 10 0 14 0.00 M M 3.7 13 30 M M 3 8 18 30
6 95 64 80 11 0 15 T M M 4.4 18 270 M M 3 3 27 270
7 91 68 80 11 0 15 0.00 M M 5.8 14 280 M M 4 24 260
8 92 64 78 9 0 13 0.00 M M 3.5 13 330 M M 3 20 330
9 94 68 81 12 0 16 0.21 M M 5.1 17 310 M M 5 13 25 340
10 78 67 73 4 0 8 0.24 M M 5.7 18 320 M M 8 1 23 320
11 84 60 72 3 0 7 0.00 M M 7.5 16 330 M M 3 24 310
12 74 63 69 0 0 4 0.00 M M 9.3 15 10 M M 5 24 340
13 80 58 69 0 0 4 0.00 M M 4.8 12 340 M M 3 20 350
14 84 55 70 1 0 5 0.00 M M 4.3 12 280 M M 6 18 270
15 81 65 73 4 0 8 1.70 M M 5.8 25 300 M M 8 13 32 290
16 80 64 72 3 0 7 0.01 M M 3.8 10 20 M M 4 17 360
17 89 61 75 6 0 10 0.00 M M 6.5 17 230 M M 2 27 220
18 91 70 81 12 0 16 1.09 M M 9.1 23 320 M M 5 13 37 220
19 84 68 76 7 0 11 1.52 M M 10.8 24 270 M M 6 13 37 350
20 73 56 65 -4 0 0 T M M 7.0 15 310 M M 6 18 21 300
21 75 52 64 -5 1 0 0.00 M M 3.7 12 50 M M 5 17 10
22 83 64 74 5 0 9 0.21 M M 5.5 16 290 M M 7 18 25 290
23 79 64 72 3 0 7 0.00 M M 6.3 13 30 M M 5 19 10
24 86 59 73 4 0 8 0.00 M M 2.4 13 330 M M 2 17 340
25 91 65 78 9 0 13 0.00 M M 7.4 15 230 M M 3 20 260
26 92 74 83 14 0 18 0.11 M M 7.3 16 250 M M 6 13 26 260
27 83 66 75 6 0 10 T M M 8.2 21 300 M M 6 29 300
28 84 63 74 5 0 9 T M M 9.4 22 260 M M 3 30 280
29 80 66 73 4 0 8 T M M 5.6 14 330 M M 5 20 20
30 79 63 71 2 0 6 0.00 M M 6.9 14 10 M M 3 22 350
31 79 57 68 -1 0 3 0.00 M M 4.2 12 30 M M 2 22 10
================================================================================
SM 2630 1960 1 289 5.09 M 180.5 M 128
================================================================================
AV 84.8 63.2 5.8 FASTST M M 4 MAX(MPH)
MISC ----> # 25 300 # 37 220
================================================================================
NOTES:
# LAST OF SEVERAL OCCURRENCES
COLUMN 17 PEAK WIND IN M.P.H.
PRELIMINARY LOCAL CLIMATOLOGICAL DATA (WS FORM: F-6) , PAGE 2
STATION: TRAVERSE CITY MI
MONTH: JULY
YEAR: 2020
LATITUDE: 44 44 N
LONGITUDE: 85 34 W
[TEMPERATURE DATA] [PRECIPITATION DATA] SYMBOLS USED IN COLUMN 16
AVERAGE MONTHLY: 74.0 TOTAL FOR MONTH: 5.09 1 = FOG OR MIST
DPTR FM NORMAL: 5.0 DPTR FM NORMAL: 2.07 2 = FOG REDUCING VISIBILITY
HIGHEST: 95 ON 6 GRTST 24HR 1.70 ON 15-15 TO 1/4 MILE OR LESS
LOWEST: 52 ON 21 3 = THUNDER
SNOW, ICE PELLETS, HAIL 4 = ICE PELLETS
TOTAL MONTH: M 5 = HAIL
GRTST 24HR M ON M 6 = FREEZING RAIN OR DRIZZLE
GRTST DEPTH: M ON M 7 = DUSTSTORM OR SANDSTORM:
VSBY 1/2 MILE OR LESS
8 = SMOKE OR HAZE
[NO. OF DAYS WITH] [WEATHER - DAYS WITH] 9 = BLOWING SNOW
X = TORNADO
MAX 32 OR BELOW: 0 0.01 INCH OR MORE: 8
MAX 90 OR ABOVE: 10 0.10 INCH OR MORE: 7
MIN 32 OR BELOW: 0 0.50 INCH OR MORE: 3
MIN 0 OR BELOW: 0 1.00 INCH OR MORE: 3
[HDD (BASE 65) ]
TOTAL THIS MO. 1 CLEAR (SCALE 0-3) 11
DPTR FM NORMAL -27 PTCLDY (SCALE 4-7) 19
TOTAL FM JUL 1 1 CLOUDY (SCALE 8-10) 1
DPTR FM NORMAL -27
[CDD (BASE 65) ]
TOTAL THIS MO. 289
DPTR FM NORMAL 137 [PRESSURE DATA]
TOTAL FM JAN 1 459 HIGHEST SLP M ON M
DPTR FM NORMAL 206 LOWEST SLP 29.59 ON 19
[REMARKS]
#FINAL-07-20#