000
CXUS54 KJAN 011846
CF6TVR
PRELIMINARY LOCAL CLIMATOLOGICAL DATA (WS FORM: F-6)
STATION: VICKSBURG
MONTH: JANUARY
YEAR: 2022
LATITUDE: 32 20 N
LONGITUDE: 91 2 W
TEMPERATURE IN F: :PCPN: SNOW: WIND :SUNSHINE: SKY :PK WND
================================================================================
1 2 3 4 5 6A 6B 7 8 9 10 11 12 13 14 15 16 17 18
12Z AVG MX 2MIN
DY MAX MIN AVG DEP HDD CDD WTR SNW DPTH SPD SPD DIR MIN PSBL S-S WX SPD DR
================================================================================
1 85 68 77 29 0 12 0.30 0.0 0 8.5 18 180 M M 6 18 36 180
2 68 31 50 2 15 0 0.38 M M 10.0 21 300 M M 10 1 34 290
3 45 27 36 -11 29 0 0.00 0.0 0 5.9 13 360 M M 4 20 310
4 55 26 41 -6 24 0 0.00 0.0 0 5.8 13 170 M M 0 17 170
5 69 40 55 8 10 0 T 0.0 0 3.4 12 360 M M 5 1 18 360
6 57 33 45 -2 20 0 0.02 0.0 0 9.1 21 10 M M 9 1 28 10
7 48 30 39 -8 26 0 0.00 0.0 0 M 17 40 M M M 23 40
8 73 33 53 6 12 0 T 0.0 0 12.4 22 150 M M 4 30 150
9 78 46 62 15 3 0 1.44 0.0 0 10.5 26 10 M M 8 13 36 360
10 53 31 42 -5 23 0 0.00 0.0 0 11.5 22 10 M M 1 29 360
11 59 27 43 -4 22 0 0.00 0.0 0 3.0 9 10 M M 0 13 10
12 62 32 47 0 18 0 0.00 0.0 0 1.7 7 160 M M 0 8 13 170
13 72 34 53 6 12 0 0.00 0.0 0 2.0 10 270 M M 0 19 290
14 69 36 53 6 12 0 0.00 0.0 0 5.0 14 110 M M 0 18 110
15 57 34 46 -1 19 0 0.30 0.0 0 9.0 18 290 M M 7 13 32 290
16 49 33 41 -6 24 0 0.08 M M 7.4 17 310 M M 7 1 30 310
17 56 34 45 -2 20 0 0.00 0.0 0 4.0 12 330 M M 0 17 310
18 66 32 49 2 16 0 0.00 0.0 0 6.1 14 160 M M 0 20 160
19 76 42 59 12 6 0 1.81 0.0 0 10.0 31 20 M M 6 13 42 20
20 42 29 36 -11 29 0 0.25 0.0 0 18.8 28 10 M M 7 1 39 360
21 36 27 32 -16 33 0 0.00 0.0 0 12.0 21 10 M M 1 27 10
22 43 22 33 -15 32 0 0.00 0.0 0 5.8 14 20 M M 0 18 20
23 57 20 39 -9 26 0 0.00 0.0 0 2.0 9 180 M M 0 13 170
24 63 31 47 -1 18 0 0.12 0.0 0 2.7 9 180 M M 4 1 16 180
25 53 34 44 -4 21 0 0.14 0.0 0 9.8 24 10 M M 7 1 30 360
26 48 30 39 -9 26 0 0.00 0.0 0 10.3 17 10 M M 0 24 20
27 56 30 43 -5 22 0 0.00 0.0 0 4.3 10 40 M M 1 16 310
28 55 40 48 0 17 0 0.00 0.0 0 8.4 20 10 M M 4 32 10
29 52 22 37 -11 28 0 0.00 0.0 0 4.8 20 20 M M 0 27 20
30 74 42 58 9 7 0 0.00 0.0 0 3.7 9 260 M M 0 21 280
31 71 36 54 5 11 0 0.00 0.0 0 3.5 16 170 M M 0 23 170
================================================================================
SM 1847 1032 581 12 4.84 0.0 211.4 M 91
================================================================================
AV 59.6 33.3 7.0 FASTST M M 3 MAX(MPH)
MISC ----> 31 20 42 20
================================================================================
NOTES:
# LAST OF SEVERAL OCCURRENCES
COLUMN 17 PEAK WIND IN M.P.H.
PRELIMINARY LOCAL CLIMATOLOGICAL DATA (WS FORM: F-6) , PAGE 2
STATION: VICKSBURG
MONTH: JANUARY
YEAR: 2022
LATITUDE: 32 20 N
LONGITUDE: 91 2 W
[TEMPERATURE DATA] [PRECIPITATION DATA] SYMBOLS USED IN COLUMN 16
AVERAGE MONTHLY: 46.4 TOTAL FOR MONTH: 4.84 1 = FOG OR MIST
DPTR FM NORMAL: -1.2 DPTR FM NORMAL: -0.60 2 = FOG REDUCING VISIBILITY
HIGHEST: 85 ON 1 GRTST 24HR 1.81 ON 19-19 TO 1/4 MILE OR LESS
LOWEST: 20 ON 23 3 = THUNDER
SNOW, ICE PELLETS, HAIL 4 = ICE PELLETS
TOTAL MONTH: 0.0 INCH 5 = HAIL
GRTST 24HR 0.0 6 = FREEZING RAIN OR DRIZZLE
GRTST DEPTH: 0 7 = DUSTSTORM OR SANDSTORM:
VSBY 1/2 MILE OR LESS
8 = SMOKE OR HAZE
[NO. OF DAYS WITH] [WEATHER - DAYS WITH] 9 = BLOWING SNOW
X = TORNADO
MAX 32 OR BELOW: 0 0.01 INCH OR MORE: 10
MAX 90 OR ABOVE: 0 0.10 INCH OR MORE: 8
MIN 32 OR BELOW: 16 0.50 INCH OR MORE: 2
MIN 0 OR BELOW: 0 1.00 INCH OR MORE: 2
[HDD (BASE 65) ]
TOTAL THIS MO. 581 CLEAR (SCALE 0-3) 16
DPTR FM NORMAL 35 PTCLDY (SCALE 4-7) 12
TOTAL FM JUL 1 1096 CLOUDY (SCALE 8-10) 3
DPTR FM NORMAL -320
[CDD (BASE 65) ]
TOTAL THIS MO. 12
DPTR FM NORMAL 7 [PRESSURE DATA]
TOTAL FM JAN 1 12 HIGHEST SLP 30.65 ON 10
DPTR FM NORMAL 7 LOWEST SLP 29.65 ON 1
[REMARKS]
#FINAL-01-22#