000
CXUS55 KBOI 011002
CF6TWF
PRELIMINARY LOCAL CLIMATOLOGICAL DATA (WS FORM: F-6)
STATION: TWIN FALLS ID
MONTH: NOVEMBER
YEAR: 2022
LATITUDE: 42 28 N
LONGITUDE: 114 29 W
TEMPERATURE IN F: :PCPN: SNOW: WIND :SUNSHINE: SKY :PK WND
================================================================================
1 2 3 4 5 6A 6B 7 8 9 10 11 12 13 14 15 16 17 18
12Z AVG MX 2MIN
DY MAX MIN AVG DEP HDD CDD WTR SNW DPTH SPD SPD DIR MIN PSBL S-S WX SPD DR
================================================================================
1 66 44 55 12 10 0 0.00 M M 15.3 36 270 M M 2 8 49 260
2 44 28 36 -6 29 0 T M M 9.4 30 260 M M 7 8 42 260
3 40 24 32 -10 33 0 0.00 M M 12.2 22 290 M M 3 28 300
4 45 25 35 -6 30 0 0.15 M M 12.4 23 230 M M 8 1 34 230
5 52 32 42 1 23 0 0.09 M M 14.1 39 240 M M 8 58 250
6 51 26 39 -1 26 0 0.00 M M 14.1 32 180 M M 3 46 170
7 48 31 40 0 25 0 0.15 M M 12.9 41 290 M M 7 1 60 290
8 37 29 33 -7 32 0 0.02 M M 9.4 28 100 M M 8 12 38 80
9 42 25 34 -5 31 0 0.18 M M 14.6 26 280 M M 8 1 39 240
10 35 22 29 -10 36 0 0.00 M M 14.9 25 260 M M 1 35 260
11 35 17 26 -12 39 0 0.00 M M 8.0 14 90 M M 0 18 80
12 35 20 28 -10 37 0 0.00 M M 10.2 18 90 M M 2 24 80
13 36 20 28 -10 37 0 0.00 M M 8.4 20 290 M M 3 24 300
14 36 17 27 -10 38 0 0.00 M M 5.1 10 250 M M 4 15 260
15 32 15 24 -13 41 0 0.00 M M 6.2 10 220 M M 2 18 14 230
16 37 16 27 -9 38 0 0.00 M M 6.3 12 210 M M 0 18 13 210
17 31 13 22 -14 43 0 0.00 M M 11.3 20 80 M M 2 1 27 70
18 31 11 21 -14 44 0 0.00 M M 7.3 15 110 M M 4 23 130
19 37 7 22 -13 43 0 0.00 M M 6.7 12 210 M M 0 16 80
20 39 10 25 -10 40 0 0.00 M M 7.1 12 170 M M 0 13 70
21 38 9 24 -10 41 0 0.00 M M 3.5 9 210 M M 0 12 200
22 42 11 27 -7 38 0 T M M 5.2 17 210 M M 2 26 210
23 43 29 36 2 29 0 0.00 M M 17.8 32 280 M M 2 44 290
24 44 20 32 -1 33 0 0.00 M M 6.5 14 210 M M 0 17 200
25 49 16 33 0 32 0 0.00 M M 7.9 14 210 M M 0 19 210
26 41 28 35 3 30 0 0.03 M M 13.9 28 270 M M 4 1 36 260
27 47 26 37 5 28 0 0.00 M M 13.0 22 250 M M 5 29 270
28 41 22 32 0 33 0 0.20 M M 12.7 28 290 M M 8 12 39 280
29 28 10 19 -12 46 0 0.00 M M 11.1 24 240 M M 5 34 240
30 37 21 29 -2 36 0 0.00 M M 5.8 16 50 M M 9 M M
================================================================================
SM 1219 624 1021 0 0.82 M 303.3 M 107
================================================================================
AV 40.6 20.8 10.1 FASTST M M 4 MAX(MPH)
MISC ----> 41 290 60 290
================================================================================
NOTES:
# LAST OF SEVERAL OCCURRENCES
COLUMN 17 PEAK WIND IN M.P.H.
PRELIMINARY LOCAL CLIMATOLOGICAL DATA (WS FORM: F-6) , PAGE 2
STATION: TWIN FALLS ID
MONTH: NOVEMBER
YEAR: 2022
LATITUDE: 42 28 N
LONGITUDE: 114 29 W
[TEMPERATURE DATA] [PRECIPITATION DATA] SYMBOLS USED IN COLUMN 16
AVERAGE MONTHLY: 30.7 TOTAL FOR MONTH: 0.82 1 = FOG OR MIST
DPTR FM NORMAL: -5.9 DPTR FM NORMAL: 0.00 2 = FOG REDUCING VISIBILITY
HIGHEST: 66 ON 1 GRTST 24HR 0.20 ON 28-28 TO 1/4 MILE OR LESS
LOWEST: 7 ON 19 3 = THUNDER
SNOW, ICE PELLETS, HAIL 4 = ICE PELLETS
TOTAL MONTH: M 5 = HAIL
GRTST 24HR M ON M 6 = FREEZING RAIN OR DRIZZLE
GRTST DEPTH: M ON M 7 = DUSTSTORM OR SANDSTORM:
VSBY 1/2 MILE OR LESS
8 = SMOKE OR HAZE
[NO. OF DAYS WITH] [WEATHER - DAYS WITH] 9 = BLOWING SNOW
X = TORNADO
MAX 32 OR BELOW: 4 0.01 INCH OR MORE: 7
MAX 90 OR ABOVE: 0 0.10 INCH OR MORE: 4
MIN 32 OR BELOW: 29 0.50 INCH OR MORE: 0
MIN 0 OR BELOW: 0 1.00 INCH OR MORE: 0
[HDD (BASE 65) ]
TOTAL THIS MO. 1021 CLEAR (SCALE 0-3) 16
DPTR FM NORMAL 169 PTCLDY (SCALE 4-7) 12
TOTAL FM JUL 1 1425 CLOUDY (SCALE 8-10) 2
DPTR FM NORMAL -94
[CDD (BASE 65) ]
TOTAL THIS MO. 0
DPTR FM NORMAL 0 [PRESSURE DATA]
TOTAL FM JAN 1 1001 HIGHEST SLP M ON M
DPTR FM NORMAL 385 LOWEST SLP 29.33 ON 1
[REMARKS]
#FINAL-11-22#