000
CXUS54 KSHV 011300
CF6TXK
PRELIMINARY LOCAL CLIMATOLOGICAL DATA (WS FORM: F-6)
STATION: TEXARKANA
MONTH: JULY
YEAR: 2022
LATITUDE: 33 27 N
LONGITUDE: 94 0 W
TEMPERATURE IN F: :PCPN: SNOW: WIND :SUNSHINE: SKY :PK WND
================================================================================
1 2 3 4 5 6A 6B 7 8 9 10 11 12 13 14 15 16 17 18
12Z AVG MX 2MIN
DY MAX MIN AVG DEP HDD CDD WTR SNW DPTH SPD SPD DIR MIN PSBL S-S WX SPD DR
================================================================================
1 94 74 84 3 0 19 0.00 0.0 0 7.0 18 140 M M 2 24 110
2 90 75 83 2 0 18 T 0.0 0 3.5 12 130 M M 5 14 130
3 93 75 84 3 0 19 T 0.0 0 4.9 12 130 M M 5 123 14 130
4 100 80 90 8 0 25 0.00 0.0 0 6.7 14 240 M M 1 17 170
5 101 80 91 9 0 26 0.00 0.0 0 8.6 14 210 M M 0 19 190
6 102 80 91 9 0 26 0.00 0.0 0 8.1 14 150 M M 0 20 140
7 102 79 91 9 0 26 0.00 0.0 0 8.0 15 150 M M 0 20 250
8 105 82 94 12 0 29 0.00 0.0 0 7.4 14 250 M M 0 18 240
9 108 80 94 12 0 29 0.00 0.0 0 7.3 20 360 M M 0 3 25 360
10 95 77 86 4 0 21 0.00 0.0 0 7.8 16 50 M M 2 22 60
11 99 71 85 3 0 20 0.00 0.0 0 4.6 15 60 M M 0 18 21 60
12 102 72 87 5 0 22 0.00 0.0 0 5.8 14 70 M M 0 18 60
13 104 75 90 8 0 25 0.00 0.0 0 6.2 21 150 M M 1 3 31 150
14 99 74 87 5 0 22 0.00 0.0 0 5.3 14 210 M M 2 3 18 110
15 99 78 89 6 0 24 0.00 0.0 0 5.3 12 140 M M 1 17 110
16 102 78 90 7 0 25 0.00 0.0 0 6.8 14 240 M M 1 21 210
17 105 81 93 10 0 28 0.00 0.0 0 9.2 16 220 M M 0 21 210
18 105 83 94 11 0 29 0.00 0.0 0 11.1 22 230 M M 0 27 250
19 106 83 95 12 0 30 0.00 0.0 0 13.2 21 200 M M 1 28 210
20 107 83 95 12 0 30 0.00 0.0 0 10.1 21 230 M M 0 28 230
21 104 75 90 7 0 25 0.12 0.0 0 10.3 26 220 M M 1 3 36 40
22 95 74 85 2 0 20 0.00 0.0 0 6.5 16 230 M M 0 20 240
23 101 75 88 5 0 23 0.00 0.0 0 7.6 15 210 M M 1 23 230
24 103 79 91 8 0 26 0.00 0.0 0 8.6 15 220 M M 1 22 220
25 103 80 92 9 0 27 0.00 0.0 0 7.2 17 70 M M 2 3 23 80
26 104 82 93 10 0 28 0.00 0.0 0 9.8 17 180 M M 0 8 23 170
27 103 82 93 10 0 28 0.00 0.0 0 9.0 16 180 M M 1 22 150
28 103 81 92 9 0 27 0.00 0.0 0 9.3 17 240 M M 1 22 240
29 103 76 90 7 0 25 0.17 0.0 0 6.6 25 20 M M 2 13 36 10
30 98 75 87 4 0 22 0.02 0.0 0 6.3 16 30 M M 3 13 23 360
31 93 76 85 2 0 20 T 0.0 0 8.4 16 170 M M 2 22 150
================================================================================
SM 3128 2415 0 764 0.31 0.0 236.5 M 35
================================================================================
AV100.9 77.9 7.6 FASTST M M 1 MAX(MPH)
MISC ----> 26 220 # 36 40
================================================================================
NOTES:
# LAST OF SEVERAL OCCURRENCES
COLUMN 17 PEAK WIND IN M.P.H.
PRELIMINARY LOCAL CLIMATOLOGICAL DATA (WS FORM: F-6) , PAGE 2
STATION: TEXARKANA
MONTH: JULY
YEAR: 2022
LATITUDE: 33 27 N
LONGITUDE: 94 0 W
[TEMPERATURE DATA] [PRECIPITATION DATA] SYMBOLS USED IN COLUMN 16
AVERAGE MONTHLY: 89.4 TOTAL FOR MONTH: 0.31 1 = FOG OR MIST
DPTR FM NORMAL: 6.9 DPTR FM NORMAL: -3.06 2 = FOG REDUCING VISIBILITY
HIGHEST: 108 ON 9 GRTST 24HR 0.17 ON 29-29 TO 1/4 MILE OR LESS
LOWEST: 71 ON 11 3 = THUNDER
SNOW, ICE PELLETS, HAIL 4 = ICE PELLETS
TOTAL MONTH: 0.0 INCH 5 = HAIL
GRTST 24HR 0.0 6 = FREEZING RAIN OR DRIZZLE
GRTST DEPTH: 0 7 = DUSTSTORM OR SANDSTORM:
VSBY 1/2 MILE OR LESS
8 = SMOKE OR HAZE
[NO. OF DAYS WITH] [WEATHER - DAYS WITH] 9 = BLOWING SNOW
X = TORNADO
MAX 32 OR BELOW: 0 0.01 INCH OR MORE: 3
MAX 90 OR ABOVE: 31 0.10 INCH OR MORE: 2
MIN 32 OR BELOW: 0 0.50 INCH OR MORE: 0
MIN 0 OR BELOW: 0 1.00 INCH OR MORE: 0
[HDD (BASE 65) ]
TOTAL THIS MO. 0 CLEAR (SCALE 0-3) 29
DPTR FM NORMAL 0 PTCLDY (SCALE 4-7) 2
TOTAL FM JUL 1 0 CLOUDY (SCALE 8-10) 0
DPTR FM NORMAL 0
[CDD (BASE 65) ]
TOTAL THIS MO. 764
DPTR FM NORMAL 222 [PRESSURE DATA]
TOTAL FM JAN 1 1826 HIGHEST SLP 30.11 ON 31
DPTR FM NORMAL 546 LOWEST SLP 29.77 ON 20
[REMARKS]
#FINAL-07-22#