000
CXUS54 KSHV 011400
CF6TYR
PRELIMINARY LOCAL CLIMATOLOGICAL DATA (WS FORM: F-6)
STATION: TYLER
MONTH: NOVEMBER
YEAR: 2021
LATITUDE: 32 22 N
LONGITUDE: 95 24 W
TEMPERATURE IN F: :PCPN: SNOW: WIND :SUNSHINE: SKY :PK WND
================================================================================
1 2 3 4 5 6A 6B 7 8 9 10 11 12 13 14 15 16 17 18
12Z AVG MX 2MIN
DY MAX MIN AVG DEP HDD CDD WTR SNW DPTH SPD SPD DIR MIN PSBL S-S WX SPD DR
================================================================================
1 80 50 65 3 0 0 0.00 0.0 0 4.6 14 140 M M 0 17 140
2 74 53 64 2 1 0 0.01 0.0 0 6.3 15 90 M M 4 18 90
3 54 46 50 -11 15 0 0.56 0.0 0 9.6 20 90 M M 10 13 27 90
4 60 43 52 -9 13 0 0.00 0.0 0 6.5 16 10 M M 4 21 360
5 61 37 49 -11 16 0 0.00 0.0 0 2.9 13 30 M M 0 16 30
6 68 37 53 -7 12 0 0.00 0.0 0 2.6 8 140 M M 0 11 90
7 73 40 57 -3 8 0 0.00 0.0 0 5.8 9 150 M M 0 M M
8 75 47 61 2 4 0 0.00 0.0 0 7.3 15 200 M M 0 19 210
9 73 54 64 5 1 0 0.00 0.0 0 7.0 15 210 M M 1 1 18 210
10 77 54 66 7 0 1 0.73 0.0 0 10.4 31 300 M M 8 13 40 300
11 69 45 57 -1 8 0 0.13 0.0 0 6.9 16 340 M M 3 13 20 340
12 71 42 57 -1 8 0 0.00 0.0 0 6.6 18 330 M M 0 25 320
13 63 36 50 -8 15 0 0.00 0.0 0 5.0 10 320 M M 0 13 270
14 74 43 59 2 6 0 0.00 0.0 0 4.8 15 210 M M 0 18 210
15 81 49 65 8 0 0 0.00 0.0 0 8.1 17 200 M M 1 1 22 200
16 80 60 70 13 0 5 0.00 0.0 0 13.4 28 190 M M 4 34 200
17 82 60 71 15 0 6 0.00 0.0 0 12.8 26 200 M M 2 34 200
18 65 44 55 -1 10 0 0.00 0.0 0 10.3 23 40 M M 3 33 30
19 63 35 49 -7 16 0 0.00 0.0 0 4.8 12 130 M M 0 M M
20 72 41 57 1 8 0 0.00 0.0 0 10.0 21 190 M M 2 29 190
21 73 56 65 10 0 0 0.02 0.0 0 9.6 21 340 M M 9 29 340
22 68 42 55 0 10 0 0.00 0.0 0 5.9 13 30 M M 0 16 30
23 69 39 54 -1 11 0 0.00 0.0 0 8.1 15 170 M M 0 19 170
24 75 54 65 11 0 0 T 0.0 0 13.5 24 180 M M 6 32 170
25 68 44 56 2 9 0 0.71 0.0 0 11.5 22 350 M M 4 13 28 330
26 51 37 44 -10 21 0 0.00 0.0 0 3.5 8 10 M M 0 M M
27 53 37 45 -9 20 0 0.38 0.0 0 6.6 12 220 M M 7 15 200
28 68 43 56 3 9 0 0.04 0.0 0 4.7 15 350 M M 5 1 19 290
29 70 38 54 1 11 0 0.00 0.0 0 5.3 12 210 M M 0 16 220
30 74 45 60 7 5 0 0.00 0.0 0 8.6 14 190 M M 0 19 210
================================================================================
SM 2084 1351 237 12 2.58 0.0 223.0 M 73
================================================================================
AV 69.5 45.0 7.4 FASTST M M 2 MAX(MPH)
MISC ----> 31 300 40 300
================================================================================
NOTES:
# LAST OF SEVERAL OCCURRENCES
COLUMN 17 PEAK WIND IN M.P.H.
PRELIMINARY LOCAL CLIMATOLOGICAL DATA (WS FORM: F-6) , PAGE 2
STATION: TYLER
MONTH: NOVEMBER
YEAR: 2021
LATITUDE: 32 22 N
LONGITUDE: 95 24 W
[TEMPERATURE DATA] [PRECIPITATION DATA] SYMBOLS USED IN COLUMN 16
AVERAGE MONTHLY: 57.3 TOTAL FOR MONTH: 2.58 1 = FOG OR MIST
DPTR FM NORMAL: 0.2 DPTR FM NORMAL: -0.68 2 = FOG REDUCING VISIBILITY
HIGHEST: 82 ON 17 GRTST 24HR 0.86 ON 10-11 TO 1/4 MILE OR LESS
LOWEST: 35 ON 19 3 = THUNDER
SNOW, ICE PELLETS, HAIL 4 = ICE PELLETS
TOTAL MONTH: 0.0 INCH 5 = HAIL
GRTST 24HR 0.0 6 = FREEZING RAIN OR DRIZZLE
GRTST DEPTH: 0 7 = DUSTSTORM OR SANDSTORM:
VSBY 1/2 MILE OR LESS
8 = SMOKE OR HAZE
[NO. OF DAYS WITH] [WEATHER - DAYS WITH] 9 = BLOWING SNOW
X = TORNADO
MAX 32 OR BELOW: 0 0.01 INCH OR MORE: 8
MAX 90 OR ABOVE: 0 0.10 INCH OR MORE: 5
MIN 32 OR BELOW: 0 0.50 INCH OR MORE: 3
MIN 0 OR BELOW: 0 1.00 INCH OR MORE: 0
[HDD (BASE 65) ]
TOTAL THIS MO. 237 CLEAR (SCALE 0-3) 20
DPTR FM NORMAL -29 PTCLDY (SCALE 4-7) 8
TOTAL FM JUL 1 257 CLOUDY (SCALE 8-10) 2
DPTR FM NORMAL -76
[CDD (BASE 65) ]
TOTAL THIS MO. 12
DPTR FM NORMAL -16 [PRESSURE DATA]
TOTAL FM JAN 1 2695 HIGHEST SLP 30.48 ON 19
DPTR FM NORMAL 19 LOWEST SLP 29.80 ON 10
[REMARKS]
#FINAL-11-21#