000
CXUS56 KPQR 011155
CF6UAO
PRELIMINARY LOCAL CLIMATOLOGICAL DATA (WS FORM: F-6)
STATION: AURORA STATE OR
MONTH: AUGUST
YEAR: 2022
LATITUDE: 45 15 N
LONGITUDE: 122 46 W
TEMPERATURE IN F: :PCPN: SNOW: WIND :SUNSHINE: SKY :PK WND
================================================================================
1 2 3 4 5 6A 6B 7 8 9 10 11 12 13 14 15 16 17 18
12Z AVG MX 2MIN
DY MAX MIN AVG DEP HDD CDD WTR SNW DPTH SPD SPD DIR MIN PSBL S-S WX SPD DR
================================================================================
1 87 63 75 4 0 10 0.00 M M 4.4 9 180 M M 0 14 180
2 90 60 75 4 0 10 0.00 M M 2.8 10 10 M M 1 12 360
3 85 57 71 0 0 6 0.00 M M 5.1 14 250 M M 0 19 240
4 77 53 65 -6 0 0 0.00 M M 5.0 16 10 M M 3 21 20
5 84 53 69 -2 0 4 0.00 M M 6.0 14 10 M M 0 18 20
6 93 53 73 2 0 8 0.00 M M 4.6 9 10 M M 0 14 20
7 100 57 79 8 0 14 0.00 M M 4.8 12 20 M M 0 16 40
8 82 60 71 0 0 6 0.00 M M 5.4 14 250 M M 0 20 190
9 85 58 72 1 0 7 T M M 4.6 13 200 M M 1 3 19 260
10 76 61 69 -1 0 4 0.00 M M 5.6 13 180 M M 6 18 190
11 86 54 70 0 0 5 0.00 M M 3.5 10 240 M M 1 13 270
12 79 56 68 -2 0 3 0.00 M M 5.4 14 220 M M 1 19 190
13 80 57 69 -1 0 4 0.00 M M 4.6 13 350 M M 4 17 320
14 86 54 70 0 0 5 0.00 M M 3.4 9 330 M M 0 14 340
15 90 57 74 4 0 9 0.00 M M 3.1 10 350 M M 0 16 350
16 93 60 77 7 0 12 0.00 M M 6.0 15 10 M M 1 18 20
17 96 63 80 10 0 15 0.00 M M 3.3 10 10 M M 0 16 20
18 85 68 77 7 0 12 0.00 M M 3.3 15 150 M M 2 18 150
19 83 62 73 3 0 8 0.00 M M 5.5 12 260 M M 3 8 16 200
20 79 61 70 0 0 5 0.00 M M 3.3 9 220 M M 6 11 210
21 90 56 73 4 0 8 0.00 M M 2.1 8 30 M M 2 12 10 20
22 88 62 75 6 0 10 0.00 M M 3.5 9 250 M M 3 13 250
23 87 59 73 4 0 8 0.00 M M 5.0 15 20 M M 0 23 360
24 92 61 77 8 0 12 0.00 M M 2.0 7 220 M M 0 12 10
25 94 61 78 9 0 13 0.00 M M 2.4 9 20 M M 1 12 20
26 82 60 71 2 0 6 0.00 M M 5.0 14 350 M M 6 20 360
27 72 57 65 -4 0 0 0.00 M M 5.5 14 350 M M 7 19 340
28 81 51 66 -2 0 1 0.00 M M 5.2 15 30 M M 2 18 20
29 93 58 76 8 0 11 0.00 M M 4.4 10 20 M M 0 15 360
30 94 60 77 9 0 12 0.00 M M 2.6 9 240 M M 0 14 240
31 91 60 76 8 0 11 0.00 M M 3.9 13 190 M M 0 19 200
================================================================================
SM 2680 1812 0 239 T M 131.3 M 50
================================================================================
AV 86.5 58.5 4.2 FASTST M M 2 MAX(MPH)
MISC ----> 16 10 23 360
================================================================================
NOTES:
# LAST OF SEVERAL OCCURRENCES
COLUMN 17 PEAK WIND IN M.P.H.
PRELIMINARY LOCAL CLIMATOLOGICAL DATA (WS FORM: F-6) , PAGE 2
STATION: AURORA STATE OR
MONTH: AUGUST
YEAR: 2022
LATITUDE: 45 15 N
LONGITUDE: 122 46 W
[TEMPERATURE DATA] [PRECIPITATION DATA] SYMBOLS USED IN COLUMN 16
AVERAGE MONTHLY: 72.5 TOTAL FOR MONTH: T 1 = FOG OR MIST
DPTR FM NORMAL: 2.7 DPTR FM NORMAL: -0.52 2 = FOG REDUCING VISIBILITY
HIGHEST: 100 ON 7 GRTST 24HR T ON 9- 9 TO 1/4 MILE OR LESS
LOWEST: 51 ON 28 3 = THUNDER
SNOW, ICE PELLETS, HAIL 4 = ICE PELLETS
TOTAL MONTH: M 5 = HAIL
GRTST 24HR M ON M 6 = FREEZING RAIN OR DRIZZLE
GRTST DEPTH: M ON M 7 = DUSTSTORM OR SANDSTORM:
VSBY 1/2 MILE OR LESS
8 = SMOKE OR HAZE
[NO. OF DAYS WITH] [WEATHER - DAYS WITH] 9 = BLOWING SNOW
X = TORNADO
MAX 32 OR BELOW: 0 0.01 INCH OR MORE: 0
MAX 90 OR ABOVE: 12 0.10 INCH OR MORE: 0
MIN 32 OR BELOW: 0 0.50 INCH OR MORE: 0
MIN 0 OR BELOW: 0 1.00 INCH OR MORE: 0
[HDD (BASE 65) ]
TOTAL THIS MO. 0 CLEAR (SCALE 0-3) 26
DPTR FM NORMAL -12 PTCLDY (SCALE 4-7) 5
TOTAL FM JUL 1 3 CLOUDY (SCALE 8-10) 0
DPTR FM NORMAL -16
[CDD (BASE 65) ]
TOTAL THIS MO. 239
DPTR FM NORMAL 78 [PRESSURE DATA]
TOTAL FM JAN 1 514 HIGHEST SLP 30.21 ON 13
DPTR FM NORMAL 127 LOWEST SLP 29.79 ON 24
[REMARKS]
#FINAL-08-22#