000
CXUS56 KPQR 011155
CF6UAO
PRELIMINARY LOCAL CLIMATOLOGICAL DATA (WS FORM: F-6)
STATION: AURORA STATE OR
MONTH: JULY
YEAR: 2022
LATITUDE: 45 15 N
LONGITUDE: 122 46 W
TEMPERATURE IN F: :PCPN: SNOW: WIND :SUNSHINE: SKY :PK WND
================================================================================
1 2 3 4 5 6A 6B 7 8 9 10 11 12 13 14 15 16 17 18
12Z AVG MX 2MIN
DY MAX MIN AVG DEP HDD CDD WTR SNW DPTH SPD SPD DIR MIN PSBL S-S WX SPD DR
================================================================================
1 80 53 67 0 0 2 0.00 M M 3.3 10 340 M M 3 8 14 30
2 71 54 63 -4 2 0 0.00 M M 4.0 13 350 M M 8 17 350
3 72 56 64 -3 1 0 0.00 M M 3.9 15 10 M M 8 17 10
4 79 51 65 -3 0 0 0.00 M M 1.9 8 350 M M 2 8 14 30
5 75 60 68 0 0 3 0.03 M M 2.6 9 260 M M 9 1 13 250
6 75 62 69 1 0 4 0.14 M M 2.6 10 180 M M 8 1 13 190
7 77 60 69 1 0 4 0.00 M M 4.0 12 250 M M 7 15 240
8 82 60 71 3 0 6 0.00 M M 2.8 8 360 M M 6 10 340
9 83 57 70 1 0 5 0.00 M M 4.7 12 10 M M 2 15 350
10 80 54 67 -2 0 2 0.00 M M 5.3 14 360 M M 1 18 360
11 96 59 78 9 0 13 0.00 M M 12.0 20 20 M M 0 24 350
12 94 60 77 8 0 12 0.00 M M 5.8 15 340 M M 0 22 340
13 81 55 68 -2 0 3 0.00 M M 4.6 10 350 M M 1 16 20
14 85 53 69 -1 0 4 0.00 M M 4.2 10 250 M M 0 14 240
15 83 52 68 -2 0 3 0.00 M M 4.3 10 180 M M 0 14 250
16 77 59 68 -2 0 3 0.01 M M 3.1 13 350 M M 7 18 17 360
17 76 57 67 -3 0 2 0.00 M M 6.9 16 350 M M 7 24 360
18 80 50 65 -5 0 0 0.00 M M 6.3 17 10 M M 2 21 360
19 90 56 73 3 0 8 0.00 M M 3.1 9 350 M M 0 12 340
20 93 60 77 7 0 12 0.00 M M 2.5 8 310 M M 0 13 330
21 85 57 71 0 0 6 0.00 M M 4.7 13 250 M M 0 19 260
22 79 54 67 -4 0 2 0.00 M M 4.8 14 360 M M 4 18 340
23 77 56 67 -4 0 2 0.00 M M 5.6 13 50 M M 4 16 50
24 93 55 74 3 0 9 0.00 M M 6.9 16 10 M M 2 21 30
25 99 62 81 10 0 16 0.00 M M 3.3 10 10 M M 0 12 30
26 101 62 82 11 0 17 0.00 M M 1.8 7 200 M M 0 9 250
27 98 62 80 9 0 15 0.00 M M 2.2 7 50 M M 0 10 30
28 97 63 80 9 0 15 0.00 M M 2.3 7 50 M M 0 11 20
29 99 68 84 13 0 19 0.00 M M 3.4 12 10 M M 0 16 60
30 102 67 85 14 0 20 0.00 M M 3.6 18 40 M M 0 21 30
31 98 64 81 10 0 16 0.00 M M 2.6 8 220 M M 0 13 270
================================================================================
SM 2657 1798 3 223 0.18 M 129.1 M 81
================================================================================
AV 85.7 58.0 4.2 FASTST M M 3 MAX(MPH)
MISC ----> 20 20 # 24 350
================================================================================
NOTES:
# LAST OF SEVERAL OCCURRENCES
COLUMN 17 PEAK WIND IN M.P.H.
PRELIMINARY LOCAL CLIMATOLOGICAL DATA (WS FORM: F-6) , PAGE 2
STATION: AURORA STATE OR
MONTH: JULY
YEAR: 2022
LATITUDE: 45 15 N
LONGITUDE: 122 46 W
[TEMPERATURE DATA] [PRECIPITATION DATA] SYMBOLS USED IN COLUMN 16
AVERAGE MONTHLY: 71.9 TOTAL FOR MONTH: 0.18 1 = FOG OR MIST
DPTR FM NORMAL: 2.3 DPTR FM NORMAL: -0.25 2 = FOG REDUCING VISIBILITY
HIGHEST: 102 ON 30 GRTST 24HR 0.17 ON 5- 6 TO 1/4 MILE OR LESS
LOWEST: 50 ON 18 3 = THUNDER
SNOW, ICE PELLETS, HAIL 4 = ICE PELLETS
TOTAL MONTH: M 5 = HAIL
GRTST 24HR M ON M 6 = FREEZING RAIN OR DRIZZLE
GRTST DEPTH: M ON M 7 = DUSTSTORM OR SANDSTORM:
VSBY 1/2 MILE OR LESS
8 = SMOKE OR HAZE
[NO. OF DAYS WITH] [WEATHER - DAYS WITH] 9 = BLOWING SNOW
X = TORNADO
MAX 32 OR BELOW: 0 0.01 INCH OR MORE: 3
MAX 90 OR ABOVE: 12 0.10 INCH OR MORE: 1
MIN 32 OR BELOW: 0 0.50 INCH OR MORE: 0
MIN 0 OR BELOW: 0 1.00 INCH OR MORE: 0
[HDD (BASE 65) ]
TOTAL THIS MO. 3 CLEAR (SCALE 0-3) 21
DPTR FM NORMAL -10 PTCLDY (SCALE 4-7) 6
TOTAL FM JUL 1 3 CLOUDY (SCALE 8-10) 4
DPTR FM NORMAL -6
[CDD (BASE 65) ]
TOTAL THIS MO. 223
DPTR FM NORMAL 67 [PRESSURE DATA]
TOTAL FM JAN 1 275 HIGHEST SLP 30.35 ON 10
DPTR FM NORMAL 49 LOWEST SLP 29.77 ON 25
[REMARKS]
#FINAL-07-22#