000
CXUS56 KPQR 011155
CF6UAO
PRELIMINARY LOCAL CLIMATOLOGICAL DATA (WS FORM: F-6)
STATION: AURORA STATE OR
MONTH: FEBRUARY
YEAR: 2022
LATITUDE: 45 15 N
LONGITUDE: 122 46 W
TEMPERATURE IN F: :PCPN: SNOW: WIND :SUNSHINE: SKY :PK WND
================================================================================
1 2 3 4 5 6A 6B 7 8 9 10 11 12 13 14 15 16 17 18
12Z AVG MX 2MIN
DY MAX MIN AVG DEP HDD CDD WTR SNW DPTH SPD SPD DIR MIN PSBL S-S WX SPD DR
================================================================================
1 47 31 39 -5 26 0 0.00 M M 4.0 13 190 M M 9 1 16 190
2 45 39 42 -2 23 0 0.06 M M 6.3 12 190 M M 10 1 17 190
3 54 36 45 1 20 0 0.00 M M 3.3 10 220 M M 7 12 15 190
4 49 35 42 -2 23 0 0.00 M M 5.5 13 200 M M 9 12 17 190
5 51 37 44 0 21 0 0.00 M M 4.2 13 10 M M 6 12 17 20
6 47 30 39 -5 26 0 0.00 M M 1.3 7 310 M M 6 128 9 140
7 52 31 42 -2 23 0 0.00 M M 1.4 8 130 M M 8 12 9 130
8 54 35 45 1 20 0 0.00 M M 3.3 8 20 M M 6 128 10 10
9 60 36 48 4 17 0 0.00 M M 2.0 8 40 M M 3 18 11 40
10 52 39 46 2 19 0 0.00 M M 4.9 12 20 M M 7 128 14 10
11 69 44 57 13 8 0 0.00 M M 10.0 17 40 M M 4 22 30
12 66 41 54 10 11 0 0.00 M M 8.5 16 20 M M 0 19 10
13 59 32 46 2 19 0 0.00 M M 1.9 10 220 M M 0 14 210
14 50 40 45 0 20 0 0.09 M M 8.1 20 190 M M 8 1 26 180
15 49 40 45 0 20 0 0.00 M M 3.9 8 220 M M 10 11 190
16 51 41 46 1 19 0 0.00 M M 3.5 9 170 M M 10 18 11 180
17 49 35 42 -3 23 0 0.00 M M 2.1 9 180 M M 6 12 12 270
18 59 30 45 0 20 0 0.00 M M 1.8 8 360 M M 5 128 11 350
19 51 32 42 -3 23 0 0.00 M M 4.9 14 200 M M 8 12 21 190
20 50 38 44 -1 21 0 0.01 M M 7.3 16 260 M M 8 21 250
21 44 32 38 -7 27 0 0.05 M M 5.5 12 150 M M 8 17 220
22 40 27 34 -12 31 0 0.00 M M 12.6 21 40 M M 4 32 60
23 40 23 32 -14 33 0 0.00 M M 8.8 17 30 M M 0 8 23 50
24 42 24 33 -13 32 0 T M M 2.1 7 40 M M 6 18 9 50
25 51 25 38 -8 27 0 0.00 M M 4.5 9 40 M M 0 12 40
26 47 28 38 -8 27 0 0.23 M M 2.9 12 50 M M 5 1 14 50
27 57 40 49 3 16 0 0.22 M M 8.4 20 190 M M 10 1 29 200
28 61 53 57 11 8 0 1.55 M M 16.7 29 190 M M 10 1 39 190
================================================================================
SM 1446 974 603 0 2.21 M 149.7 M 173
================================================================================
AV 51.6 34.8 5.3 FASTST M M 6 MAX(MPH)
MISC ----> 29 190 39 190
================================================================================
NOTES:
# LAST OF SEVERAL OCCURRENCES
COLUMN 17 PEAK WIND IN M.P.H.
PRELIMINARY LOCAL CLIMATOLOGICAL DATA (WS FORM: F-6) , PAGE 2
STATION: AURORA STATE OR
MONTH: FEBRUARY
YEAR: 2022
LATITUDE: 45 15 N
LONGITUDE: 122 46 W
[TEMPERATURE DATA] [PRECIPITATION DATA] SYMBOLS USED IN COLUMN 16
AVERAGE MONTHLY: 43.2 TOTAL FOR MONTH: 2.21 1 = FOG OR MIST
DPTR FM NORMAL: -1.5 DPTR FM NORMAL: -1.82 2 = FOG REDUCING VISIBILITY
HIGHEST: 69 ON 11 GRTST 24HR 1.55 ON 28-28 TO 1/4 MILE OR LESS
LOWEST: 23 ON 23 3 = THUNDER
SNOW, ICE PELLETS, HAIL 4 = ICE PELLETS
TOTAL MONTH: M 5 = HAIL
GRTST 24HR M ON M 6 = FREEZING RAIN OR DRIZZLE
GRTST DEPTH: M ON M 7 = DUSTSTORM OR SANDSTORM:
VSBY 1/2 MILE OR LESS
8 = SMOKE OR HAZE
[NO. OF DAYS WITH] [WEATHER - DAYS WITH] 9 = BLOWING SNOW
X = TORNADO
MAX 32 OR BELOW: 0 0.01 INCH OR MORE: 7
MAX 90 OR ABOVE: 0 0.10 INCH OR MORE: 3
MIN 32 OR BELOW: 12 0.50 INCH OR MORE: 1
MIN 0 OR BELOW: 0 1.00 INCH OR MORE: 1
[HDD (BASE 65) ]
TOTAL THIS MO. 603 CLEAR (SCALE 0-3) 5
DPTR FM NORMAL 36 PTCLDY (SCALE 4-7) 14
TOTAL FM JUL 1 2939 CLOUDY (SCALE 8-10) 9
DPTR FM NORMAL -12
[CDD (BASE 65) ]
TOTAL THIS MO. 0
DPTR FM NORMAL 0 [PRESSURE DATA]
TOTAL FM JAN 1 0 HIGHEST SLP 30.66 ON 8
DPTR FM NORMAL 0 LOWEST SLP 29.86 ON 21
[REMARKS]
#FINAL-02-22#